000
CXUS52 KRAH 021619
CLMGSO
CLIMATE REPORT
NATIONAL WEATHER SERVICE RALEIGH NC
1219 PM EDT MON OCT 02 2023
...................................
...THE GREENSBORO NC CLIMATE SUMMARY FOR THE MONTH OF SEPTEMBER 2023...
CLIMATE NORMAL PERIOD 1991 TO 2020
CLIMATE RECORD PERIOD 1903 TO 2023
WEATHER OBSERVED NORMAL DEPART LAST YEAR`S
VALUE DATE(S) VALUE FROM VALUE
NORMAL
..............................................................
TEMPERATURE (F)
RECORD
HIGH 100 09/06/1954
LOW 35 09/29/1942
HIGHEST 95 09/06 89
LOWEST 54 09/19 47
09/23
AVG. MAXIMUM 80.2 80.4 -0.2 79.4
AVG. MINIMUM 61.3 61.5 -0.2 60.7
MEAN 70.8 71.0 -0.2 70.0
DAYS MAX >= 90 5 0
DAYS MAX <= 32 0 0
DAYS MIN <= 32 0 0
DAYS MIN <= 0 0 0
PRECIPITATION (INCHES)
RECORD
MAXIMUM 13.26 1947
TOTALS 5.38 4.59 0.79 5.44
DAYS >= .01 6
DAYS >= .10 5
DAYS >= .50 3
DAYS >= 1.00 2
GREATEST
24 HR. TOTAL 2.24 09/12 TO 09/12
DEGREE DAYS
HEATING TOTAL 10 22 -12 34
SINCE 7/1 10 19 -9 MM
COOLING TOTAL 190 200 -10 193
SINCE 1/1 1328 1510 -182 MM
..............................................................
WIND (MPH)
AVERAGE WIND SPEED 5.2
HIGHEST WIND SPEED/DIRECTION 30/170 DATE 09/09
HIGHEST GUST SPEED/DIRECTION 39/160 DATE 09/09
SKY COVER
POSSIBLE SUNSHINE (PERCENT) MM
AVERAGE SKY COVER 0.55
NUMBER OF DAYS FAIR 8
NUMBER OF DAYS PC 14
NUMBER OF DAYS CLOUDY 8
AVERAGE RH (PERCENT) 71
WEATHER CONDITIONS. NUMBER OF DAYS WITH
THUNDERSTORM 3 MIXED PRECIP 0
HEAVY RAIN 2 RAIN 5
LIGHT RAIN 7 FREEZING RAIN 0
LT FREEZING RAIN 0 HAIL 0
HEAVY SNOW 0 SNOW 0
LIGHT SNOW 0 SLEET 0
FOG 10 FOG W/VIS <= 1/4 MILE 1
HAZE 0
- INDICATES NEGATIVE NUMBERS.
R INDICATES RECORD WAS SET OR TIED.
MM INDICATES DATA IS MISSING.
T INDICATES TRACE AMOUNT.
&&
A RECORD HIGH MINIMUM TEMPERATURE OF 72 DEGREES WAS SET AT
GREENSBORO, NC ON SEPTEMBER 7TH. THIS TIED THE PREVIOUS RECORD OF 72
DEGREES SET IN 2018.
A RECORD RAINFALL OF 2.24 INCHES WAS SET AT GREENSBORO NC ON
SEPTEMBER 12TH. THIS BREAKS THE OLD RECORD OF 1.64 INCHES SET IN
1934.
$$