000
CXUS52 KGSP 010817
CF6GSP
PRELIMINARY LOCAL CLIMATOLOGICAL DATA (WS FORM: F-6)
STATION: GREENVILLE-SPARTANBURG SC
MONTH: AUGUST
YEAR: 2023
LATITUDE: 34 54 N
LONGITUDE: 82 13 W
TEMPERATURE IN F: :PCPN: SNOW: WIND :SUNSHINE: SKY :PK WND
================================================================================
1 2 3 4 5 6A 6B 7 8 9 10 11 12 13 14 15 16 17 18
12Z AVG MX 2MIN
DY MAX MIN AVG DEP HDD CDD WTR SNW DPTH SPD SPD DIR MIN PSBL S-S WX SPD DR
================================================================================
1 87 68 78 -2 0 13 0.00 0.0 0 7.0 16 40 M M 3 21 30
2 85 70 78 -2 0 13 0.00 0.0 0 4.6 10 70 M M 7 14 140
3 76 71 74 -6 0 9 1.50 0.0 0 9.1 16 200 M M 10 13 22 200
4 86 70 78 -1 0 13 0.00 0.0 0 3.8 13 30 M M 6 1 17 30
5 92 68 80 1 0 15 0.00 0.0 0 2.6 9 140 M M 1 1 13 160
6 92 72 82 3 0 17 T 0.0 0 7.6 20 210 M M 3 3 24 240
7 93 70 82 3 0 17 0.45 T 0 10.3 35 260 M M 4 135 49 250
8 86 67 77 -2 0 12 T 0.0 0 6.4 15 260 M M 3 20 280
9 88 64 76 -3 0 11 0.03 0.0 0 3.3 10 220 M M 1 1 14 260
10 88 68 78 -1 0 13 0.57 0.0 0 7.2 20 270 M M 2 13 27 260
11 87 65 76 -3 0 11 0.01 0.0 0 1.7 12 20 M M 3 3 15 30
12 93 69 81 2 0 16 0.18 0.0 0 3.6 23 290 M M 2 123 37 300
13 92 68 80 1 0 15 T 0.0 0 3.8 10 350 M M 1 17 340
14 95 72 84 5 0 19 0.00 0.0 0 5.8 16 220 M M 2 3 21 250
15 92 69 81 2 0 16 T 0.0 0 7.1 20 230 M M 1 3 30 220
16 87 64 76 -3 0 11 0.00 0.0 0 3.4 10 50 M M 3 13 50
17 88 65 77 -1 0 12 0.00 0.0 0 6.2 14 210 M M 2 21 310
18 88 65 77 -1 0 12 0.00 0.0 0 3.8 12 20 M M 2 16 20
19 86 62 74 -4 0 9 0.00 0.0 0 4.9 13 70 M M 1 16 70
20 91 64 78 0 0 13 0.00 0.0 0 2.1 9 150 M M 1 1 13 120
21 95 68 82 4 0 17 0.00 0.0 0 2.0 8 50 M M 0 1 13 90
22 93 71 82 4 0 17 0.00 0.0 0 3.3 13 20 M M 0 20 50
23 87 69 78 0 0 13 0.00 0.0 0 6.4 15 50 M M 0 20 30
24 94 65 80 2 0 15 0.00 0.0 0 3.8 17 290 M M 0 27 280
25 97 69 83 5 0 18 0.00 0.0 0 2.8 12 40 M M 0 1 19 10
26 96 75 86 9 0 21 T 0.0 0 3.1 14 50 M M 0 3 19 50
27 96 72 84 7 0 19 0.07 0.0 0 4.5 15 290 M M 3 38 20 300
28 90 73 82 5 0 17 0.67 0.0 0 4.4 14 20 M M 7 138 17 20
29 87 70 79 2 0 14 1.30 0.0 0 4.0 16 160 M M 6 123 20 150
30 79 72 76 -1 0 11 0.34 0.0 0 6.2 14 20 M M 6 1 20 30
31 85 65 75 -2 0 10 0.00 0.0 0 5.4 13 60 M M 2 18 60
================================================================================
SM 2771 2120 0 439 5.12 T 150.2 M 82
================================================================================
AV 89.4 68.4 4.8 FASTST M M 3 MAX(MPH)
MISC ----> 35 260 49 250
================================================================================
NOTES:
# LAST OF SEVERAL OCCURRENCES
COLUMN 17 PEAK WIND IN M.P.H.
PRELIMINARY LOCAL CLIMATOLOGICAL DATA (WS FORM: F-6) , PAGE 2
STATION: GREENVILLE-SPARTANBURG SC
MONTH: AUGUST
YEAR: 2023
LATITUDE: 34 54 N
LONGITUDE: 82 13 W
[TEMPERATURE DATA] [PRECIPITATION DATA] SYMBOLS USED IN COLUMN 16
AVERAGE MONTHLY: 78.9 TOTAL FOR MONTH: 5.12 1 = FOG OR MIST
DPTR FM NORMAL: 0.5 DPTR FM NORMAL: 0.46 2 = FOG REDUCING VISIBILITY
HIGHEST: 97 ON 25 GRTST 24HR 1.97 ON 28-29 TO 1/4 MILE OR LESS
LOWEST: 62 ON 19 3 = THUNDER
SNOW, ICE PELLETS, HAIL 4 = ICE PELLETS
TOTAL MONTH: T 5 = HAIL
GRTST 24HR T ON 7- 7 6 = FREEZING RAIN OR DRIZZLE
GRTST DEPTH: 0 7 = DUSTSTORM OR SANDSTORM:
VSBY 1/2 MILE OR LESS
8 = SMOKE OR HAZE
[NO. OF DAYS WITH] [WEATHER - DAYS WITH] 9 = BLOWING SNOW
X = TORNADO
MAX 32 OR BELOW: 0 0.01 INCH OR MORE: 10
MAX 90 OR ABOVE: 15 0.10 INCH OR MORE: 7
MIN 32 OR BELOW: 0 0.50 INCH OR MORE: 4
MIN 0 OR BELOW: 0 1.00 INCH OR MORE: 2
[HDD (BASE 65) ]
TOTAL THIS MO. 0 CLEAR (SCALE 0-3) 23
DPTR FM NORMAL 0 PTCLDY (SCALE 4-7) 7
TOTAL FM JUL 1 0 CLOUDY (SCALE 8-10) 1
DPTR FM NORMAL 0
[CDD (BASE 65) ]
TOTAL THIS MO. 439
DPTR FM NORMAL 24 [PRESSURE DATA]
TOTAL FM JAN 1 1297 HIGHEST SLP 30.22 ON 2
DPTR FM NORMAL -130 LOWEST SLP 29.65 ON 30
[REMARKS]
#FINAL-08-23#