000
CXUS52 KFFC 011110
CF6GVL
PRELIMINARY LOCAL CLIMATOLOGICAL DATA (WS FORM: F-6)
STATION: GAINESVILLE
MONTH: JANUARY
YEAR: 2024
LATITUDE: 34 16 N
LONGITUDE: 83 50 W
TEMPERATURE IN F: :PCPN: SNOW: WIND :SUNSHINE: SKY :PK WND
================================================================================
1 2 3 4 5 6A 6B 7 8 9 10 11 12 13 14 15 16 17 18
12Z AVG MX 2MIN
DY MAX MIN AVG DEP HDD CDD WTR SNW DPTH SPD SPD DIR MIN PSBL S-S WX SPD DR
================================================================================
1 50 33 42 -1 23 0 0.00 M M 8.7 18 310 M M 1 8 26 310
2 51 28 40 -3 25 0 0.00 M M 6.4 15 240 M M 0 19 270
3 45 29 37 -6 28 0 0.00 M M 7.7 15 270 M M 4 22 250
4 55 32 44 2 21 0 0.00 M M 6.4 14 310 M M 0 19 340
5 48 28 38 -4 27 0 T M M 10.6 20 70 M M 2 28 70
6 47 35 41 -1 24 0 1.09 M M 9.0 20 70 M M 10 1 30 70
7 48 35 42 0 23 0 T M M 11.0 21 280 M M 6 33 270
8 48 30 39 -3 26 0 0.40 M M 11.0 22 90 M M 3 1 35 80
9 52 37 45 3 20 0 3.40 M M 15.3 29 260 M M 9 13 54 250
10 46 35 41 -1 24 0 T M M 10.4 31 270 M M 6 53 260
11 57 31 44 2 21 0 0.00 M M 4.6 17 260 M M 0 24 290
12 45 37 41 -1 24 0 0.74 M M 7.9 20 90 M M 7 123 28 90
13 46 30 38 -4 27 0 0.00 M M 13.5 24 270 M M 2 42 270
14 53 26 40 -2 25 0 0.00 M M 6.4 23 260 M M 1 31 250
15 56 40 48 6 17 0 0.00 M M 3.2 14 250 M M 4 18 230
16 48 18 33 -9 32 0 0.14 M M 11.0 22 310 M M 5 1 32 290
17 37 13 25 -17 40 0 0.00 M M 8.2 14 250 M M 0 20 250
18 48 22 35 -7 30 0 0.01 M M 3.6 14 240 M M 3 20 230
19 43 24 34 -8 31 0 0.03 M M 13.1 26 320 M M 5 1 50 300
20 31 17 24 -18 41 0 0.00 M M 12.2 20 330 M M 0 28 300
21 40 13 27 -15 38 0 0.00 M M 2.2 10 340 M M 0 13 340
22 46 24 35 -7 30 0 0.00 M M 6.2 12 80 M M 3 19 100
23 47 39 43 1 22 0 0.04 M M 8.8 15 90 M M 10 1 21 100
24 61 47 54 12 11 0 1.10 M M 7.8 13 90 M M 10 12 20 90
25 70 59 65 22 0 0 1.59 M M 4.6 10 190 M M 9 13 18 190
26 69 57 63 20 2 0 0.00 M M 7.1 13 260 M M 6 12 17 240
27 63 54 59 16 6 0 1.01 M M 7.0 18 250 M M 7 1 27 260
28 58 41 50 7 15 0 0.00 M M 15.2 23 280 M M 9 41 250
29 54 36 45 2 20 0 0.00 M M 10.8 18 310 M M 0 26 310
30 58 30 44 1 21 0 0.08 M M 3.7 15 250 M M 2 1 23 260
31 54 38 46 3 19 0 0.02 M M 7.0 13 270 M M 1 1 19 320
================================================================================
SM 1574 1018 713 0 9.65 M 260.6 M 125
================================================================================
AV 50.8 32.8 8.4 FASTST M M 4 MAX(MPH)
MISC ----> 31 270 54 250
================================================================================
NOTES:
# LAST OF SEVERAL OCCURRENCES
COLUMN 17 PEAK WIND IN M.P.H.
PRELIMINARY LOCAL CLIMATOLOGICAL DATA (WS FORM: F-6) , PAGE 2
STATION: GAINESVILLE
MONTH: JANUARY
YEAR: 2024
LATITUDE: 34 16 N
LONGITUDE: 83 50 W
[TEMPERATURE DATA] [PRECIPITATION DATA] SYMBOLS USED IN COLUMN 16
AVERAGE MONTHLY: 41.8 TOTAL FOR MONTH: 9.65 1 = FOG OR MIST
DPTR FM NORMAL: -0.6 DPTR FM NORMAL: 4.70 2 = FOG REDUCING VISIBILITY
HIGHEST: 70 ON 25 GRTST 24HR 3.68 ON 8- 9 TO 1/4 MILE OR LESS
LOWEST: 13 ON 21,17 3 = THUNDER
SNOW, ICE PELLETS, HAIL 4 = ICE PELLETS
TOTAL MONTH: M 5 = HAIL
GRTST 24HR M ON M 6 = FREEZING RAIN OR DRIZZLE
GRTST DEPTH: M ON M 7 = DUSTSTORM OR SANDSTORM:
VSBY 1/2 MILE OR LESS
8 = SMOKE OR HAZE
[NO. OF DAYS WITH] [WEATHER - DAYS WITH] 9 = BLOWING SNOW
X = TORNADO
MAX 32 OR BELOW: 1 0.01 INCH OR MORE: 13
MAX 90 OR ABOVE: 0 0.10 INCH OR MORE: 8
MIN 32 OR BELOW: 16 0.50 INCH OR MORE: 6
MIN 0 OR BELOW: 0 1.00 INCH OR MORE: 5
[HDD (BASE 65) ]
TOTAL THIS MO. 713 CLEAR (SCALE 0-3) 16
DPTR FM NORMAL 14 PTCLDY (SCALE 4-7) 9
TOTAL FM JUL 1 1684 CLOUDY (SCALE 8-10) 6
DPTR FM NORMAL -191
[CDD (BASE 65) ]
TOTAL THIS MO. 0
DPTR FM NORMAL 0 [PRESSURE DATA]
TOTAL FM JAN 1 0 HIGHEST SLP 30.66 ON 22
DPTR FM NORMAL 0 LOWEST SLP 29.35 ON 9
[REMARKS]
#FINAL-01-24#