000
CXUS52 KFFC 011010
CF6GVL
PRELIMINARY LOCAL CLIMATOLOGICAL DATA (WS FORM: F-6)
STATION: GAINESVILLE
MONTH: SEPTEMBER
YEAR: 2020
LATITUDE: 34 16 N
LONGITUDE: 83 50 W
TEMPERATURE IN F: :PCPN: SNOW: WIND :SUNSHINE: SKY :PK WND
================================================================================
1 2 3 4 5 6A 6B 7 8 9 10 11 12 13 14 15 16 17 18
12Z AVG MX 2MIN
DY MAX MIN AVG DEP HDD CDD WTR SNW DPTH SPD SPD DIR MIN PSBL S-S WX SPD DR
================================================================================
1 90 72 81 5 0 16 T M M 3.1 10 260 M M 2 1 14 260
2 89 73 81 5 0 16 0.00 M M 6.2 14 250 M M 2 19 280
3 89 73 81 5 0 16 0.00 M M 7.5 15 250 M M 1 22 260
4 90 71 81 5 0 16 0.00 M M 7.2 15 280 M M 1 20 280
5 87 67 77 2 0 12 0.00 M M 5.7 13 20 M M 2 16 100
6 82 64 73 -2 0 8 0.00 M M 5.6 12 60 M M 2 17 70
7 83 63 73 -2 0 8 0.00 M M 5.2 12 80 M M 0 15 110
8 84 63 74 0 0 9 0.00 M M 6.5 13 90 M M 0 17 80
9 84 67 76 2 0 11 0.00 M M 7.9 16 90 M M 4 23 100
10 86 72 79 5 0 14 0.00 M M 6.4 12 100 M M 6 19 70
11 89 72 81 7 0 16 0.00 0.0 M 5.4 12 100 M M 1 16 100
12 83 71 77 4 0 12 0.24 0.0 M 7.2 15 120 M M 6 13 22 120
13 84 71 78 5 0 13 0.01 0.0 M 6.7 13 80 M M 6 1 16 70
14 89 70 80 7 0 15 0.00 0.0 M 6.3 17 80 M M 4 25 50
15 74 66 70 -2 0 5 T 0.0 M 11.4 21 60 M M 8 8 27 60
16 69 61 65 -7 0 0 0.71 0.0 M 11.7 20 70 M M 6 1 27 80
17 72 64 68 -3 0 3 3.49 M M 10.4 21 40 M M 9 1 33 50
18 83 65 74 3 0 9 0.00 M M 4.6 10 90 M M 5 12 15 360
19 70 59 65 -6 0 0 0.00 M M 9.5 18 80 M M 6 26 70
20 69 51 60 -10 5 0 0.00 M M 10.5 17 90 M M 1 25 80
21 69 51 60 -10 5 0 0.00 M M 11.2 20 80 M M 0 26 90
22 71 50 61 -9 4 0 0.00 M M 4.6 12 100 M M 1 16 100
23 74 57 66 -3 0 1 0.00 0.0 M 1.8 9 230 M M 3 13 180
24 65 61 63 -6 2 0 0.61 M M 7.5 21 100 M M 9 1 26 90
25 69 61 65 -4 0 0 0.32 M M 6.1 16 80 M M 10 12 21 80
26 77 63 70 2 0 5 0.00 M M 3.0 7 100 M M 9 12 8 100
27 77 65 71 3 0 6 1.09 M M 4.2 14 100 M M 9 13 19 110
28 81 65 73 6 0 8 0.30 M M 4.3 22 260 M M 8 13 33 260
29 67 51 59 -8 6 0 0.42 M M 6.8 15 270 M M 7 13 22 290
30 70 48 59 -8 6 0 0.00 M M 6.6 15 260 M M 0 21 300
================================================================================
SM 2366 1907 28 219 7.19 0.0 201.1 M 128
================================================================================
AV 78.9 63.6 6.7 FASTST M M 4 MAX(MPH)
MISC ----> 22 260 # 33 50
================================================================================
NOTES:
# LAST OF SEVERAL OCCURRENCES
COLUMN 17 PEAK WIND IN M.P.H.
PRELIMINARY LOCAL CLIMATOLOGICAL DATA (WS FORM: F-6) , PAGE 2
STATION: GAINESVILLE
MONTH: SEPTEMBER
YEAR: 2020
LATITUDE: 34 16 N
LONGITUDE: 83 50 W
[TEMPERATURE DATA] [PRECIPITATION DATA] SYMBOLS USED IN COLUMN 16
AVERAGE MONTHLY: 71.2 TOTAL FOR MONTH: 7.19 1 = FOG OR MIST
DPTR FM NORMAL: -0.6 DPTR FM NORMAL: 2.51 2 = FOG REDUCING VISIBILITY
HIGHEST: 90 ON 4, 1 GRTST 24HR 4.19 ON 16-17 TO 1/4 MILE OR LESS
LOWEST: 48 ON 30 3 = THUNDER
SNOW, ICE PELLETS, HAIL 4 = ICE PELLETS
TOTAL MONTH: 0.0 INCH 5 = HAIL
GRTST 24HR 0.0 6 = FREEZING RAIN OR DRIZZLE
GRTST DEPTH: M ON M 7 = DUSTSTORM OR SANDSTORM:
VSBY 1/2 MILE OR LESS
8 = SMOKE OR HAZE
[NO. OF DAYS WITH] [WEATHER - DAYS WITH] 9 = BLOWING SNOW
X = TORNADO
MAX 32 OR BELOW: 0 0.01 INCH OR MORE: 9
MAX 90 OR ABOVE: 2 0.10 INCH OR MORE: 8
MIN 32 OR BELOW: 0 0.50 INCH OR MORE: 4
MIN 0 OR BELOW: 0 1.00 INCH OR MORE: 2
[HDD (BASE 65) ]
TOTAL THIS MO. 28 CLEAR (SCALE 0-3) 14
DPTR FM NORMAL 15 PTCLDY (SCALE 4-7) 11
TOTAL FM JUL 1 28 CLOUDY (SCALE 8-10) 5
DPTR FM NORMAL 17
[CDD (BASE 65) ]
TOTAL THIS MO. 219
DPTR FM NORMAL 4 [PRESSURE DATA]
TOTAL FM JAN 1 1585 HIGHEST SLP 30.44 ON 21
DPTR FM NORMAL 44 LOWEST SLP 29.74 ON 17
[REMARKS]
#FINAL-09-20#