000
CXUS54 KJAN 012049
CF6GWO
PRELIMINARY LOCAL CLIMATOLOGICAL DATA (WS FORM: F-6)
STATION: GREENWOOD
MONTH: MARCH
YEAR: 2022
LATITUDE: 33 30 N
LONGITUDE: 90 5 W
TEMPERATURE IN F: :PCPN: SNOW: WIND :SUNSHINE: SKY :PK WND
================================================================================
1 2 3 4 5 6A 6B 7 8 9 10 11 12 13 14 15 16 17 18
12Z AVG MX 2MIN
DY MAX MIN AVG DEP HDD CDD WTR SNW DPTH SPD SPD DIR MIN PSBL S-S WX SPD DR
================================================================================
1 70 33 52 0 13 0 0.00 0.0 0 2.5 10 210 M M 0 16 240
2 75 33 54 2 11 0 0.00 0.0 0 2.8 13 220 M M 0 17 230
3 79 38 59 6 6 0 0.00 0.0 0 2.4 9 210 M M 0 17 190
4 83 41 62 9 3 0 0.00 0.0 0 5.8 16 160 M M 0 20 190
5 81 52 67 14 0 2 0.00 0.0 0 12.2 24 170 M M 5 33 170
6 87 68 78 24 0 13 0.00 0.0 0 13.6 21 190 M M 6 30 200
7 74 45 60 6 5 0 0.24 0.0 0 11.4 24 200 M M 9 1 33 260
8 52 44 48 -6 17 0 0.95 0.0 0 9.3 15 50 M M 10 1 20 40
9 55 42 49 -5 16 0 0.00 0.0 0 4.8 14 350 M M 7 18 22 340
10 68 36 52 -3 13 0 0.00 0.0 0 2.7 12 80 M M 0 1 19 80
11 70 32 51 -4 14 0 0.09 M 0 9.4 24 350 M M 5 1 40 350
12 40 27 34 -21 31 0 T M M 7.8 22 360 M M 1 1 33 20
13 63 26 45 -10 20 0 0.00 0.0 0 5.8 15 210 M M 0 20 200
14 70 42 56 0 9 0 0.01 0.0 0 7.6 18 160 M M 5 27 170
15 59 53 56 0 9 0 0.51 0.0 0 5.4 14 20 M M 10 1 22 340
16 69 50 60 4 5 0 0.02 0.0 0 2.6 8 210 M M 7 12 12 240
17 79 45 62 6 3 0 T 0.0 0 5.6 15 150 M M 0 13 21 150
18 76 53 65 8 0 0 1.11 0.0 0 9.4 23 220 M M 6 13 35 210
19 67 45 56 -1 9 0 0.00 0.0 0 5.8 14 310 M M 2 23 320
20 78 41 60 3 5 0 0.00 0.0 0 2.9 9 130 M M 0 14 130
21 81 49 65 7 0 0 0.00 0.0 0 11.4 23 150 M M 1 33 120
22 70 58 64 6 1 0 1.98 0.0 0 10.8 24 100 M M 9 1238 48 290
23 61 44 53 -5 12 0 0.00 0.0 0 7.3 21 220 M M 7 8 29 220
24 67 37 52 -6 13 0 0.00 0.0 0 4.1 18 230 M M 0 27 220
25 65 40 53 -5 12 0 0.00 0.0 0 4.1 17 340 M M 0 24 360
26 71 43 57 -2 8 0 0.00 0.0 0 3.2 10 330 M M 0 17 320
27 75 43 59 0 6 0 0.00 0.0 0 7.6 17 60 M M 0 22 70
28 78 49 64 5 1 0 0.00 0.0 0 5.4 14 230 M M 1 21 230
29 83 54 69 9 0 4 T 0.0 0 12.6 29 180 M M 3 38 170
30 81 57 69 9 0 4 1.24 0.0 0 16.6 37 160 M M 6 13 54 180
31 64 48 56 -4 9 0 0.00 0.0 0 6.9 17 230 M M 5 25 350
================================================================================
SM 2191 1368 251 23 6.15 0.0 219.8 M 105
================================================================================
AV 70.7 44.1 7.1 FASTST M M 3 MAX(MPH)
MISC ----> 37 160 54 180
================================================================================
NOTES:
# LAST OF SEVERAL OCCURRENCES
COLUMN 17 PEAK WIND IN M.P.H.
PRELIMINARY LOCAL CLIMATOLOGICAL DATA (WS FORM: F-6) , PAGE 2
STATION: GREENWOOD
MONTH: MARCH
YEAR: 2022
LATITUDE: 33 30 N
LONGITUDE: 90 5 W
[TEMPERATURE DATA] [PRECIPITATION DATA] SYMBOLS USED IN COLUMN 16
AVERAGE MONTHLY: 57.4 TOTAL FOR MONTH: 6.15 1 = FOG OR MIST
DPTR FM NORMAL: 1.3 DPTR FM NORMAL: 1.39 2 = FOG REDUCING VISIBILITY
HIGHEST: 87 ON 6 GRTST 24HR 1.98 ON 22-22 TO 1/4 MILE OR LESS
LOWEST: 26 ON 13 3 = THUNDER
SNOW, ICE PELLETS, HAIL 4 = ICE PELLETS
TOTAL MONTH: 0.0 INCH 5 = HAIL
GRTST 24HR 0.0 6 = FREEZING RAIN OR DRIZZLE
GRTST DEPTH: 0 7 = DUSTSTORM OR SANDSTORM:
VSBY 1/2 MILE OR LESS
8 = SMOKE OR HAZE
[NO. OF DAYS WITH] [WEATHER - DAYS WITH] 9 = BLOWING SNOW
X = TORNADO
MAX 32 OR BELOW: 0 0.01 INCH OR MORE: 9
MAX 90 OR ABOVE: 0 0.10 INCH OR MORE: 6
MIN 32 OR BELOW: 3 0.50 INCH OR MORE: 5
MIN 0 OR BELOW: 0 1.00 INCH OR MORE: 3
[HDD (BASE 65) ]
TOTAL THIS MO. 251 CLEAR (SCALE 0-3) 17
DPTR FM NORMAL -47 PTCLDY (SCALE 4-7) 10
TOTAL FM JUL 1 2026 CLOUDY (SCALE 8-10) 4
DPTR FM NORMAL -419
[CDD (BASE 65) ]
TOTAL THIS MO. 23
DPTR FM NORMAL -1 [PRESSURE DATA]
TOTAL FM JAN 1 37 HIGHEST SLP 30.45 ON 13
DPTR FM NORMAL 5 LOWEST SLP 29.35 ON 30
[REMARKS]
#FINAL-03-22#