000
CXUS54 KJAN 011444
CLMGWO
CLIMATE REPORT
NATIONAL WEATHER SERVICE JACKSON MS
944 AM CDT FRI SEP 01 2023
...................................
...THE GREENWOOD CLIMATE SUMMARY FOR THE MONTH OF AUGUST 2023...
CLIMATE NORMAL PERIOD: 1991 TO 2020
CLIMATE RECORD PERIOD: 1948 TO 2023
WEATHER OBSERVED NORMAL DEPART LAST YEAR`S
VALUE DATE(S) VALUE FROM VALUE DATE(S)
NORMAL
................................................................
TEMPERATURE (F)
RECORD
HIGH 106 08/15/2007
08/30/2000
LOW 52 08/14/2004
08/13/2004
08/29/1986
HIGHEST 105 08/24 MM MM 99 08/15
08/26
LOWEST 62 08/17 MM MM 70 08/14
AVG. MAXIMUM 96.7 91.9 4.8 91.3
AVG. MINIMUM 73.6 70.4 3.2 73.9
MEAN 85.1 81.1 4.0 82.6
DAYS MAX >= 90 27 23.6 3.4 22
DAYS MAX <= 32 0 0.0 0.0 0
DAYS MIN <= 32 0 0.0 0.0 0
DAYS MIN <= 0 0 0.0 0.0 0
PRECIPITATION (INCHES)
RECORD
MAXIMUM 7.69 1964
MINIMUM 0.09 1990
TOTALS 1.54 3.21 -1.67 4.51
DAILY AVG. 0.05 0.10 -0.05 0.15
DAYS >= .01 5 8.2 -3.2 10
DAYS >= .10 2 5.0 -3.0 6
DAYS >= .50 2 2.2 -0.2 3
DAYS >= 1.00 0 0.9 -0.9 2
GREATEST
24 HR. TOTAL 0.88 08/07 TO 08/08 2.06
SNOWFALL (INCHES)
TOTALS 0.0
DEGREE DAYS
HEATING TOTAL 0 0 0 0
SINCE 7/1 0 0 0 MM
COOLING TOTAL 633 500 133 553
SINCE 1/1 2183 1788 395 MM
................................................................
WIND (MPH)
AVERAGE WIND SPEED 4.3
HIGHEST WIND SPEED/DIRECTION 31/050 DATE 08/04
HIGHEST GUST SPEED/DIRECTION 44/060 DATE 08/04
SKY COVER
POSSIBLE SUNSHINE (PERCENT) MM
AVERAGE SKY COVER 0.12
NUMBER OF DAYS FAIR 29
NUMBER OF DAYS PC 1
NUMBER OF DAYS CLOUDY 1
AVERAGE RH (PERCENT) 67
WEATHER CONDITIONS. NUMBER OF DAYS WITH
THUNDERSTORM 5 MIXED PRECIP 0
HEAVY RAIN 2 RAIN 3
LIGHT RAIN 6 FREEZING RAIN 0
LT FREEZING RAIN 0 HAIL 0
HEAVY SNOW 0 SNOW 0
LIGHT SNOW 0 SLEET 0
FOG 9 FOG W/VIS <= 1/4 MILE 0
HAZE 3
- INDICATES NEGATIVE NUMBERS.
R INDICATES RECORD WAS SET OR TIED.
MM INDICATES DATA IS MISSING.
T INDICATES TRACE AMOUNT.
$$