000
CXUS54 KFWD 010731
CF6GYI
PRELIMINARY LOCAL CLIMATOLOGICAL DATA (WS FORM: F-6)
STATION: SHERMAN/DENISON
MONTH: SEPTEMBER
YEAR: 2021
LATITUDE: 33 42 N
LONGITUDE: 96 40 W
TEMPERATURE IN F: :PCPN: SNOW: WIND :SUNSHINE: SKY :PK WND
================================================================================
1 2 3 4 5 6A 6B 7 8 9 10 11 12 13 14 15 16 17 18
12Z AVG MX 2MIN
DY MAX MIN AVG DEP HDD CDD WTR SNW DPTH SPD SPD DIR MIN PSBL S-S WX SPD DR
================================================================================
1 97 77 87 7 0 22 0.00 M M 7.0 10 200 M M 1 M M
2 95 75 85 5 0 20 0.00 M M 7.5 14 160 M M 1 17 160
3 94 76 85 6 0 20 0.00 M M 8.7 13 190 M M 0 18 190
4 95 74 85 6 0 20 0.00 M M 8.1 13 200 M M 1 M M
5 88 75 82 3 0 17 0.00 M M 5.3 13 360 M M 4 M M
6 92 72 82 4 0 17 0.00 M M 6.4 10 100 M M 0 M M
7 93 66 80 2 0 15 0.00 M M 7.1 13 180 M M 0 16 180
8 90 68 79 1 0 14 M M M 8.0 22 60 M M 2 38 60
9 90 62 76 -1 0 11 0.00 M M 5.7 9 90 M M 0 M M
10 90 65 78 1 0 13 0.00 M M 9.7 14 150 M M 0 18 150
11 90 66 78 1 0 13 0.00 M M 9.2 13 140 M M 0 17 160
12 88 63 76 0 0 11 0.00 M M 8.1 13 200 M M 0 M M
13 88 69 79 3 0 14 0.00 M M 8.0 14 180 M M 1 17 180
14 89 67 78 2 0 13 0.00 M M 6.2 10 110 M M 3 16 110
15 88 63 76 1 0 11 0.00 M M 3.5 10 350 M M 2 M M
16 90 67 79 4 0 14 0.00 M M 4.7 10 100 M M 2 M M
17 90 67 79 5 0 14 0.00 M M 3.5 9 70 M M 2 M M
18 94 67 81 7 0 16 0.00 M M 2.8 9 360 M M 1 M M
19 92 67 80 6 0 15 0.00 M M 4.1 12 140 M M 1 M M
20 98 73 86 13 0 21 0.00 M M 11.5 15 180 M M 0 21 180
21 84 64 74 1 0 9 0.00 M M 13.1 22 340 M M 1 31 330
22 81 50 66 -6 0 1 0.00 M M 5.0 14 10 M M 0 21 10
23 84 51 68 -4 0 3 0.00 M M 3.0 7 100 M M 0 M M
24 86 58 72 0 0 7 0.00 M M 7.1 10 190 M M 0 M M
25 90 56 73 2 0 8 0.00 M M 3.3 9 150 M M 0 M M
26 91 64 78 7 0 13 0.00 M M 8.4 12 160 M M 0 20 160
27 90 62 76 5 0 11 0.00 M M 8.8 14 140 M M 0 16 180
28 93 67 80 10 0 15 0.68 M M 9.6 20 250 M M 2 3 31 170
29 70 32 51 -19 14 0 0.00 M M 7.2 12 110 M M 1 18 20 120
30 87 35 61 -9 4 0 0.00 M M 7.7 21 300 M M 3 32 300
================================================================================
SM 2687 1918 18 378 0.68 M 207.9 M 28
================================================================================
AV 89.6 63.9 6.9 FASTST M M 1 MAX(MPH)
MISC ----> 22 60 38 60
================================================================================
NOTES:
# LAST OF SEVERAL OCCURRENCES
COLUMN 17 PEAK WIND IN M.P.H.
PRELIMINARY LOCAL CLIMATOLOGICAL DATA (WS FORM: F-6) , PAGE 2
STATION: SHERMAN/DENISON
MONTH: SEPTEMBER
YEAR: 2021
LATITUDE: 33 42 N
LONGITUDE: 96 40 W
[TEMPERATURE DATA] [PRECIPITATION DATA] SYMBOLS USED IN COLUMN 16
AVERAGE MONTHLY: 76.8 TOTAL FOR MONTH: 0.68 1 = FOG OR MIST
DPTR FM NORMAL: 1.8 DPTR FM NORMAL: -2.91 2 = FOG REDUCING VISIBILITY
HIGHEST: 98 ON 20 GRTST 24HR 0.68 ON 28-28 TO 1/4 MILE OR LESS
LOWEST: 32 ON 29 3 = THUNDER
SNOW, ICE PELLETS, HAIL 4 = ICE PELLETS
TOTAL MONTH: M 5 = HAIL
GRTST 24HR M ON M 6 = FREEZING RAIN OR DRIZZLE
GRTST DEPTH: M ON M 7 = DUSTSTORM OR SANDSTORM:
VSBY 1/2 MILE OR LESS
8 = SMOKE OR HAZE
[NO. OF DAYS WITH] [WEATHER - DAYS WITH] 9 = BLOWING SNOW
X = TORNADO
MAX 32 OR BELOW: 0 0.01 INCH OR MORE: 1
MAX 90 OR ABOVE: 19 0.10 INCH OR MORE: 1
MIN 32 OR BELOW: 1 0.50 INCH OR MORE: 1
MIN 0 OR BELOW: 0 1.00 INCH OR MORE: 0
[HDD (BASE 65) ]
TOTAL THIS MO. 18 CLEAR (SCALE 0-3) 28
DPTR FM NORMAL 5 PTCLDY (SCALE 4-7) 2
TOTAL FM JUL 1 52 CLOUDY (SCALE 8-10) 0
DPTR FM NORMAL 40
[CDD (BASE 65) ]
TOTAL THIS MO. 378
DPTR FM NORMAL 68 [PRESSURE DATA]
TOTAL FM JAN 1 2090 HIGHEST SLP M ON M
DPTR FM NORMAL 30 LOWEST SLP M ON M
[REMARKS]
#FINAL-09-21#