000
CXUS51 KGYX 011829
CF6GYX
PRELIMINARY LOCAL CLIMATOLOGICAL DATA (WS FORM: F-6)
STATION: GRAY ME
MONTH: JULY
YEAR: 2021
LATITUDE: 43 53 N
LONGITUDE: 70 15 W
TEMPERATURE IN F: :PCPN: SNOW: WIND :SUNSHINE: SKY :PK WND
================================================================================
1 2 3 4 5 6A 6B 7 8 9 10 11 12 13 14 15 16 17 18
12Z AVG MX 2MIN
DY MAX MIN AVG DEP HDD CDD WTR SNW DPTH SPD SPD DIR MIN PSBL S-S WX SPD DR
================================================================================
1 81 64 73 5 0 8 0.11 0.0 0 M M M M M M M M
2 65 55 60 -8 5 0 0.87 0.0 0 M M M M M M M M
3 57 54 56 -12 9 0 0.68 0.0 0 M M M M M M M M
4 60 52 56 -13 9 0 1.28 0.0 0 M M M M M M M M
5 72 47 60 -9 5 0 0.00 0.0 0 M M M M M M M M
6 86 59 73 4 0 8 T 0.0 0 M M M M M M 3 M M
7 81 65 73 4 0 8 0.00 0.0 0 M M M M M M M M
8 65 57 61 -8 4 0 0.05 0.0 0 M M M M M M 1 M M
9 67 57 62 -7 3 0 2.84 0.0 0 M M M M M M 1 M M
10 78 59 69 0 0 4 0.00 0.0 0 M M M M M M 1 M M
11 78 59 69 -1 0 4 T 0.0 0 M M M M M M M M
12 77 63 70 0 0 5 0.07 0.0 0 M M M M M M M M
13 72 61 67 -3 0 2 0.06 0.0 0 M M M M M M M M
14 68 60 64 -6 1 0 0.08 0.0 0 M M M M M M 12 M M
15 80 64 72 2 0 7 T 0.0 0 M M M M M M 12 M M
16 88 64 76 6 0 11 0.00 0.0 0 M M M M M M M M
17 73 64 69 -1 0 4 0.03 0.0 0 M M M M M M M M
18 66 61 64 -6 1 0 1.89 0.0 0 M M M M M M M M
19 69 62 66 -4 0 1 0.04 0.0 0 M M M M M M M M
20 81 63 72 2 0 7 0.13 0.0 0 M M M M M M 18 M M
21 79 62 71 1 0 6 0.21 0.0 0 M M M M M M 3 M M
22 78 57 68 -2 0 3 0.00 0.0 0 M M M M M M M M
23 79 58 69 -1 0 4 0.40 0.0 0 M M M M M M 3 M M
24 78 55 67 -3 0 2 0.00 0.0 0 M M M M M M M M
25 70 57 64 -6 1 0 0.29 0.0 0 M M M M M M 1 M M
26 82 63 73 3 0 8 0.00 0.0 0 M M M M M M 8 M M
27 82 62 72 2 0 7 0.04 0.0 0 M M M M M M 8 M M
28 75 59 67 -3 0 2 0.01 0.0 0 M M M M M M 8 M M
29 73 54 64 -6 1 0 1.34 0.0 0 M M M M M M M M
30 73 58 66 -4 0 1 0.05 0.0 0 M M M M M M M M
31 74 53 64 -6 1 0 0.00 0.0 0 M M M M M M M M
================================================================================
SM 2307 1828 40 102 10.47 0.0 M M M
================================================================================
AV 74.4 59.0 M FASTST M M M MAX(MPH)
MISC ----> M M M M
================================================================================
NOTES:
# LAST OF SEVERAL OCCURRENCES
COLUMN 17 PEAK WIND IN M.P.H.
PRELIMINARY LOCAL CLIMATOLOGICAL DATA (WS FORM: F-6) , PAGE 2
STATION: GRAY ME
MONTH: JULY
YEAR: 2021
LATITUDE: 43 53 N
LONGITUDE: 70 15 W
[TEMPERATURE DATA] [PRECIPITATION DATA] SYMBOLS USED IN COLUMN 16
AVERAGE MONTHLY: 66.7 TOTAL FOR MONTH: 10.47 1 = FOG OR MIST
DPTR FM NORMAL: -2.8 DPTR FM NORMAL: 6.74 2 = FOG REDUCING VISIBILITY
HIGHEST: 88 ON 16 GRTST 24HR 2.84 ON 9- 9 TO 1/4 MILE OR LESS
LOWEST: 47 ON 5 3 = THUNDER
SNOW, ICE PELLETS, HAIL 4 = ICE PELLETS
TOTAL MONTH: 0.0 INCH 5 = HAIL
GRTST 24HR 0.0 6 = FREEZING RAIN OR DRIZZLE
GRTST DEPTH: 0 7 = DUSTSTORM OR SANDSTORM:
VSBY 1/2 MILE OR LESS
8 = SMOKE OR HAZE
[NO. OF DAYS WITH] [WEATHER - DAYS WITH] 9 = BLOWING SNOW
X = TORNADO
MAX 32 OR BELOW: 0 0.01 INCH OR MORE: 20
MAX 90 OR ABOVE: 0 0.10 INCH OR MORE: 11
MIN 32 OR BELOW: 0 0.50 INCH OR MORE: 6
MIN 0 OR BELOW: 0 1.00 INCH OR MORE: 4
[HDD (BASE 65) ]
TOTAL THIS MO. 40 CLEAR (SCALE 0-3) 0
DPTR FM NORMAL 25 PTCLDY (SCALE 4-7) 0
TOTAL FM JUL 1 40 CLOUDY (SCALE 8-10) 31
DPTR FM NORMAL 31
[CDD (BASE 65) ]
TOTAL THIS MO. 102
DPTR FM NORMAL -54 [PRESSURE DATA]
TOTAL FM JAN 1 303 HIGHEST SLP M ON M
DPTR FM NORMAL 77 LOWEST SLP M ON M
[REMARKS]
#FINAL-07-21#