000
CXUS54 KEWX 011010
CF6HDO
PRELIMINARY LOCAL CLIMATOLOGICAL DATA (WS FORM: F-6)
STATION: HONDO
MONTH: MAY
YEAR: 2023
LATITUDE: 29 21 N
LONGITUDE: 99 10 W
TEMPERATURE IN F: :PCPN: SNOW: WIND :SUNSHINE: SKY :PK WND
================================================================================
1 2 3 4 5 6A 6B 7 8 9 10 11 12 13 14 15 16 17 18
12Z AVG MX 2MIN
DY MAX MIN AVG DEP HDD CDD WTR SNW DPTH SPD SPD DIR MIN PSBL S-S WX SPD DR
================================================================================
1 89 51 70 -3 0 5 0.00 M M 10.4 17 90 M M 0 23 90
2 81 66 74 1 0 9 0.00 M M 9.3 16 80 M M 7 22 80
3 88 66 77 3 0 12 0.00 M M 8.5 16 110 M M 3 23 160
4 87 70 79 5 0 14 T M M 8.6 32 170 M M 7 3 42 170
5 99 67 83 9 0 18 T M M 9.1 24 160 M M 3 31 150
6 92 76 84 10 0 19 T M M 12.6 20 150 M M 8 26 160
7 85 74 80 5 0 15 0.06 M M 13.7 28 140 M M 6 3 33 150
8 94 70 82 7 0 17 0.01 M M 11.6 24 180 M M 3 3 38 170
9 77 64 71 -4 0 6 2.35 M M 9.4 37 330 M M 8 3 48 290
10 85 68 77 2 0 12 T M M 9.3 18 120 M M 9 30 120
11 90 73 82 6 0 17 T M M 8.5 17 130 M M 9 22 130
12 89 64 77 1 0 12 0.45 M M 13.9 30 310 M M 10 3 43 310
13 89 64 77 1 0 12 0.71 M M 9.7 31 310 M M 5 3 43 310
14 87 61 74 -2 0 9 0.00 M M 4.6 10 130 M M 1 13 130
15 85 67 76 -1 0 11 0.46 M M 6.8 40 260 M M 4 3 57 260
16 86 65 76 -1 0 11 T M M 6.5 21 20 M M 3 3 25 10
17 90 61 76 -1 0 11 0.00 M M 3.5 10 130 M M 0 14 150
18 89 63 76 -2 0 11 0.00 M M 6.3 15 130 M M 0 20 120
19 92 73 83 5 0 18 0.00 M M 7.5 16 150 M M 4 22 140
20 82 69 76 -2 0 11 2.34 M M 7.8 23 60 M M 5 3 31 60
21 72 64 68 -10 0 3 0.44 M M 5.4 14 120 M M 8 17 120
22 86 63 75 -4 0 10 0.00 M M 4.4 9 150 M M 3 12 160
23 90 68 79 0 0 14 0.00 M M 8.1 16 140 M M 0 22 130
24 90 68 79 0 0 14 T M M 8.7 28 50 M M 2 37 50
25 83 70 77 -2 0 12 0.15 M M 6.4 22 130 M M 5 3 28 120
26 87 71 79 -1 0 14 0.00 M M 6.9 14 120 M M 5 19 110
27 86 68 77 -3 0 12 0.00 M M 7.9 15 110 M M 3 21 120
28 83 67 75 -5 0 10 0.05 M M 7.5 29 140 M M 4 35 130
29 86 64 75 -5 0 10 0.18 M M 5.2 33 80 M M 5 3 44 80
30 88 62 75 -5 0 10 0.00 M M 6.0 14 130 M M 3 19 130
31 89 66 78 -3 0 13 0.00 M M 8.7 18 130 M M 3 24 130
================================================================================
SM 2696 2063 0 372 7.20 M 252.8 M 136
================================================================================
AV 87.0 66.5 8.2 FASTST M M 4 MAX(MPH)
MISC ----> 40 260 57 260
================================================================================
NOTES:
# LAST OF SEVERAL OCCURRENCES
COLUMN 17 PEAK WIND IN M.P.H.
PRELIMINARY LOCAL CLIMATOLOGICAL DATA (WS FORM: F-6) , PAGE 2
STATION: HONDO
MONTH: MAY
YEAR: 2023
LATITUDE: 29 21 N
LONGITUDE: 99 10 W
[TEMPERATURE DATA] [PRECIPITATION DATA] SYMBOLS USED IN COLUMN 16
AVERAGE MONTHLY: 76.8 TOTAL FOR MONTH: 7.20 1 = FOG OR MIST
DPTR FM NORMAL: -0.1 DPTR FM NORMAL: 3.77 2 = FOG REDUCING VISIBILITY
HIGHEST: 99 ON 5 GRTST 24HR 2.35 ON 8- 9 TO 1/4 MILE OR LESS
LOWEST: 51 ON 1 3 = THUNDER
SNOW, ICE PELLETS, HAIL 4 = ICE PELLETS
TOTAL MONTH: M 5 = HAIL
GRTST 24HR M ON M 6 = FREEZING RAIN OR DRIZZLE
GRTST DEPTH: M ON M 7 = DUSTSTORM OR SANDSTORM:
VSBY 1/2 MILE OR LESS
8 = SMOKE OR HAZE
[NO. OF DAYS WITH] [WEATHER - DAYS WITH] 9 = BLOWING SNOW
X = TORNADO
MAX 32 OR BELOW: 0 0.01 INCH OR MORE: 11
MAX 90 OR ABOVE: 8 0.10 INCH OR MORE: 8
MIN 32 OR BELOW: 0 0.50 INCH OR MORE: 3
MIN 0 OR BELOW: 0 1.00 INCH OR MORE: 2
[HDD (BASE 65) ]
TOTAL THIS MO. 0 CLEAR (SCALE 0-3) 11
DPTR FM NORMAL -3 PTCLDY (SCALE 4-7) 16
TOTAL FM JUL 1 1213 CLOUDY (SCALE 8-10) 4
DPTR FM NORMAL -239
[CDD (BASE 65) ]
TOTAL THIS MO. 372
DPTR FM NORMAL -1 [PRESSURE DATA]
TOTAL FM JAN 1 797 HIGHEST SLP 30.17 ON 15
DPTR FM NORMAL 138 LOWEST SLP 29.69 ON 11
[REMARKS]
#FINAL-05-23#