000
CXUS54 KEWX 011011
CF6HDO
PRELIMINARY LOCAL CLIMATOLOGICAL DATA (WS FORM: F-6)
STATION: HONDO
MONTH: AUGUST
YEAR: 2020
LATITUDE: 29 21 N
LONGITUDE: 99 10 W
TEMPERATURE IN F: :PCPN: SNOW: WIND :SUNSHINE: SKY :PK WND
================================================================================
1 2 3 4 5 6A 6B 7 8 9 10 11 12 13 14 15 16 17 18
12Z AVG MX 2MIN
DY MAX MIN AVG DEP HDD CDD WTR SNW DPTH SPD SPD DIR MIN PSBL S-S WX SPD DR
================================================================================
1 97 68 83 -1 0 18 0.00 M M 5.1 16 150 M M 0 19 150
2 98 70 84 0 0 19 0.00 M M 4.2 28 90 M M 0 35 80
3 98 70 84 0 0 19 T M M 5.8 29 40 M M 1 3 36 50
4 97 70 84 0 0 19 0.00 M M 6.6 16 180 M M 0 21 190
5 97 70 84 0 0 19 0.00 M M 8.1 18 170 M M 0 25 180
6 97 77 87 3 0 22 0.00 M M 11.3 18 130 M M 4 27 120
7 98 76 87 3 0 22 0.00 M M 12.5 21 150 M M 3 29 170
8 98 77 88 4 0 23 0.00 M M 11.1 22 160 M M 3 28 150
9 99 74 87 3 0 22 0.00 M M 11.1 21 170 M M 2 32 160
10 100 76 88 4 0 23 0.00 M M 13.0 22 160 M M 3 32 170
11 100 73 87 3 0 22 0.00 M M 11.8 23 150 M M 1 31 190
12 101 75 88 4 0 23 0.00 M M 10.7 18 150 M M 1 25 160
13 101 72 87 3 0 22 0.00 M M 8.8 16 150 M M 0 22 170
14 104 75 90 6 0 25 0.00 M M 7.4 16 180 M M 0 22 170
15 104 75 90 6 0 25 0.00 M M 6.5 15 150 M M 0 20 140
16 103 72 88 4 0 23 0.00 M M 5.8 15 160 M M 0 21 110
17 99 76 88 4 0 23 0.00 M M 8.0 21 330 M M 1 3 26 320
18 99 70 85 1 0 20 T M M 6.0 21 70 M M 1 3 29 70
19 103 68 86 2 0 21 0.00 M M 5.5 16 160 M M 1 21 170
20 102 67 85 1 0 20 0.20 M M 5.9 35 260 M M 0 3 50 260
21 100 70 85 1 0 20 0.01 M M 7.1 15 140 M M 1 21 170
22 94 71 83 -1 0 18 T M M 7.2 24 60 M M 3 32 60
23 97 65 81 -3 0 16 0.00 M M 7.5 17 110 M M 2 27 110
24 98 67 83 -1 0 18 0.00 M M 9.0 21 170 M M 1 3 28 130
25 100 68 84 0 0 19 0.00 M M 5.0 16 70 M M 1 24 80
26 102 70 86 3 0 21 0.00 M M 8.1 17 110 M M 1 22 100
27 101 74 88 5 0 23 0.00 M M 6.1 16 140 M M 2 23 140
28 104 78 91 8 0 26 0.00 M M 9.3 23 140 M M 0 31 140
29 102 76 89 6 0 24 0.00 M M 7.2 22 150 M M 0 29 160
30 102 75 89 6 0 24 0.00 M M 9.4 22 150 M M 1 30 140
31 102 80 91 9 0 26 0.00 M M 13.1 24 150 M M 5 8 30 140
================================================================================
SM 3097 2245 0 665 0.21 M 254.2 M 38
================================================================================
AV 99.9 72.4 8.2 FASTST M M 1 MAX(MPH)
MISC ----> # 35 260 # 50 260
================================================================================
NOTES:
# LAST OF SEVERAL OCCURRENCES
COLUMN 17 PEAK WIND IN M.P.H.
PRELIMINARY LOCAL CLIMATOLOGICAL DATA (WS FORM: F-6) , PAGE 2
STATION: HONDO
MONTH: AUGUST
YEAR: 2020
LATITUDE: 29 21 N
LONGITUDE: 99 10 W
[TEMPERATURE DATA] [PRECIPITATION DATA] SYMBOLS USED IN COLUMN 16
AVERAGE MONTHLY: 86.2 TOTAL FOR MONTH: 0.21 1 = FOG OR MIST
DPTR FM NORMAL: 2.3 DPTR FM NORMAL: -1.46 2 = FOG REDUCING VISIBILITY
HIGHEST: 104 ON 28,15 GRTST 24HR 0.85 ON 31- 1 TO 1/4 MILE OR LESS
LOWEST: 65 ON 23 3 = THUNDER
SNOW, ICE PELLETS, HAIL 4 = ICE PELLETS
TOTAL MONTH: M 5 = HAIL
GRTST 24HR M ON M 6 = FREEZING RAIN OR DRIZZLE
GRTST DEPTH: M ON M 7 = DUSTSTORM OR SANDSTORM:
VSBY 1/2 MILE OR LESS
8 = SMOKE OR HAZE
[NO. OF DAYS WITH] [WEATHER - DAYS WITH] 9 = BLOWING SNOW
X = TORNADO
MAX 32 OR BELOW: 0 0.01 INCH OR MORE: 2
MAX 90 OR ABOVE: 31 0.10 INCH OR MORE: 1
MIN 32 OR BELOW: 0 0.50 INCH OR MORE: 0
MIN 0 OR BELOW: 0 1.00 INCH OR MORE: 0
[HDD (BASE 65) ]
TOTAL THIS MO. 0 CLEAR (SCALE 0-3) 28
DPTR FM NORMAL 0 PTCLDY (SCALE 4-7) 3
TOTAL FM JUL 1 0 CLOUDY (SCALE 8-10) 0
DPTR FM NORMAL 0
[CDD (BASE 65) ]
TOTAL THIS MO. 665
DPTR FM NORMAL 78 [PRESSURE DATA]
TOTAL FM JAN 1 2614 HIGHEST SLP 30.10 ON 17
DPTR FM NORMAL 370 LOWEST SLP 29.63 ON 31
[REMARKS]
#FINAL-08-20#