000
CXUS53 KBIS 010830
CF6HEI
PRELIMINARY LOCAL CLIMATOLOGICAL DATA (WS FORM: F-6)
STATION: HETTINGER ND
MONTH: JUNE
YEAR: 2022
LATITUDE: 46 0 N
LONGITUDE: 102 39 W
TEMPERATURE IN F: :PCPN: SNOW: WIND :SUNSHINE: SKY :PK WND
================================================================================
1 2 3 4 5 6A 6B 7 8 9 10 11 12 13 14 15 16 17 18
12Z AVG MX 2MIN
DY MAX MIN AVG DEP HDD CDD WTR SNW DPTH SPD SPD DIR MIN PSBL S-S WX SPD DR
================================================================================
1 68 32 50 -8 15 0 0.00 M M 9.0 20 290 M M 1 34 320
2 70 38 54 -4 11 0 0.00 M M 11.0 26 310 M M 0 39 290
3 71 30 51 -7 14 0 0.00 M M 7.0 15 190 M M 2 22 190
4 71 49 60 1 5 0 0.00 M M 8.1 18 110 M M 5 23 100
5 61 51 56 -3 9 0 0.55 M M 11.5 22 90 M M 10 18 32 110
6 55 47 51 -8 14 0 0.94 M M 13.7 25 70 M M 10 18 32 70
7 66 47 57 -3 8 0 0.35 M M 6.3 28 250 M M 8 13 37 250
8 70 46 58 -2 7 0 0.00 M M 4.4 12 290 M M 5 14 290
9 72 50 61 1 4 0 0.04 M M 5.7 14 10 M M 6 18 130
10 80 51 66 5 0 1 0.00 M M 7.8 17 190 M M 1 26 180
11 80 58 69 8 0 4 0.28 M M 8.9 32 330 M M 3 13 42 320
12 74 56 65 4 0 0 0.42 M M 9.5 33 310 M M 3 13 56 300
13 72 57 65 4 0 0 0.38 M M 10.1 24 300 M M 8 13 35 300
14 68 47 58 -4 7 0 0.12 M M 12.7 35 280 M M 5 1 50 260
15 68 40 54 -8 11 0 0.00 M M 21.9 54 270 M M 4 73 280
16 77 52 65 3 0 0 0.00 M M 12.1 26 280 M M 0 37 280
17 85 51 68 5 0 3 0.00 M M 18.9 32 130 M M 0 52 110
18 91 65 78 15 0 13 0.00 M M 12.4 37 140 M M 0 53 140
19 88 60 74 11 0 9 0.29 M M 8.1 24 270 M M 1 138 37 260
20 76 51 64 1 1 0 0.47 M M 8.5 22 320 M M 5 138 27 310
21 73 50 62 -2 3 0 0.00 M M 14.7 32 280 M M 1 48 280
22 80 46 63 -1 2 0 0.00 M M 5.4 16 170 M M 0 12 22 190
23 87 47 67 3 0 2 0.00 M M 4.0 13 140 M M 0 1 16 150
24 81 51 66 1 0 1 0.01 M M 10.1 30 340 M M 2 41 340
25 68 41 55 -10 10 0 T M M 19.9 35 310 M M 4 54 310
26 75 43 59 -6 6 0 0.00 M M 7.1 18 310 M M 0 24 330
27 82 41 62 -3 3 0 0.00 M M 5.6 14 240 M M 1 20 240
28 85 40 63 -3 2 0 0.00 M M 7.6 16 110 M M 0 23 110
29 96 59 78 12 0 13 0.02 M M 8.5 24 280 M M 1 3 35 270
30 80 49 65 -1 0 0 0.00 M M 10.6 26 310 M M 0 35 290
================================================================================
SM 2270 1445 132 46 3.87 M 301.1 M 86
================================================================================
AV 75.7 48.2 10.0 FASTST M M 3 MAX(MPH)
MISC ----> 54 270 73 280
================================================================================
NOTES:
# LAST OF SEVERAL OCCURRENCES
COLUMN 17 PEAK WIND IN M.P.H.
PRELIMINARY LOCAL CLIMATOLOGICAL DATA (WS FORM: F-6) , PAGE 2
STATION: HETTINGER ND
MONTH: JUNE
YEAR: 2022
LATITUDE: 46 0 N
LONGITUDE: 102 39 W
[TEMPERATURE DATA] [PRECIPITATION DATA] SYMBOLS USED IN COLUMN 16
AVERAGE MONTHLY: 61.9 TOTAL FOR MONTH: 3.87 1 = FOG OR MIST
DPTR FM NORMAL: -0.2 DPTR FM NORMAL: 1.11 2 = FOG REDUCING VISIBILITY
HIGHEST: 96 ON 29 GRTST 24HR 1.00 ON 5- 6 TO 1/4 MILE OR LESS
LOWEST: 30 ON 3 3 = THUNDER
SNOW, ICE PELLETS, HAIL 4 = ICE PELLETS
TOTAL MONTH: M 5 = HAIL
GRTST 24HR M ON M 6 = FREEZING RAIN OR DRIZZLE
GRTST DEPTH: M ON M 7 = DUSTSTORM OR SANDSTORM:
VSBY 1/2 MILE OR LESS
8 = SMOKE OR HAZE
[NO. OF DAYS WITH] [WEATHER - DAYS WITH] 9 = BLOWING SNOW
X = TORNADO
MAX 32 OR BELOW: 0 0.01 INCH OR MORE: 12
MAX 90 OR ABOVE: 2 0.10 INCH OR MORE: 9
MIN 32 OR BELOW: 2 0.50 INCH OR MORE: 2
MIN 0 OR BELOW: 0 1.00 INCH OR MORE: 0
[HDD (BASE 65) ]
TOTAL THIS MO. 132 CLEAR (SCALE 0-3) 17
DPTR FM NORMAL -3 PTCLDY (SCALE 4-7) 10
TOTAL FM JUL 1 7842 CLOUDY (SCALE 8-10) 3
DPTR FM NORMAL -760
[CDD (BASE 65) ]
TOTAL THIS MO. 46
DPTR FM NORMAL -2 [PRESSURE DATA]
TOTAL FM JAN 1 46 HIGHEST SLP M ON M
DPTR FM NORMAL -8 LOWEST SLP 29.46 ON 14
[REMARKS]
#FINAL-06-22#