000
CXUS54 KHGX 011410
CF6HGX
PRELIMINARY LOCAL CLIMATOLOGICAL DATA (WS FORM: F-6)
STATION: DICKINSON WFO
MONTH: AUGUST
YEAR: 2022
LATITUDE: 29 28 N
LONGITUDE: 95 5 W
TEMPERATURE IN F: :PCPN: SNOW: WIND :SUNSHINE: SKY :PK WND
================================================================================
1 2 3 4 5 6A 6B 7 8 9 10 11 12 13 14 15 16 17 18
12Z AVG MX 2MIN
DY MAX MIN AVG DEP HDD CDD WTR SNW DPTH SPD SPD DIR MIN PSBL S-S WX SPD DR
================================================================================
1 95 75 85 1 0 20 0.09 0.0 0 M M M M M M M M
2 94 80 87 3 0 22 0.00 0.0 0 M M M M M M M M
3 95 78 87 3 0 22 0.00 0.0 0 M M M M M M M M
4 96 79 88 3 0 23 0.00 0.0 0 M M M M M M M M
5 86 76 81 -4 0 16 0.04 0.0 0 M M M M M M M M
6 90 74 82 -3 0 17 0.52 0.0 0 M M M M M M M M
7 93 75 84 -1 0 19 T 0.0 0 M M M M M M M M
8 94 75 85 0 0 20 0.02 0.0 0 M M M M M M M M
9 94 76 85 0 0 20 T 0.0 0 M M M M M M M M
10 95 73 84 0 0 19 0.13 0.0 0 M M M M M M 3 M M
11 94 73 84 0 0 19 T 0.0 0 M M M M M M 3 M M
12 92 74 83 -1 0 18 1.14 0.0 0 M M M M M M 3 M M
13 92 77 85 1 0 20 0.91 0.0 0 M M M M M M 3 M M
14 91 76 84 0 0 19 0.28 0.0 0 M M M M M M M M
15 93 75 84 0 0 19 0.00 0.0 0 M M M M M M M M
16 93 74 84 0 0 19 0.00 0.0 0 M M M M M M M M
17 96 76 86 2 0 21 0.02 0.0 0 M M M M M M M M
18 96 71 84 0 0 19 1.49 0.0 0 M M M M M M 3 M M
19 80 72 76 -8 0 11 1.75 0.0 0 M M M M M M M M
20 90 75 83 -1 0 18 0.02 0.0 0 M M M M M M M M
21 91 77 84 0 0 19 0.03 0.0 0 M M M M M M M M
22 89 78 84 0 0 19 0.10 0.0 0 M M M M M M M M
23 91 79 85 1 0 20 0.08 0.0 0 M M M M M M M M
24 86 75 81 -3 0 16 0.88 0.0 0 M M M M M M 3 M M
25 88 76 82 -2 0 17 0.59 0.0 0 M M M M M M 3 M M
26 90 73 82 -2 0 17 1.91 0.0 0 M M M M M M 3 M M
27 88 75 82 -1 0 17 0.01 0.0 0 M M M M M M M M
28 92 76 84 1 0 19 0.07 0.0 0 M M M M M M M M
29 88 74 81 -2 0 16 1.58 0.0 0 M M M M M M 3 M M
30 90 74 82 -1 0 17 0.01 0.0 0 M M M M M M M M
31 92 77 85 2 0 20 0.00 0.0 0 M M M M M M M M
================================================================================
SM 2834 2338 0 578 11.67 0.0 M M M
================================================================================
AV 91.4 75.4 M FASTST M M M MAX(MPH)
MISC ----> M M M M
================================================================================
NOTES:
# LAST OF SEVERAL OCCURRENCES
COLUMN 17 PEAK WIND IN M.P.H.
PRELIMINARY LOCAL CLIMATOLOGICAL DATA (WS FORM: F-6) , PAGE 2
STATION: DICKINSON WFO
MONTH: AUGUST
YEAR: 2022
LATITUDE: 29 28 N
LONGITUDE: 95 5 W
[TEMPERATURE DATA] [PRECIPITATION DATA] SYMBOLS USED IN COLUMN 16
AVERAGE MONTHLY: 83.4 TOTAL FOR MONTH: 11.67 1 = FOG OR MIST
DPTR FM NORMAL: -0.7 DPTR FM NORMAL: 5.03 2 = FOG REDUCING VISIBILITY
HIGHEST: 96 ON 18,17 GRTST 24HR 1.91 ON 26-26 TO 1/4 MILE OR LESS
LOWEST: 71 ON 18 3 = THUNDER
SNOW, ICE PELLETS, HAIL 4 = ICE PELLETS
TOTAL MONTH: 0.0 INCH 5 = HAIL
GRTST 24HR 0.0 6 = FREEZING RAIN OR DRIZZLE
GRTST DEPTH: 0 7 = DUSTSTORM OR SANDSTORM:
VSBY 1/2 MILE OR LESS
8 = SMOKE OR HAZE
[NO. OF DAYS WITH] [WEATHER - DAYS WITH] 9 = BLOWING SNOW
X = TORNADO
MAX 32 OR BELOW: 0 0.01 INCH OR MORE: 22
MAX 90 OR ABOVE: 24 0.10 INCH OR MORE: 12
MIN 32 OR BELOW: 0 0.50 INCH OR MORE: 9
MIN 0 OR BELOW: 0 1.00 INCH OR MORE: 5
[HDD (BASE 65) ]
TOTAL THIS MO. 0 CLEAR (SCALE 0-3) 0
DPTR FM NORMAL 0 PTCLDY (SCALE 4-7) 0
TOTAL FM JUL 1 0 CLOUDY (SCALE 8-10) 31
DPTR FM NORMAL 0
[CDD (BASE 65) ]
TOTAL THIS MO. 578
DPTR FM NORMAL -14 [PRESSURE DATA]
TOTAL FM JAN 1 2596 HIGHEST SLP M ON M
DPTR FM NORMAL 208 LOWEST SLP M ON M
[REMARKS]
#FINAL-08-22#