000
CXUS56 KPQR 011201
CF6HIO
PRELIMINARY LOCAL CLIMATOLOGICAL DATA (WS FORM: F-6)
STATION: HILLSBORO OR
MONTH: FEBRUARY
YEAR: 2024
LATITUDE: 45 32 N
LONGITUDE: 122 57 W
TEMPERATURE IN F: :PCPN: SNOW: WIND :SUNSHINE: SKY :PK WND
================================================================================
1 2 3 4 5 6A 6B 7 8 9 10 11 12 13 14 15 16 17 18
12Z AVG MX 2MIN
DY MAX MIN AVG DEP HDD CDD WTR SNW DPTH SPD SPD DIR MIN PSBL S-S WX SPD DR
================================================================================
1 60 44 52 11 13 0 T M M 5.7 21 180 M M 7 1 27 170
2 54 36 45 4 20 0 T M M 6.5 17 180 M M 4 21 180
3 54 30 42 1 23 0 0.00 M M 1.3 8 240 M M 1 1 12 230
4 56 27 42 1 23 0 0.00 M M 7.9 23 80 M M 4 12 34 70
5 49 43 46 5 19 0 0.26 M M 3.7 17 80 M M 10 1 23 90
6 51 43 47 6 18 0 0.05 M M 1.0 8 270 M M 10 1 10 280
7 51 34 43 2 22 0 0.01 M M 2.0 9 280 M M 7 1 11 280
8 50 33 42 0 23 0 0.01 M M 2.4 16 340 M M 7 20 340
9 45 40 43 1 22 0 0.08 M M 2.3 7 160 M M 10 1 9 170
10 49 38 44 2 21 0 0.00 M M 1.4 7 250 M M 7 10 220
11 57 36 47 5 18 0 0.02 M M 6.9 20 210 M M 8 1 32 240
12 52 36 44 2 21 0 0.01 M M 6.4 15 350 M M 8 1 19 350
13 49 32 41 -1 24 0 0.00 M M 2.3 7 280 M M 6 128 10 310
14 42 34 38 -4 27 0 0.75 M M 6.2 21 80 M M 10 12 29 80
15 50 37 44 2 21 0 0.33 M M 5.8 16 110 M M 9 1 22 110
16 44 38 41 -1 24 0 0.06 M M 13.8 25 90 M M 5 38 90
17 44 39 42 0 23 0 0.20 M M 12.2 25 90 M M 10 37 80
18 49 39 44 2 21 0 0.11 M M 2.5 10 140 M M 8 1 15 130
19 55 43 49 6 16 0 0.13 M M 4.5 13 90 M M 7 1 17 140
20 54 40 47 4 18 0 0.23 M M 3.0 12 230 M M 10 1 16 230
21 54 46 50 7 15 0 0.05 M M 9.0 16 160 M M 10 1 22 180
22 58 38 48 5 17 0 0.00 M M 2.6 8 10 M M 6 1 11 20
23 62 32 47 4 18 0 0.00 M M 1.2 7 210 M M 2 12 10 80
24 56 33 45 2 20 0 0.00 M M 1.7 10 20 M M 4 1 14 40
25 54 42 48 4 17 0 0.22 M M 6.0 15 320 M M 9 1 21 210
26 42 34 38 -6 27 0 0.23 M M 6.9 23 310 M M 7 1 30 310
27 46 33 40 -4 25 0 0.06 M M 6.5 20 190 M M 9 18 31 210
28 51 46 49 5 16 0 0.48 M M 15.0 24 180 M M 10 1 34 180
29 50 34 42 -2 23 0 0.74 M M 11.4 23 160 M M 10 1 31 160
================================================================================
SM 1488 1080 595 0 4.03 M 158.1 M 215
================================================================================
AV 51.3 37.2 5.5 FASTST M M 7 MAX(MPH)
MISC ----> # 25 90 38 90
================================================================================
NOTES:
# LAST OF SEVERAL OCCURRENCES
COLUMN 17 PEAK WIND IN M.P.H.
PRELIMINARY LOCAL CLIMATOLOGICAL DATA (WS FORM: F-6) , PAGE 2
STATION: HILLSBORO OR
MONTH: FEBRUARY
YEAR: 2024
LATITUDE: 45 32 N
LONGITUDE: 122 57 W
[TEMPERATURE DATA] [PRECIPITATION DATA] SYMBOLS USED IN COLUMN 16
AVERAGE MONTHLY: 44.3 TOTAL FOR MONTH: 4.03 1 = FOG OR MIST
DPTR FM NORMAL: 2.0 DPTR FM NORMAL: 0.06 2 = FOG REDUCING VISIBILITY
HIGHEST: 62 ON 23 GRTST 24HR 0.93 ON 28-29 TO 1/4 MILE OR LESS
LOWEST: 27 ON 4 3 = THUNDER
SNOW, ICE PELLETS, HAIL 4 = ICE PELLETS
TOTAL MONTH: M 5 = HAIL
GRTST 24HR M ON M 6 = FREEZING RAIN OR DRIZZLE
GRTST DEPTH: M ON M 7 = DUSTSTORM OR SANDSTORM:
VSBY 1/2 MILE OR LESS
8 = SMOKE OR HAZE
[NO. OF DAYS WITH] [WEATHER - DAYS WITH] 9 = BLOWING SNOW
X = TORNADO
MAX 32 OR BELOW: 0 0.01 INCH OR MORE: 20
MAX 90 OR ABOVE: 0 0.10 INCH OR MORE: 11
MIN 32 OR BELOW: 4 0.50 INCH OR MORE: 2
MIN 0 OR BELOW: 0 1.00 INCH OR MORE: 0
[HDD (BASE 65) ]
TOTAL THIS MO. 595 CLEAR (SCALE 0-3) 2
DPTR FM NORMAL -42 PTCLDY (SCALE 4-7) 15
TOTAL FM JUL 1 3061 CLOUDY (SCALE 8-10) 12
DPTR FM NORMAL -368
[CDD (BASE 65) ]
TOTAL THIS MO. 0
DPTR FM NORMAL 0 [PRESSURE DATA]
TOTAL FM JAN 1 0 HIGHEST SLP 30.34 ON 23
DPTR FM NORMAL 0 LOWEST SLP 29.42 ON 5
[REMARKS]
#FINAL-02-24#