000
CXUS53 KGID 011649
CF6HJH
PRELIMINARY LOCAL CLIMATOLOGICAL DATA (WS FORM: F-6)
STATION: HEBRON NE
MONTH: JULY
YEAR: 2022
LATITUDE: 40 9 N
LONGITUDE: 97 35 W
TEMPERATURE IN F: :PCPN: SNOW: WIND :SUNSHINE: SKY :PK WND
================================================================================
1 2 3 4 5 6A 6B 7 8 9 10 11 12 13 14 15 16 17 18
12Z AVG MX 2MIN
DY MAX MIN AVG DEP HDD CDD WTR SNW DPTH SPD SPD DIR MIN PSBL S-S WX SPD DR
================================================================================
1 81 68 75 M 0 10 0.10 M M 8.8 15 70 M M 5 21 70
2 82 67 75 M 0 10 0.31 M M 6.1 10 130 M M 7 M M
3 86 65 76 M 0 11 0.00 M M 7.6 15 140 M M 7 12 22 130
4 100 73 87 M 0 22 0.00 M M 11.7 21 200 M M 0 28 200
5 98 73 86 M 0 21 0.08 M M 9.6 17 170 M M 1 23 200
6 89 70 80 M 0 15 0.64 M M 7.9 17 340 M M 4 3 30 110
7 86 71 79 M 0 14 1.81 M M 4.7 9 170 M M 7 3 31 170
8 84 71 78 M 0 13 0.00 M M 6.4 12 360 M M 6 1 17 360
9 86 67 77 M 0 12 0.00 M M 4.7 9 140 M M 2 1 M M
10 93 69 81 M 0 16 0.00 M M 10.0 16 190 M M 0 23 180
11 85 64 75 M 0 10 0.00 M M 0.0 M M M M 0 M M
12 85 59 72 M 0 7 0.00 M M 2.1 8 10 M M 1 M M
13 91 68 80 M 0 15 0.00 M M 6.6 10 170 M M 1 M M
14 95 71 83 M 0 18 0.00 M M 10.2 18 160 M M 0 3 25 190
15 94 71 83 M 0 18 0.00 M M 4.8 12 200 M M 0 18 200
16 87 71 79 M 0 14 1.33 M M 5.4 13 90 M M 0 13 39 350
17 85 69 77 M 0 12 0.00 M M 3.6 9 10 M M 3 1 M M
18 89 62 76 M 0 11 0.00 M M 4.6 10 150 M M 0 1 M M
19 91 67 79 M 0 14 0.00 M M 6.0 12 200 M M 0 20 200
20 88 64 76 M 0 11 0.00 M M 3.7 9 20 M M 0 M M
21 91 64 78 M 0 13 0.00 M M 3.3 8 120 M M 0 M M
22 96 67 82 M 0 17 0.00 M M 6.1 13 200 M M 0 18 210
23 100 70 85 M 0 20 T M M 9.2 17 210 M M 0 3 24 210
24 84 68 76 M 0 11 0.07 M M 6.4 13 70 M M 1 23 10
25 70 63 67 M 0 2 0.53 M M 6.2 10 80 M M 10 16 120
26 81 62 72 M 0 7 0.00 M M 3.6 9 180 M M 4 17 20
27 86 65 76 M 0 11 0.02 M M 1.0 6 70 M M 2 1 M M
28 81 61 71 M 0 6 0.09 M M 4.8 12 20 M M 2 17 50
29 78 56 67 M 0 2 0.00 M M 1.1 5 210 M M 0 1 M M
30 81 53 67 M 0 2 0.00 M M 3.4 12 170 M M 1 16 160
31 90 62 76 M 0 11 0.00 M M 5.3 12 220 M M 1 1 17 210
================================================================================
SM 2713 2051 0 376 4.98 M 174.9 M 65
================================================================================
AV 87.5 66.2 5.6 FASTST M M 2 MAX(MPH)
MISC ----> M M M M
================================================================================
NOTES:
# LAST OF SEVERAL OCCURRENCES
COLUMN 17 PEAK WIND IN M.P.H.
PRELIMINARY LOCAL CLIMATOLOGICAL DATA (WS FORM: F-6) , PAGE 2
STATION: HEBRON NE
MONTH: JULY
YEAR: 2022
LATITUDE: 40 9 N
LONGITUDE: 97 35 W
[TEMPERATURE DATA] [PRECIPITATION DATA] SYMBOLS USED IN COLUMN 16
AVERAGE MONTHLY: 76.8 TOTAL FOR MONTH: 4.98 1 = FOG OR MIST
DPTR FM NORMAL: M DPTR FM NORMAL: M 2 = FOG REDUCING VISIBILITY
HIGHEST: 100 ON 23, 4 GRTST 24HR 1.81 ON 7- 7 TO 1/4 MILE OR LESS
LOWEST: 53 ON 30 3 = THUNDER
SNOW, ICE PELLETS, HAIL 4 = ICE PELLETS
TOTAL MONTH: M 5 = HAIL
GRTST 24HR M ON M 6 = FREEZING RAIN OR DRIZZLE
GRTST DEPTH: M ON M 7 = DUSTSTORM OR SANDSTORM:
VSBY 1/2 MILE OR LESS
8 = SMOKE OR HAZE
[NO. OF DAYS WITH] [WEATHER - DAYS WITH] 9 = BLOWING SNOW
X = TORNADO
MAX 32 OR BELOW: 0 0.01 INCH OR MORE: 10
MAX 90 OR ABOVE: 11 0.10 INCH OR MORE: 6
MIN 32 OR BELOW: 0 0.50 INCH OR MORE: 4
MIN 0 OR BELOW: 0 1.00 INCH OR MORE: 2
[HDD (BASE 65) ]
TOTAL THIS MO. 0 CLEAR (SCALE 0-3) 23
DPTR FM NORMAL M PTCLDY (SCALE 4-7) 7
TOTAL FM JUL 1 0 CLOUDY (SCALE 8-10) 1
DPTR FM NORMAL M
[CDD (BASE 65) ]
TOTAL THIS MO. 376
DPTR FM NORMAL M [PRESSURE DATA]
TOTAL FM JAN 1 869 HIGHEST SLP M ON M
DPTR FM NORMAL M LOWEST SLP M ON M
[REMARKS]
#FINAL-07-22#