000
CXUS53 KGID 011711
CF6HJH
PRELIMINARY LOCAL CLIMATOLOGICAL DATA (WS FORM: F-6)
STATION: HEBRON NE
MONTH: APRIL
YEAR: 2022
LATITUDE: 40 9 N
LONGITUDE: 97 35 W
TEMPERATURE IN F: :PCPN: SNOW: WIND :SUNSHINE: SKY :PK WND
================================================================================
1 2 3 4 5 6A 6B 7 8 9 10 11 12 13 14 15 16 17 18
12Z AVG MX 2MIN
DY MAX MIN AVG DEP HDD CDD WTR SNW DPTH SPD SPD DIR MIN PSBL S-S WX SPD DR
================================================================================
1 66 25 46 M 19 0 T M M 9.1 24 150 M M 3 31 150
2 63 32 48 M 17 0 0.00 M M 7.6 15 320 M M 0 20 320
3 66 40 53 M 12 0 T M M 5.8 15 180 M M 3 18 0
4 64 31 48 M 17 0 0.00 M M 7.0 12 160 M M 0 18 170
5 67 45 56 M 9 0 T M M 9.1 16 340 M M 6 23 340
6 57 37 47 M 18 0 0.00 M M 17.4 32 310 M M 4 44 310
7 47 38 43 M 22 0 T M M 21.7 32 320 M M 7 48 320
8 56 26 41 M 24 0 0.00 M M 15.6 24 350 M M 1 35 340
9 72 21 47 M 18 0 0.00 M M 9.4 22 160 M M 0 8 31 170
10 68 42 55 M 10 0 0.00 M M 12.5 22 310 M M 0 33 310
11 68 40 54 M 11 0 0.00 M M 6.5 17 130 M M 1 25 130
12 92 45 69 M 0 4 0.00 M M 23.5 35 200 M M 4 18 46 200
13 53 30 42 M 23 0 0.00 M M 15.2 27 320 M M 3 39 320
14 61 26 44 M 21 0 0.00 M M 9.5 18 250 M M 1 31 250
15 53 29 41 M 24 0 0.00 M M 10.0 17 40 M M 0 24 30
16 53 30 42 M 23 0 0.00 M M 10.9 16 30 M M 2 24 20
17 54 33 44 M 21 0 T M M 8.1 14 130 M M 6 18 130
18 58 34 46 M 19 0 0.00 M M 8.4 18 340 M M 2 27 330
19 59 30 45 M 20 0 0.00 M M 15.6 27 160 M M 7 39 170
20 73 48 61 M 4 0 0.03 M M 11.1 23 150 M M 6 29 150
21 78 38 58 M 7 0 T M M 11.9 24 130 M M 7 12 35 130
22 84 66 75 M 0 10 0.00 M M 23.7 31 170 M M 7 45 170
23 81 49 65 M 0 0 M M M 22.4 31 240 M M 3 41 170
24 63 41 52 M 13 0 0.00 M M 14.0 24 320 M M 3 36 290
25 60 32 46 M 19 0 0.00 M M 11.8 21 350 M M 1 28 340
26 73 24 49 M 16 0 0.00 M M 10.0 23 190 M M 0 30 190
27 83 52 68 M 0 3 0.00 M M 17.6 27 210 M M 1 36 210
28 85 59 72 M 0 7 T M M 13.0 31 170 M M 4 37 180
29 76 52 64 M 1 0 0.04 M M 16.6 28 330 M M 6 3 40 330
30 58 47 53 M 12 0 M M M 17.5 29 310 M M 9 43 310
================================================================================
SM 1991 1142 400 24 M M 392.5 M 97
================================================================================
AV 66.4 38.1 13.1 FASTST M M 3 MAX(MPH)
MISC ----> 35 200 48 320
================================================================================
NOTES:
# LAST OF SEVERAL OCCURRENCES
COLUMN 17 PEAK WIND IN M.P.H.
PRELIMINARY LOCAL CLIMATOLOGICAL DATA (WS FORM: F-6) , PAGE 2
STATION: HEBRON NE
MONTH: APRIL
YEAR: 2022
LATITUDE: 40 9 N
LONGITUDE: 97 35 W
[TEMPERATURE DATA] [PRECIPITATION DATA] SYMBOLS USED IN COLUMN 16
AVERAGE MONTHLY: 52.2 TOTAL FOR MONTH: M 1 = FOG OR MIST
DPTR FM NORMAL: M DPTR FM NORMAL: M 2 = FOG REDUCING VISIBILITY
HIGHEST: 92 ON 12 GRTST 24HR M TO 1/4 MILE OR LESS
LOWEST: 21 ON 9 3 = THUNDER
SNOW, ICE PELLETS, HAIL 4 = ICE PELLETS
TOTAL MONTH: M 5 = HAIL
GRTST 24HR M ON M 6 = FREEZING RAIN OR DRIZZLE
GRTST DEPTH: M ON M 7 = DUSTSTORM OR SANDSTORM:
VSBY 1/2 MILE OR LESS
8 = SMOKE OR HAZE
[NO. OF DAYS WITH] [WEATHER - DAYS WITH] 9 = BLOWING SNOW
X = TORNADO
MAX 32 OR BELOW: 0 0.01 INCH OR MORE: M
MAX 90 OR ABOVE: 1 0.10 INCH OR MORE: M
MIN 32 OR BELOW: 12 0.50 INCH OR MORE: M
MIN 0 OR BELOW: 0 1.00 INCH OR MORE: M
[HDD (BASE 65) ]
TOTAL THIS MO. 400 CLEAR (SCALE 0-3) 17
DPTR FM NORMAL M PTCLDY (SCALE 4-7) 12
TOTAL FM JUL 1 4931 CLOUDY (SCALE 8-10) 1
DPTR FM NORMAL M
[CDD (BASE 65) ]
TOTAL THIS MO. 24
DPTR FM NORMAL M [PRESSURE DATA]
TOTAL FM JAN 1 24 HIGHEST SLP M ON M
DPTR FM NORMAL M LOWEST SLP M ON M
[REMARKS]
#FINAL-04-22#