000
CXUS53 KGID 011603
CF6HJH
PRELIMINARY LOCAL CLIMATOLOGICAL DATA (WS FORM: F-6)
STATION: HEBRON
MONTH: JUNE
YEAR: 2021
LATITUDE: 40 9 N
LONGITUDE: 97 35 W
TEMPERATURE IN F: :PCPN: SNOW: WIND :SUNSHINE: SKY :PK WND
================================================================================
1 2 3 4 5 6A 6B 7 8 9 10 11 12 13 14 15 16 17 18
12Z AVG MX 2MIN
DY MAX MIN AVG DEP HDD CDD WTR SNW DPTH SPD SPD DIR MIN PSBL S-S WX SPD DR
================================================================================
1 75 52 64 M 1 0 0.00 M M 2.7 9 140 M M 4 12 M M
2 80 51 66 M 0 1 0.00 M M 1.5 7 160 M M 3 12 M M
3 84 52 68 M 0 3 0.00 M M 5.1 10 190 M M 0 20 230
4 91 61 76 M 0 11 0.00 M M 7.5 12 200 M M 1 17 200
5 90 67 79 M 0 14 0.00 M M 11.6 21 170 M M 1 25 170
6 86 64 75 M 0 10 0.00 M M 10.5 17 200 M M 2 24 190
7 91 66 79 M 0 14 0.00 M M 8.0 14 180 M M 2 20 170
8 90 63 77 M 0 12 0.00 M M 4.6 10 140 M M 2 17 190
9 93 64 79 M 0 14 0.00 M M 4.7 12 130 M M 1 17 150
10 96 67 82 M 0 17 0.00 M M 8.4 15 140 M M 1 21 150
11 83 65 74 M 0 9 0.15 M M 8.6 23 70 M M 6 44 200
12 87 57 72 M 0 7 0.00 M M 5.1 13 30 M M 0 16 50
13 93 53 73 M 0 8 0.00 M M 3.8 12 160 M M 0 9 200
14 97 60 79 M 0 14 0.00 M M 2.6 8 190 M M 1 17 190
15 99 66 83 M 0 18 0.00 M M 2.1 5 110 M M 1 M M
16 102 67 85 M 0 20 0.00 M M 7.1 16 200 M M 0 21 200
17 104 71 88 M 0 23 0.00 M M 11.4 22 200 M M 0 28 200
18 95 71 83 M 0 18 T M M 6.9 16 210 M M 0 24 210
19 91 68 80 M 0 15 0.38 M M 9.5 25 280 M M 1 3 37 280
20 90 68 79 M 0 14 0.01 M M 8.8 17 360 M M 2 29 350
21 78 58 68 M 0 3 T M M 6.1 13 10 M M 3 20 340
22 91 56 74 M 0 9 0.00 M M 10.7 21 190 M M 1 27 190
23 93 69 81 M 0 16 0.00 M M 11.8 16 170 M M 0 25 170
24 87 69 78 M 0 13 0.22 M M 10.0 18 140 M M 4 3 33 50
25 87 69 78 M 0 13 0.01 M M 4.0 9 350 M M 5 1 21 10
26 81 62 72 M 0 7 0.00 M M 6.6 14 340 M M 7 21 350
27 85 59 72 M 0 7 0.00 M M 1.2 7 330 M M 3 1 M M
28 85 64 75 M 0 10 0.00 M M 2.7 10 130 M M 3 24 0
29 87 61 74 M 0 9 0.00 M M 2.6 8 40 M M 1 1 M M
30 86 63 75 M 0 10 0.00 M M 3.1 12 60 M M 3 12 M M
================================================================================
SM 2677 1883 1 339 0.77 M 189.3 M 58
================================================================================
AV 89.2 62.8 6.3 FASTST M M 2 MAX(MPH)
MISC ----> 25 280 M M
================================================================================
NOTES:
# LAST OF SEVERAL OCCURRENCES
COLUMN 17 PEAK WIND IN M.P.H.
PRELIMINARY LOCAL CLIMATOLOGICAL DATA (WS FORM: F-6) , PAGE 2
STATION: HEBRON
MONTH: JUNE
YEAR: 2021
LATITUDE: 40 9 N
LONGITUDE: 97 35 W
[TEMPERATURE DATA] [PRECIPITATION DATA] SYMBOLS USED IN COLUMN 16
AVERAGE MONTHLY: 76.0 TOTAL FOR MONTH: 0.77 1 = FOG OR MIST
DPTR FM NORMAL: 0.0 DPTR FM NORMAL: M 2 = FOG REDUCING VISIBILITY
HIGHEST: 104 ON 17 GRTST 24HR 0.38 ON 19-19 TO 1/4 MILE OR LESS
LOWEST: 51 ON 2 3 = THUNDER
SNOW, ICE PELLETS, HAIL 4 = ICE PELLETS
TOTAL MONTH: M 5 = HAIL
GRTST 24HR M ON M 6 = FREEZING RAIN OR DRIZZLE
GRTST DEPTH: M ON M 7 = DUSTSTORM OR SANDSTORM:
VSBY 1/2 MILE OR LESS
8 = SMOKE OR HAZE
[NO. OF DAYS WITH] [WEATHER - DAYS WITH] 9 = BLOWING SNOW
X = TORNADO
MAX 32 OR BELOW: 0 0.01 INCH OR MORE: 5
MAX 90 OR ABOVE: 16 0.10 INCH OR MORE: 3
MIN 32 OR BELOW: 0 0.50 INCH OR MORE: 0
MIN 0 OR BELOW: 0 1.00 INCH OR MORE: 0
[HDD (BASE 65) ]
TOTAL THIS MO. 1 CLEAR (SCALE 0-3) 22
DPTR FM NORMAL M PTCLDY (SCALE 4-7) 8
TOTAL FM JUL 1 5469 CLOUDY (SCALE 8-10) 0
DPTR FM NORMAL -346
[CDD (BASE 65) ]
TOTAL THIS MO. 339
DPTR FM NORMAL M [PRESSURE DATA]
TOTAL FM JAN 1 439 HIGHEST SLP M ON M
DPTR FM NORMAL 428 LOWEST SLP M ON M
[REMARKS]
#FINAL-06-21#