000
CXUS54 KJAN 020446
CF6HKS
PRELIMINARY LOCAL CLIMATOLOGICAL DATA (WS FORM: F-6)
STATION: JACKSON HAWKINS
MONTH: JUNE
YEAR: 2021
LATITUDE: 32 20 N
LONGITUDE: 90 14 W
TEMPERATURE IN F: :PCPN: SNOW: WIND :SUNSHINE: SKY :PK WND
================================================================================
1 2 3 4 5 6A 6B 7 8 9 10 11 12 13 14 15 16 17 18
12Z AVG MX 2MIN
DY MAX MIN AVG DEP HDD CDD WTR SNW DPTH SPD SPD DIR MIN PSBL S-S WX SPD DR
================================================================================
1 89 65 77 -1 0 12 0.51 0.0 0 6.7 20 170 M M 3 1 25 170
2 85 71 78 0 0 13 0.74 0.0 0 6.9 20 190 M M 6 123 27 170
3 86 70 78 0 0 13 0.00 0.0 0 2.2 10 290 M M 2 12 14 300
4 82 69 76 -3 0 11 T 0.0 0 2.3 15 130 M M 4 23 150
5 84 71 78 -1 0 13 0.04 0.0 0 7.3 17 150 M M 8 1 23 140
6 75 70 73 -6 0 8 0.45 0.0 0 7.7 17 120 M M 8 13 24 130
7 89 71 80 1 0 15 1.32 0.0 0 6.2 28 170 M M 7 138 44 180
8 91 71 81 2 0 16 0.08 0.0 0 7.6 28 240 M M 6 13 42 240
9 90 72 81 1 0 16 0.03 0.0 0 7.0 20 280 M M 5 13 26 280
10 80 72 76 -4 0 11 0.14 0.0 0 4.4 15 200 M M 6 1 22 350
11 90 72 81 1 0 16 0.00 0.0 0 5.3 14 250 M M 1 1 20 250
12 92 76 84 4 0 19 0.00 0.0 0 5.4 13 290 M M 2 20 290
13 95 74 85 5 0 20 T 0.0 0 5.4 21 60 M M 1 13 30 60
14 96 70 83 3 0 18 0.12 0.0 0 2.6 22 110 M M 1 13 33 100
15 96 73 85 5 0 20 0.00 0.0 0 2.9 10 320 M M 0 1 17 330
16 89 70 80 -1 0 15 0.00 0.0 0 4.5 15 80 M M 0 22 80
17 90 66 78 -3 0 13 0.00 0.0 0 3.9 14 120 M M 0 20 60
18 90 67 79 -2 0 14 0.00 0.0 0 7.5 17 130 M M 2 24 120
19 86 72 79 -2 0 14 0.13 0.0 0 6.2 17 130 M M 6 1 25 100
20 93 70 82 1 0 17 0.00 0.0 0 7.1 17 170 M M 1 23 220
21 92 70 81 0 0 16 1.67 0.0 0 7.7 26 210 M M 7 123 37 210
22 84 68 76 -5 0 11 T 0.0 0 4.6 12 280 M M 5 1 17 360
23 90 67 79 -2 0 14 T 0.0 0 3.0 9 150 M M 7 13 140
24 94 75 85 4 0 20 0.00 0.0 0 5.4 17 140 M M 4 1 24 130
25 90 73 82 0 0 17 0.03 0.0 0 7.3 20 150 M M 4 3 26 150
26 91 74 83 1 0 18 T 0.0 0 8.6 15 160 M M 4 21 150
27 91 73 82 0 0 17 0.00 0.0 0 7.5 23 170 M M 2 31 170
28 92 75 84 2 0 19 0.00 0.0 0 9.0 17 160 M M 3 24 130
29 91 73 82 0 0 17 0.00 0.0 0 5.4 15 210 M M 2 19 220
30 92 72 82 0 0 17 T 0.0 0 3.3 16 280 M M 2 21 200
================================================================================
SM 2675 2132 0 460 5.26 0.0 170.9 M 109
================================================================================
AV 89.2 71.1 5.7 FASTST M M 4 MAX(MPH)
MISC ----> # 28 170 44 180
================================================================================
NOTES:
# LAST OF SEVERAL OCCURRENCES
COLUMN 17 PEAK WIND IN M.P.H.
PRELIMINARY LOCAL CLIMATOLOGICAL DATA (WS FORM: F-6) , PAGE 2
STATION: JACKSON HAWKINS
MONTH: JUNE
YEAR: 2021
LATITUDE: 32 20 N
LONGITUDE: 90 14 W
[TEMPERATURE DATA] [PRECIPITATION DATA] SYMBOLS USED IN COLUMN 16
AVERAGE MONTHLY: 80.1 TOTAL FOR MONTH: 5.26 1 = FOG OR MIST
DPTR FM NORMAL: -0.2 DPTR FM NORMAL: 1.34 2 = FOG REDUCING VISIBILITY
HIGHEST: 96 ON 15,14 GRTST 24HR 1.67 ON 21-21 TO 1/4 MILE OR LESS
LOWEST: 65 ON 1 3 = THUNDER
SNOW, ICE PELLETS, HAIL 4 = ICE PELLETS
TOTAL MONTH: 0.0 INCH 5 = HAIL
GRTST 24HR 0.0 6 = FREEZING RAIN OR DRIZZLE
GRTST DEPTH: 0 7 = DUSTSTORM OR SANDSTORM:
VSBY 1/2 MILE OR LESS
8 = SMOKE OR HAZE
[NO. OF DAYS WITH] [WEATHER - DAYS WITH] 9 = BLOWING SNOW
X = TORNADO
MAX 32 OR BELOW: 0 0.01 INCH OR MORE: 12
MAX 90 OR ABOVE: 19 0.10 INCH OR MORE: 8
MIN 32 OR BELOW: 0 0.50 INCH OR MORE: 4
MIN 0 OR BELOW: 0 1.00 INCH OR MORE: 2
[HDD (BASE 65) ]
TOTAL THIS MO. 0 CLEAR (SCALE 0-3) 14
DPTR FM NORMAL 0 PTCLDY (SCALE 4-7) 15
TOTAL FM JUL 1 2100 CLOUDY (SCALE 8-10) 1
DPTR FM NORMAL -23
[CDD (BASE 65) ]
TOTAL THIS MO. 460
DPTR FM NORMAL 1 [PRESSURE DATA]
TOTAL FM JAN 1 856 HIGHEST SLP 30.15 ON 29
DPTR FM NORMAL -31 LOWEST SLP 29.74 ON 13
[REMARKS]
#FINAL-06-21#