000
CXUS53 KGLD 010800
CF6HLC
PRELIMINARY LOCAL CLIMATOLOGICAL DATA (WS FORM: F-6)
STATION: HILL CITY KS
MONTH: FEBRUARY
YEAR: 2023
LATITUDE: 39 22 N
LONGITUDE: 99 50 W
TEMPERATURE IN F: :PCPN: SNOW: WIND :SUNSHINE: SKY :PK WND
================================================================================
1 2 3 4 5 6A 6B 7 8 9 10 11 12 13 14 15 16 17 18
12Z AVG MX 2MIN
DY MAX MIN AVG DEP HDD CDD WTR SNW DPTH SPD SPD DIR MIN PSBL S-S WX SPD DR
================================================================================
1 37 4 21 -10 44 0 0.00 M M 6.5 12 270 M M 0 16 270
2 37 13 25 -6 40 0 0.00 M M 9.2 22 360 M M 0 29 360
3 41 8 25 -6 40 0 0.00 M M 6.6 14 200 M M 2 1 20 190
4 50 17 34 3 31 0 0.00 M M 6.8 15 310 M M 0 21 320
5 52 27 40 9 25 0 0.00 M M 6.3 14 280 M M 0 18 280
6 48 25 37 6 28 0 0.00 M M 9.0 22 310 M M 0 31 310
7 50 26 38 7 27 0 0.00 M M 7.5 17 330 M M 0 24 330
8 55 21 38 7 27 0 0.00 M M 5.6 14 310 M M 0 19 310
9 42 28 35 3 30 0 0.00 M M 18.1 32 340 M M 6 44 330
10 45 17 31 -1 34 0 0.00 M M 5.9 12 340 M M 0 17 350
11 60 22 41 9 24 0 0.00 M M 9.9 21 210 M M 0 28 220
12 53 21 37 5 28 0 0.00 M M 9.3 24 330 M M 0 32 350
13 64 21 43 11 22 0 0.00 M M 9.5 23 190 M M 1 30 190
14 49 35 42 9 23 0 0.03 M M 11.2 28 310 M M 7 1 37 310
15 37 18 28 -5 37 0 0.07 M M 15.8 25 10 M M 10 18 35 10
16 31 10 21 -12 44 0 T M M 14.6 25 340 M M 5 18 35 330
17 40 7 24 -9 41 0 0.00 M M 9.0 18 220 M M 0 27 240
18 47 21 34 0 31 0 0.00 M M 8.1 21 210 M M 0 32 200
19 52 20 36 2 29 0 0.00 M M 6.6 14 310 M M 1 19 290
20 56 25 41 7 24 0 0.00 M M 5.9 15 330 M M 1 21 310
21 65 26 46 12 19 0 0.00 M M 9.2 25 180 M M 1 44 170
22 42 9 26 -9 39 0 T M M 17.8 33 10 M M 10 189 45 10
23 20 1 11 -24 54 0 T M M 12.9 24 330 M M 2 8 33 330
24 32 5 19 -17 46 0 T M M 6.9 14 140 M M 4 8 20 170
25 58 11 35 -1 30 0 0.00 M M 3.8 16 220 M M 0 25 210
26 73 22 48 12 17 0 0.34 M M 7.1 18 300 M M 2 13 29 120
27 61 31 46 9 19 0 0.01 M M 16.4 33 320 M M 1 51 310
28 63 24 44 7 21 0 0.00 M M 8.0 25 340 M M 0 36 340
================================================================================
SM 1360 515 874 0 0.45 M 263.5 M 53
================================================================================
AV 48.6 18.4 9.4 FASTST M M 2 MAX(MPH)
MISC ----> # 33 10 51 310
================================================================================
NOTES:
# LAST OF SEVERAL OCCURRENCES
COLUMN 17 PEAK WIND IN M.P.H.
PRELIMINARY LOCAL CLIMATOLOGICAL DATA (WS FORM: F-6) , PAGE 2
STATION: HILL CITY KS
MONTH: FEBRUARY
YEAR: 2023
LATITUDE: 39 22 N
LONGITUDE: 99 50 W
[TEMPERATURE DATA] [PRECIPITATION DATA] SYMBOLS USED IN COLUMN 16
AVERAGE MONTHLY: 33.5 TOTAL FOR MONTH: 0.45 1 = FOG OR MIST
DPTR FM NORMAL: 0.4 DPTR FM NORMAL: 0.00 2 = FOG REDUCING VISIBILITY
HIGHEST: 73 ON 26 GRTST 24HR 0.35 ON 26-27 TO 1/4 MILE OR LESS
LOWEST: 1 ON 23 3 = THUNDER
SNOW, ICE PELLETS, HAIL 4 = ICE PELLETS
TOTAL MONTH: M 5 = HAIL
GRTST 24HR M ON M 6 = FREEZING RAIN OR DRIZZLE
GRTST DEPTH: M ON M 7 = DUSTSTORM OR SANDSTORM:
VSBY 1/2 MILE OR LESS
8 = SMOKE OR HAZE
[NO. OF DAYS WITH] [WEATHER - DAYS WITH] 9 = BLOWING SNOW
X = TORNADO
MAX 32 OR BELOW: 3 0.01 INCH OR MORE: 4
MAX 90 OR ABOVE: 0 0.10 INCH OR MORE: 1
MIN 32 OR BELOW: 27 0.50 INCH OR MORE: 0
MIN 0 OR BELOW: 0 1.00 INCH OR MORE: 0
[HDD (BASE 65) ]
TOTAL THIS MO. 874 CLEAR (SCALE 0-3) 22
DPTR FM NORMAL -19 PTCLDY (SCALE 4-7) 4
TOTAL FM JUL 1 4153 CLOUDY (SCALE 8-10) 2
DPTR FM NORMAL 2
[CDD (BASE 65) ]
TOTAL THIS MO. 0
DPTR FM NORMAL 0 [PRESSURE DATA]
TOTAL FM JAN 1 0 HIGHEST SLP M ON M
DPTR FM NORMAL 0 LOWEST SLP 29.16 ON 26
[REMARKS]
#FINAL-02-23#