000
CXUS54 KLZK 011130
CF6HOT
PRELIMINARY LOCAL CLIMATOLOGICAL DATA (WS FORM: F-6)
STATION: HOT SPRINGS MEMORIAL FIELD
MONTH: APRIL
YEAR: 2022
LATITUDE: 34 28 N
LONGITUDE: 93 6 W
TEMPERATURE IN F: :PCPN: SNOW: WIND :SUNSHINE: SKY :PK WND
================================================================================
1 2 3 4 5 6A 6B 7 8 9 10 11 12 13 14 15 16 17 18
12Z AVG MX 2MIN
DY MAX MIN AVG DEP HDD CDD WTR SNW DPTH SPD SPD DIR MIN PSBL S-S WX SPD DR
================================================================================
1 66 31 49 -10 16 0 0.00 M M 3.0 14 100 M M 0 18 90
2 74 47 61 2 4 0 0.02 M M 3.6 12 290 M M 4 1 17 320
3 77 45 61 1 4 0 0.00 M M 6.6 15 90 M M 0 1 20 80
4 79 55 67 7 0 2 0.18 M M 5.6 20 60 M M 2 13 23 60
5 75 56 66 6 0 1 0.69 M M 5.9 21 40 M M 5 13 28 40
6 74 51 63 3 2 0 T M M 7.3 18 300 M M 4 18 26 340
7 62 48 55 -6 10 0 0.00 M M 7.3 15 280 M M 2 30 280
8 56 36 46 -15 19 0 0.00 M M M M M M M M M M
9 73 31 52 -9 13 0 0.00 M M M M M M M M M M
10 82 59 71 10 0 6 0.00 M M M M M M M M M M
11 76 63 70 8 0 5 0.02 M M 7.9 17 200 M M 8 138 29 190
12 80 70 75 13 0 10 T M M 9.2 18 200 M M 9 13 28 190
13 71 45 58 -4 7 0 0.94 M M 7.0 22 210 M M 6 13 36 230
14 71 38 55 -7 10 0 0.00 M M 3.4 8 140 M M 0 M M
15 76 48 62 -1 3 0 T M M 6.2 18 170 M M 7 27 170
16 71 57 64 1 1 0 1.72 M M 7.4 22 80 M M 10 123 27 80
17 57 50 54 -9 11 0 0.04 M M 5.7 16 70 M M 10 13 20 80
18 69 49 59 -4 6 0 0.00 M M 5.1 14 340 M M 4 1 20 360
19 68 40 54 -10 11 0 0.00 M M 6.1 14 170 M M 0 19 140
20 67 50 59 -5 6 0 1.08 M M 6.1 15 120 M M 10 13 23 110
21 78 66 72 8 0 7 0.00 M M 5.4 10 160 M M 9 16 130
22 84 67 76 12 0 11 0.00 M M 7.6 17 180 M M 3 24 180
23 81 66 74 10 0 9 0.00 M M 8.3 17 200 M M 5 29 180
24 84 69 77 12 0 12 T M M 6.9 16 210 M M 6 26 230
25 73 57 65 0 0 0 0.75 M M 3.9 16 70 M M 6 1 23 290
26 71 48 60 -5 5 0 0.00 M M 5.9 15 80 M M 0 22 60
27 74 42 58 -8 7 0 0.00 M M 4.1 12 90 M M 0 15 110
28 80 49 65 -1 0 0 0.00 M M 5.3 13 190 M M 3 18 200
29 85 63 74 8 0 9 0.00 M M 8.8 18 190 M M 3 8 26 180
30 82 59 71 5 0 6 T M M 6.3 18 220 M M 5 3 29 200
================================================================================
SM 2216 1555 135 78 5.44 M 165.9 M 121
================================================================================
AV 73.9 51.8 6.1 FASTST M M 4 MAX(MPH)
MISC ----> # 22 80 36 230
================================================================================
NOTES:
# LAST OF SEVERAL OCCURRENCES
COLUMN 17 PEAK WIND IN M.P.H.
PRELIMINARY LOCAL CLIMATOLOGICAL DATA (WS FORM: F-6) , PAGE 2
STATION: HOT SPRINGS MEMORIAL FIELD
MONTH: APRIL
YEAR: 2022
LATITUDE: 34 28 N
LONGITUDE: 93 6 W
[TEMPERATURE DATA] [PRECIPITATION DATA] SYMBOLS USED IN COLUMN 16
AVERAGE MONTHLY: 62.9 TOTAL FOR MONTH: 5.44 1 = FOG OR MIST
DPTR FM NORMAL: 0.1 DPTR FM NORMAL: 0.35 2 = FOG REDUCING VISIBILITY
HIGHEST: 85 ON 29 GRTST 24HR 1.72 ON 16-16 TO 1/4 MILE OR LESS
LOWEST: 31 ON 1, 9 3 = THUNDER
SNOW, ICE PELLETS, HAIL 4 = ICE PELLETS
TOTAL MONTH: M 5 = HAIL
GRTST 24HR M ON M 6 = FREEZING RAIN OR DRIZZLE
GRTST DEPTH: M ON M 7 = DUSTSTORM OR SANDSTORM:
VSBY 1/2 MILE OR LESS
8 = SMOKE OR HAZE
[NO. OF DAYS WITH] [WEATHER - DAYS WITH] 9 = BLOWING SNOW
X = TORNADO
MAX 32 OR BELOW: 0 0.01 INCH OR MORE: 9
MAX 90 OR ABOVE: 0 0.10 INCH OR MORE: 6
MIN 32 OR BELOW: 2 0.50 INCH OR MORE: 5
MIN 0 OR BELOW: 0 1.00 INCH OR MORE: 2
[HDD (BASE 65) ]
TOTAL THIS MO. 135 CLEAR (SCALE 0-3) 10
DPTR FM NORMAL 4 PTCLDY (SCALE 4-7) 12
TOTAL FM JUL 1 2607 CLOUDY (SCALE 8-10) 8
DPTR FM NORMAL -228
[CDD (BASE 65) ]
TOTAL THIS MO. 78
DPTR FM NORMAL 16 [PRESSURE DATA]
TOTAL FM JAN 1 89 HIGHEST SLP 30.41 ON 26
DPTR FM NORMAL 7 LOWEST SLP 29.46 ON 6
[REMARKS]
#FINAL-04-22#