000
CXUS54 KLZK 250850
CF6HRO
PRELIMINARY LOCAL CLIMATOLOGICAL DATA (WS FORM: F-6)
STATION: HARRISON
MONTH: MARCH
YEAR: 2023
LATITUDE: 36 15 N
LONGITUDE: 93 9 W
TEMPERATURE IN F: :PCPN: SNOW: WIND :SUNSHINE: SKY :PK WND
================================================================================
1 2 3 4 5 6A 6B 7 8 9 10 11 12 13 14 15 16 17 18
12Z AVG MX 2MIN
DY MAX MIN AVG DEP HDD CDD WTR SNW DPTH SPD SPD DIR MIN PSBL S-S WX SPD DR
================================================================================
1 71 50 61 17 4 0 0.00 0.0 0 7.2 20 260 M M 1 30 270
2 55 41 48 3 17 0 1.52 0.0 0 8.1 18 110 M M 7 13 23 90
3 49 37 43 -2 22 0 1.26 0.0 0 8.9 22 300 M M 10 1 29 290
4 63 34 49 4 16 0 0.00 0.0 0 5.0 14 160 M M 1 1 17 160
5 71 41 56 10 9 0 0.00 0.0 0 12.7 22 160 M M 1 27 150
6 79 54 67 21 0 2 0.00 0.0 0 9.2 21 240 M M 0 32 270
7 64 45 55 9 10 0 0.00 0.0 0 9.8 22 140 M M 4 27 110
8 49 42 46 -1 19 0 0.86 0.0 0 9.0 20 150 M M 10 13 23 150
9 49 41 45 -2 20 0 0.22 0.0 0 8.6 16 320 M M 10 1 24 340
10 55 38 47 0 18 0 0.00 0.0 0 6.4 14 330 M M 4 23 260
11 43 37 40 -8 25 0 0.20 0.0 0 11.8 23 130 M M 8 13 29 130
12 52 37 45 -3 20 0 0.00 0.0 0 9.3 16 340 M M 5 1 23 350
13 43 26 35 -13 30 0 0.00 0.0 0 7.4 15 320 M M 1 21 320
14 49 20 35 -13 30 0 0.00 0.0 0 3.8 10 140 M M 0 14 140
15 61 30 46 -3 19 0 0.00 0.0 0 13.1 25 150 M M 0 32 160
16 57 35 46 -3 19 0 0.48 0.0 0 12.8 23 310 M M 7 1 34 170
17 46 28 37 -13 28 0 T 0.0 0 11.4 23 330 M M 3 35 340
18 38 23 31 -19 34 0 0.00 0.0 0 10.8 21 320 M M 2 30 310
19 42 18 30 -20 35 0 0.00 0.0 0 6.1 15 300 M M 0 20 300
20 57 20 39 -11 26 0 0.00 0.0 0 9.4 21 150 M M 3 8 25 170
21 47 39 43 -8 22 0 0.15 0.0 0 11.8 23 160 M M 10 1 29 150
22 77 45 61 10 4 0 0.00 0.0 0 8.7 20 230 M M 7 1 32 240
23 76 51 64 12 1 0 0.02 0.0 0 8.2 17 170 M M 8 26 280
24 59 48 54 2 11 0 2.33 0.0 0 8.8 20 260 M M 10 13 32 260
25 61 44 53 1 12 0 0.00 0.0 0 5.8 17 300 M M 6 26 300
26 69 40 55 3 10 0 T 0.0 0 6.9 16 330 M M 2 26 320
27 60 35 48 -5 17 0 0.00 0.0 0 5.8 15 330 M M 3 22 350
28 55 35 45 -8 20 0 0.00 0.0 0 6.1 17 340 M M 2 23 340
29 66 31 49 -4 16 0 0.00 0.0 0 6.5 15 140 M M 0 8 20 140
30 74 47 61 7 4 0 0.31 0.0 0 13.0 23 170 M M 8 13 30 170
31 81 55 68 14 0 3 0.04 0.0 0 12.5 33 240 M M 6 3 50 240
================================================================================
SM 1818 1167 518 5 7.39 0.0 274.9 M 139
================================================================================
AV 58.6 37.6 8.9 FASTST M M 4 MAX(MPH)
MISC ----> 33 240 50 240
================================================================================
NOTES:
# LAST OF SEVERAL OCCURRENCES
COLUMN 17 PEAK WIND IN M.P.H.
PRELIMINARY LOCAL CLIMATOLOGICAL DATA (WS FORM: F-6) , PAGE 2
STATION: HARRISON
MONTH: MARCH
YEAR: 2023
LATITUDE: 36 15 N
LONGITUDE: 93 9 W
[TEMPERATURE DATA] [PRECIPITATION DATA] SYMBOLS USED IN COLUMN 16
AVERAGE MONTHLY: 48.1 TOTAL FOR MONTH: 7.39 1 = FOG OR MIST
DPTR FM NORMAL: -1.1 DPTR FM NORMAL: 3.48 2 = FOG REDUCING VISIBILITY
HIGHEST: 81 ON 31 GRTST 24HR 2.78 ON 2- 3 TO 1/4 MILE OR LESS
LOWEST: 18 ON 19 3 = THUNDER
SNOW, ICE PELLETS, HAIL 4 = ICE PELLETS
TOTAL MONTH: 0.0 INCH 5 = HAIL
GRTST 24HR 0.0 6 = FREEZING RAIN OR DRIZZLE
GRTST DEPTH: 0 7 = DUSTSTORM OR SANDSTORM:
VSBY 1/2 MILE OR LESS
8 = SMOKE OR HAZE
[NO. OF DAYS WITH] [WEATHER - DAYS WITH] 9 = BLOWING SNOW
X = TORNADO
MAX 32 OR BELOW: 0 0.01 INCH OR MORE: 11
MAX 90 OR ABOVE: 0 0.10 INCH OR MORE: 9
MIN 32 OR BELOW: 8 0.50 INCH OR MORE: 4
MIN 0 OR BELOW: 0 1.00 INCH OR MORE: 3
[HDD (BASE 65) ]
TOTAL THIS MO. 518 CLEAR (SCALE 0-3) 15
DPTR FM NORMAL 21 PTCLDY (SCALE 4-7) 10
TOTAL FM JUL 1 3264 CLOUDY (SCALE 8-10) 6
DPTR FM NORMAL -309
[CDD (BASE 65) ]
TOTAL THIS MO. 5
DPTR FM NORMAL -3 [PRESSURE DATA]
TOTAL FM JAN 1 5 HIGHEST SLP 30.53 ON 19
DPTR FM NORMAL -4 LOWEST SLP 29.23 ON 3
[REMARKS]
#FINAL-03-23#