000
CXUS53 KGID 010830
CF6HSI
PRELIMINARY LOCAL CLIMATOLOGICAL DATA (WS FORM: F-6)
STATION: HASTINGS NE
MONTH: MARCH
YEAR: 2022
LATITUDE: 40 35 N
LONGITUDE: 98 26 W
TEMPERATURE IN F: :PCPN: SNOW: WIND :SUNSHINE: SKY :PK WND
================================================================================
1 2 3 4 5 6A 6B 7 8 9 10 11 12 13 14 15 16 17 18
12Z AVG MX 2MIN
DY MAX MIN AVG DEP HDD CDD WTR SNW DPTH SPD SPD DIR MIN PSBL S-S WX SPD DR
================================================================================
1 74 34 54 19 11 0 0.00 0.0 0 8.5 18 320 M M 0 24 320
2 78 37 58 23 7 0 0.00 0.0 0 9.1 21 50 M M 0 28 60
3 52 28 40 4 25 0 0.00 0.0 0 13.6 21 70 M M 3 18 30 130
4 73 30 52 16 13 0 T 0.0 0 13.3 26 200 M M 1 18 40 200
5 49 24 37 1 28 0 0.12 T 0 17.4 31 310 M M 8 138 39 310
6 32 16 24 -13 41 0 0.03 0.5 0 15.2 24 350 M M 4 1 32 340
7 37 14 26 -11 39 0 0.01 0.1 1 9.8 22 350 M M 2 1 31 350
8 50 15 33 -5 32 0 0.00 0.0 0 10.4 26 360 M M 0 37 360
9 25 11 18 -20 47 0 0.06 1.3 0 11.3 20 30 M M 7 1 30 20
10 24 11 18 -20 47 0 0.04 0.4 2 6.7 12 40 M M 7 1 17 40
11 30 7 19 -20 46 0 0.00 0.0 1 12.0 23 330 M M 1 30 340
12 49 3 26 -13 39 0 0.00 0.0 T 9.7 20 200 M M 1 30 210
13 69 28 49 9 16 0 0.00 0.0 0 7.6 17 180 M M 0 26 170
14 51 25 38 -2 27 0 0.00 0.0 0 14.8 31 360 M M 0 8 41 10
15 63 20 42 1 23 0 0.00 0.0 0 7.7 15 190 M M 0 23 210
16 72 32 52 11 13 0 0.00 0.0 0 11.4 21 30 M M 0 27 30
17 52 36 44 2 21 0 0.06 0.0 0 18.3 32 30 M M 8 1 47 20
18 56 27 42 0 23 0 0.00 0.0 0 11.0 23 360 M M 2 29 360
19 67 24 46 4 19 0 0.00 0.0 0 5.8 18 330 M M 0 30 340
20 77 39 58 15 7 0 0.00 0.0 0 13.3 30 210 M M 0 46 190
21 62 36 49 6 16 0 0.30 T 0 16.9 28 10 M M 4 1 38 10
22 50 33 42 -2 23 0 0.42 0.8 1 28.2 46 10 M M 6 18 60 10
23 44 26 35 -9 30 0 0.00 0.0 0 21.7 37 350 M M 6 47 350
24 57 26 42 -2 23 0 0.00 0.0 0 9.6 18 350 M M 5 25 330
25 57 30 44 -1 21 0 0.00 0.0 0 14.6 28 330 M M 3 39 350
26 52 27 40 -5 25 0 0.00 0.0 0 8.9 15 70 M M 0 21 80
27 49 29 39 -6 26 0 0.00 0.0 0 11.5 17 120 M M 2 24 80
28 60 29 45 -1 20 0 0.00 0.0 0 13.8 22 160 M M 0 34 150
29 83 37 60 14 5 0 0.00 0.0 0 20.3 46 330 M M 1 8 60 320
30 41 27 34 -12 31 0 0.02 0.4 0 25.6 38 340 M M 10 1 49 330
31 52 28 40 -7 25 0 T T T 11.8 23 340 M M 4 1 32 10
================================================================================
SM 1687 789 769 0 1.06 3.5 409.8 M 85
================================================================================
AV 54.4 25.5 13.2 FASTST M M 3 MAX(MPH)
MISC ----> # 46 10 # 60 10
================================================================================
NOTES:
# LAST OF SEVERAL OCCURRENCES
COLUMN 17 PEAK WIND IN M.P.H.
PRELIMINARY LOCAL CLIMATOLOGICAL DATA (WS FORM: F-6) , PAGE 2
STATION: HASTINGS NE
MONTH: MARCH
YEAR: 2022
LATITUDE: 40 35 N
LONGITUDE: 98 26 W
[TEMPERATURE DATA] [PRECIPITATION DATA] SYMBOLS USED IN COLUMN 16
AVERAGE MONTHLY: 39.9 TOTAL FOR MONTH: 1.06 1 = FOG OR MIST
DPTR FM NORMAL: -1.0 DPTR FM NORMAL: -0.27 2 = FOG REDUCING VISIBILITY
HIGHEST: 83 ON 29 GRTST 24HR 0.53 ON 21-22 TO 1/4 MILE OR LESS
LOWEST: 3 ON 12 3 = THUNDER
SNOW, ICE PELLETS, HAIL 4 = ICE PELLETS
TOTAL MONTH: 3.5 INCHES 5 = HAIL
GRTST 24HR 1.3 ON 9- 9 6 = FREEZING RAIN OR DRIZZLE
GRTST DEPTH: 2 ON 10 7 = DUSTSTORM OR SANDSTORM:
VSBY 1/2 MILE OR LESS
8 = SMOKE OR HAZE
[NO. OF DAYS WITH] [WEATHER - DAYS WITH] 9 = BLOWING SNOW
X = TORNADO
MAX 32 OR BELOW: 4 0.01 INCH OR MORE: 9
MAX 90 OR ABOVE: 0 0.10 INCH OR MORE: 3
MIN 32 OR BELOW: 24 0.50 INCH OR MORE: 0
MIN 0 OR BELOW: 0 1.00 INCH OR MORE: 0
[HDD (BASE 65) ]
TOTAL THIS MO. 769 CLEAR (SCALE 0-3) 19
DPTR FM NORMAL 21 PTCLDY (SCALE 4-7) 11
TOTAL FM JUL 1 4831 CLOUDY (SCALE 8-10) 1
DPTR FM NORMAL -428
[CDD (BASE 65) ]
TOTAL THIS MO. 0
DPTR FM NORMAL -1 [PRESSURE DATA]
TOTAL FM JAN 1 0 HIGHEST SLP 30.46 ON 11
DPTR FM NORMAL -1 LOWEST SLP 29.10 ON 29
[REMARKS]
#FINAL-03-22#