000
CXUS54 KHUN 010810
CF6HSV
PRELIMINARY LOCAL CLIMATOLOGICAL DATA (WS FORM: F-6)
STATION: HUNTSVILLE
MONTH: AUGUST
YEAR: 2021
LATITUDE: 34 39 N
LONGITUDE: 86 46 W
TEMPERATURE IN F: :PCPN: SNOW: WIND :SUNSHINE: SKY :PK WND
================================================================================
1 2 3 4 5 6A 6B 7 8 9 10 11 12 13 14 15 16 17 18
12Z AVG MX 2MIN
DY MAX MIN AVG DEP HDD CDD WTR SNW DPTH SPD SPD DIR MIN PSBL S-S WX SPD DR
================================================================================
1 85 70 78 -3 0 13 0.61 0.0 0 5.0 14 30 M M 5 13 18 40
2 84 69 77 -4 0 12 0.00 0.0 0 3.5 9 20 M M 7 1 11 10
3 86 64 75 -6 0 10 0.00 0.0 0 4.8 14 360 M M 1 17 350
4 86 62 74 -7 0 9 0.00 0.0 0 3.5 14 10 M M 3 18 10
5 87 63 75 -6 0 10 T 0.0 0 3.6 8 230 M M 4 12 120
6 84 70 77 -4 0 12 0.00 0.0 0 4.3 9 150 M M 8 14 170
7 84 69 77 -4 0 12 0.65 0.0 0 4.0 21 10 M M 5 13 27 360
8 89 68 79 -2 0 14 0.00 0.0 0 2.7 8 240 M M 5 1 10 220
9 90 72 81 0 0 16 0.03 0.0 0 4.4 12 250 M M 4 3 14 250
10 92 74 83 2 0 18 0.00 0.0 0 4.1 14 300 M M 3 3 19 310
11 93 72 83 2 0 18 0.04 0.0 0 5.1 24 140 M M 4 3 30 130
12 91 70 81 0 0 16 0.00 0.0 0 3.1 9 290 M M 4 12 130
13 90 71 81 0 0 16 0.05 0.0 0 4.1 15 270 M M 6 13 25 270
14 91 70 81 0 0 16 0.01 0.0 0 1.9 14 120 M M 4 13 18 110
15 89 71 80 -1 0 15 1.62 0.0 0 4.8 15 10 M M 7 13 19 360
16 86 72 79 -2 0 14 0.01 0.0 0 5.2 12 130 M M 7 14 130
17 87 71 79 -2 0 14 0.00 0.0 0 5.0 12 30 M M 5 15 30
18 89 71 80 -1 0 15 0.20 0.0 0 5.1 22 300 M M 5 13 29 300
19 83 72 78 -2 0 13 0.22 0.0 0 4.9 10 200 M M 7 13 15 300
20 86 73 80 0 0 15 0.00 0.0 0 2.9 9 230 M M 8 11 250
21 79 72 76 -4 0 11 0.31 0.0 0 3.7 13 220 M M 8 13 17 360
22 89 74 82 2 0 17 0.00 0.0 0 4.6 14 300 M M 7 1 20 310
23 92 70 81 1 0 16 0.00 0.0 0 2.5 12 320 M M 1 1 14 320
24 93 69 81 1 0 16 0.00 0.0 0 2.3 9 140 M M 1 1 12 100
25 96 72 84 4 0 19 0.00 0.0 0 3.8 10 70 M M 2 12 70
26 90 71 81 1 0 16 0.00 0.0 0 4.5 10 140 M M 2 1 15 140
27 90 72 81 1 0 16 0.08 0.0 0 6.4 20 190 M M 3 13 27 180
28 89 71 80 1 0 15 0.00 0.0 0 6.4 15 140 M M 3 20 110
29 90 74 82 3 0 17 0.10 0.0 0 7.5 21 150 M M 6 8 27 150
30 82 72 77 -2 0 12 1.21 0.0 0 8.8 22 90 M M 8 1 30 100
31 81 72 77 -2 0 12 1.27 0.0 0 11.5 24 120 M M 10 1 32 110
================================================================================
SM 2723 2183 0 445 6.41 0.0 144.0 M 153
================================================================================
AV 87.8 70.4 4.6 FASTST M M 5 MAX(MPH)
MISC ----> # 24 140 32 110
================================================================================
NOTES:
# LAST OF SEVERAL OCCURRENCES
COLUMN 17 PEAK WIND IN M.P.H.
PRELIMINARY LOCAL CLIMATOLOGICAL DATA (WS FORM: F-6) , PAGE 2
STATION: HUNTSVILLE
MONTH: AUGUST
YEAR: 2021
LATITUDE: 34 39 N
LONGITUDE: 86 46 W
[TEMPERATURE DATA] [PRECIPITATION DATA] SYMBOLS USED IN COLUMN 16
AVERAGE MONTHLY: 79.1 TOTAL FOR MONTH: 6.41 1 = FOG OR MIST
DPTR FM NORMAL: -1.4 DPTR FM NORMAL: 2.86 2 = FOG REDUCING VISIBILITY
HIGHEST: 96 ON 25 GRTST 24HR 2.44 ON 30-31 TO 1/4 MILE OR LESS
LOWEST: 62 ON 4 3 = THUNDER
SNOW, ICE PELLETS, HAIL 4 = ICE PELLETS
TOTAL MONTH: 0.0 INCH 5 = HAIL
GRTST 24HR 0.0 6 = FREEZING RAIN OR DRIZZLE
GRTST DEPTH: 0 7 = DUSTSTORM OR SANDSTORM:
VSBY 1/2 MILE OR LESS
8 = SMOKE OR HAZE
[NO. OF DAYS WITH] [WEATHER - DAYS WITH] 9 = BLOWING SNOW
X = TORNADO
MAX 32 OR BELOW: 0 0.01 INCH OR MORE: 15
MAX 90 OR ABOVE: 12 0.10 INCH OR MORE: 9
MIN 32 OR BELOW: 0 0.50 INCH OR MORE: 5
MIN 0 OR BELOW: 0 1.00 INCH OR MORE: 3
[HDD (BASE 65) ]
TOTAL THIS MO. 0 CLEAR (SCALE 0-3) 8
DPTR FM NORMAL 0 PTCLDY (SCALE 4-7) 21
TOTAL FM JUL 1 0 CLOUDY (SCALE 8-10) 2
DPTR FM NORMAL 0
[CDD (BASE 65) ]
TOTAL THIS MO. 445
DPTR FM NORMAL -35 [PRESSURE DATA]
TOTAL FM JAN 1 1450 HIGHEST SLP M ON M
DPTR FM NORMAL -250 LOWEST SLP 29.50 ON 31
[REMARKS]
#FINAL-08-21#