160
CXUS54 KHUN 012137
CF6HSV
PRELIMINARY LOCAL CLIMATOLOGICAL DATA (WS FORM: F-6)
STATION: HUNTSVILLE
MONTH: JUNE
YEAR: 2020
LATITUDE: 34 39 N
LONGITUDE: 86 46 W
TEMPERATURE IN F: :PCPN: SNOW: WIND :SUNSHINE: SKY :PK WND
================================================================================
1 2 3 4 5 6A 6B 7 8 9 10 11 12 13 14 15 16 17 18
12Z AVG MX 2MIN
DY MAX MIN AVG DEP HDD CDD WTR SNW DPTH SPD SPD DIR MIN PSBL S-S WX SPD DR
================================================================================
1 85 53 69 -5 0 4 0.00 0.0 0 6.2 17 110 M M 3 22 100
2 89 67 78 3 0 13 0.00 0.0 0 5.8 12 150 M M 2 16 150
3 88 71 80 5 0 15 0.06 0.0 0 6.3 16 190 M M 7 3 19 180
4 87 68 78 3 0 13 T 0.0 0 7.3 16 230 M M 5 1 22 240
5 90 69 80 4 0 15 0.41 0.0 0 4.8 14 250 M M 8 13 18 250
6 91 68 80 4 0 15 0.00 0.0 0 3.5 12 150 M M 4 14 150
7 91 71 81 5 0 16 0.00 0.0 0 7.7 15 130 M M 5 20 100
8 84 75 80 4 0 15 0.43 0.0 0 12.6 23 120 M M 8 13 28 130
9 87 75 81 5 0 16 0.11 0.0 0 12.2 23 220 M M 8 29 220
10 92 65 79 2 0 14 0.00 0.0 0 13.1 25 230 M M 4 32 230
11 85 61 73 -4 0 8 0.00 0.0 0 8.1 18 10 M M 1 23 10
12 88 61 75 -2 0 10 0.00 0.0 0 11.1 26 50 M M 0 35 50
13 90 58 74 -3 0 9 0.00 0.0 0 4.5 15 40 M M 2 19 40
14 92 62 77 -1 0 12 0.00 0.0 0 5.2 28 20 M M 1 8 34 20
15 83 61 72 -6 0 7 0.00 0.0 0 7.4 18 20 M M 2 26 10
16 81 60 71 -7 0 6 0.00 0.0 0 3.7 12 140 M M 5 13 110
17 80 63 72 -6 0 7 0.00 0.0 0 5.1 14 30 M M 6 19 10
18 85 61 73 -5 0 8 0.00 0.0 0 1.9 9 140 M M 4 11 150
19 91 64 78 0 0 13 0.00 0.0 0 3.6 9 250 M M 3 13 260
20 94 66 80 1 0 15 0.00 0.0 0 4.1 12 240 M M 2 16 210
21 88 69 79 0 0 14 0.14 0.0 0 6.7 20 250 M M 4 13 25 240
22 88 68 78 -1 0 13 0.14 0.0 0 6.9 25 200 M M 6 13 35 190
23 87 70 79 0 0 14 0.25 0.0 0 8.9 17 220 M M 9 1 25 220
24 75 68 72 -7 0 7 0.70 0.0 0 3.4 14 230 M M 9 13 17 240
25 85 70 78 -1 0 13 0.00 0.0 0 5.2 18 220 M M 8 24 220
26 75 68 72 -8 0 7 0.15 0.0 0 7.5 22 240 M M 8 1 30 230
27 82 68 75 -5 0 10 0.30 0.0 0 5.7 15 330 M M 7 1 30 350
28 90 73 82 2 0 17 0.25 0.0 0 8.1 24 350 M M 5 13 37 340
29 90 71 81 1 0 16 0.01 0.0 0 4.2 18 320 M M 6 3 25 310
30 88 70 79 -1 0 14 0.84 0.0 0 6.8 33 10 M M 7 3 44 10
================================================================================
SM 2601 1994 0 356 3.79 0.0 197.6 M 149
================================================================================
AV 86.7 66.5 6.6 FASTST M M 5 MAX(MPH)
MISC ----> 33 10 44 10
================================================================================
NOTES:
# LAST OF SEVERAL OCCURRENCES
COLUMN 17 PEAK WIND IN M.P.H.
PRELIMINARY LOCAL CLIMATOLOGICAL DATA (WS FORM: F-6) , PAGE 2
STATION: HUNTSVILLE
MONTH: JUNE
YEAR: 2020
LATITUDE: 34 39 N
LONGITUDE: 86 46 W
[TEMPERATURE DATA] [PRECIPITATION DATA] SYMBOLS USED IN COLUMN 16
AVERAGE MONTHLY: 76.6 TOTAL FOR MONTH: 3.79 1 = FOG OR MIST
DPTR FM NORMAL: -1.1 DPTR FM NORMAL: -0.50 2 = FOG REDUCING VISIBILITY
HIGHEST: 94 ON 20 GRTST 24HR 0.84 ON 30-30 TO 1/4 MILE OR LESS
LOWEST: 53 ON 1 3 = THUNDER
SNOW, ICE PELLETS, HAIL 4 = ICE PELLETS
TOTAL MONTH: 0.0 INCH 5 = HAIL
GRTST 24HR 0.0 6 = FREEZING RAIN OR DRIZZLE
GRTST DEPTH: 0 7 = DUSTSTORM OR SANDSTORM:
VSBY 1/2 MILE OR LESS
8 = SMOKE OR HAZE
[NO. OF DAYS WITH] [WEATHER - DAYS WITH] 9 = BLOWING SNOW
X = TORNADO
MAX 32 OR BELOW: 0 0.01 INCH OR MORE: 13
MAX 90 OR ABOVE: 10 0.10 INCH OR MORE: 11
MIN 32 OR BELOW: 0 0.50 INCH OR MORE: 2
MIN 0 OR BELOW: 0 1.00 INCH OR MORE: 0
[HDD (BASE 65) ]
TOTAL THIS MO. 0 CLEAR (SCALE 0-3) 9
DPTR FM NORMAL -1 PTCLDY (SCALE 4-7) 19
TOTAL FM JUL 1 2654 CLOUDY (SCALE 8-10) 2
DPTR FM NORMAL -347
[CDD (BASE 65) ]
TOTAL THIS MO. 356
DPTR FM NORMAL -24 [PRESSURE DATA]
TOTAL FM JAN 1 553 HIGHEST SLP 30.23 ON 12
DPTR FM NORMAL -90 LOWEST SLP 29.76 ON 8
[REMARKS]
#FINAL-06-20#