000
CXUS51 KRLX 010807
CF6HTS
PRELIMINARY LOCAL CLIMATOLOGICAL DATA (WS FORM: F-6)
STATION: HUNTINGTON WV
MONTH: AUGUST
YEAR: 2023
LATITUDE: 38 22 N
LONGITUDE: 82 33 W
TEMPERATURE IN F: :PCPN: SNOW: WIND :SUNSHINE: SKY :PK WND
================================================================================
1 2 3 4 5 6A 6B 7 8 9 10 11 12 13 14 15 16 17 18
12Z AVG MX 2MIN
DY MAX MIN AVG DEP HDD CDD WTR SNW DPTH SPD SPD DIR MIN PSBL S-S WX SPD DR
================================================================================
1 83 59 71 -5 0 6 0.00 0.0 0 4.6 13 80 M M 0 17 80
2 87 57 72 -4 0 7 0.00 0.0 0 2.6 9 190 M M 1 1 14 170
3 80 68 74 -2 0 9 T 0.0 0 2.7 9 180 M M 7 12 210
4 92 64 78 2 0 13 0.00 0.0 0 2.5 12 50 M M 5 12 19 60
5 92 67 80 4 0 15 0.00 0.0 0 3.0 10 220 M M 1 128 17 160
6 87 69 78 2 0 13 0.58 0.0 0 4.5 13 210 M M 5 138 17 220
7 84 70 77 1 0 12 1.19 0.0 0 8.8 20 240 M M 7 138 31 250
8 82 64 73 -3 0 8 0.00 0.0 0 5.1 13 230 M M 4 17 230
9 83 64 74 -2 0 9 T 0.0 0 5.3 14 230 M M 2 1 20 230
10 80 67 74 -2 0 9 0.31 0.0 0 5.2 12 280 M M 8 1 18 320
11 85 63 74 -2 0 9 0.00 0.0 0 3.5 12 200 M M 2 1 15 210
12 87 68 78 2 0 13 0.00 0.0 0 6.5 14 230 M M 1 20 210
13 89 70 80 4 0 15 0.00 0.0 0 3.3 10 200 M M 7 16 200
14 82 72 77 1 0 12 1.17 0.0 0 4.8 16 220 M M 9 12 22 200
15 81 67 74 -2 0 9 0.00 0.0 0 8.6 17 230 M M 6 24 230
16 76 65 71 -4 0 6 0.00 0.0 0 1.8 8 300 M M 10 12 320
17 83 61 72 -3 0 7 T 0.0 0 5.0 15 230 M M 7 12 21 190
18 79 58 69 -6 0 4 0.00 0.0 0 5.4 13 350 M M 2 17 360
19 82 54 68 -7 0 3 0.00 0.0 0 1.1 8 90 M M 0 1 10 110
20 91 59 75 0 0 10 0.00 0.0 0 2.1 9 200 M M 0 18 13 190
21 93 68 81 6 0 16 0.00 0.0 0 1.4 8 10 M M 1 10 350
22 89 73 81 6 0 16 0.00 0.0 0 5.5 13 20 M M 2 18 18 10
23 92 64 78 3 0 13 0.00 0.0 0 2.5 8 60 M M 0 1 11 220
24 91 71 81 7 0 16 0.01 0.0 0 5.0 14 240 M M 2 19 210
25 85 71 78 4 0 13 0.37 0.0 0 6.3 23 330 M M 7 13 29 340
26 84 69 77 3 0 12 T 0.0 0 2.8 8 10 M M 6 12 12 10
27 83 68 76 2 0 11 0.00 0.0 0 6.0 12 40 M M 5 18 16 30
28 83 65 74 0 0 9 T 0.0 0 4.8 10 20 M M 8 13 30
29 76 65 71 -3 0 6 0.03 0.0 0 2.1 7 10 M M 8 138 14 30
30 78 59 69 -5 0 4 0.00 0.0 0 6.0 14 20 M M 4 12 20 30
31 78 56 67 -6 0 2 0.00 0.0 0 4.6 12 360 M M 4 19 50
================================================================================
SM 2617 2015 0 307 3.66 0.0 133.4 M 131
================================================================================
AV 84.4 65.0 4.3 FASTST M M 4 MAX(MPH)
MISC ----> 23 330 31 250
================================================================================
NOTES:
# LAST OF SEVERAL OCCURRENCES
COLUMN 17 PEAK WIND IN M.P.H.
PRELIMINARY LOCAL CLIMATOLOGICAL DATA (WS FORM: F-6) , PAGE 2
STATION: HUNTINGTON WV
MONTH: AUGUST
YEAR: 2023
LATITUDE: 38 22 N
LONGITUDE: 82 33 W
[TEMPERATURE DATA] [PRECIPITATION DATA] SYMBOLS USED IN COLUMN 16
AVERAGE MONTHLY: 74.7 TOTAL FOR MONTH: 3.66 1 = FOG OR MIST
DPTR FM NORMAL: -0.5 DPTR FM NORMAL: -0.29 2 = FOG REDUCING VISIBILITY
HIGHEST: 93 ON 21 GRTST 24HR 1.19 ON 7- 7 TO 1/4 MILE OR LESS
LOWEST: 54 ON 19 3 = THUNDER
SNOW, ICE PELLETS, HAIL 4 = ICE PELLETS
TOTAL MONTH: 0.0 INCH 5 = HAIL
GRTST 24HR 0.0 6 = FREEZING RAIN OR DRIZZLE
GRTST DEPTH: 0 7 = DUSTSTORM OR SANDSTORM:
VSBY 1/2 MILE OR LESS
8 = SMOKE OR HAZE
[NO. OF DAYS WITH] [WEATHER - DAYS WITH] 9 = BLOWING SNOW
X = TORNADO
MAX 32 OR BELOW: 0 0.01 INCH OR MORE: 7
MAX 90 OR ABOVE: 6 0.10 INCH OR MORE: 5
MIN 32 OR BELOW: 0 0.50 INCH OR MORE: 3
MIN 0 OR BELOW: 0 1.00 INCH OR MORE: 2
[HDD (BASE 65) ]
TOTAL THIS MO. 0 CLEAR (SCALE 0-3) 13
DPTR FM NORMAL -1 PTCLDY (SCALE 4-7) 15
TOTAL FM JUL 1 0 CLOUDY (SCALE 8-10) 3
DPTR FM NORMAL 0
[CDD (BASE 65) ]
TOTAL THIS MO. 307
DPTR FM NORMAL -9 [PRESSURE DATA]
TOTAL FM JAN 1 910 HIGHEST SLP 30.20 ON 1
DPTR FM NORMAL -144 LOWEST SLP 29.67 ON 10
[REMARKS]
#FINAL-08-23#