000
CXUS53 KIND 011511
CLMHUF
CLIMATE REPORT
NATIONAL WEATHER SERVICE INDIANAPOLIS IN
1111 AM EDT SAT JUL 01 2023
...................................
...THE TERRE HAUTE IN CLIMATE SUMMARY FOR THE MONTH OF JUNE 2023...
CLIMATE NORMAL PERIOD 1991 TO 2020
CLIMATE RECORD PERIOD 9999 TO 9999
WEATHER OBSERVED NORMAL DEPART LAST YEAR`S
VALUE DATE(S) VALUE FROM VALUE DATE(S)
NORMAL
................................................................
TEMPERATURE (F)
HIGHEST 93 06/03 97 06/14
06/25
06/16
06/21
LOWEST 46R 06/09 51 06/03
06/04
06/28
AVG. MAXIMUM 83.9 83.3 0.6 87.3
AVG. MINIMUM 59.0 62.2 -3.2 61.8
MEAN 71.4 72.7 -1.3 74.6
DAYS MAX >= 90 6 5.6 0.4 11
DAYS MAX <= 32 0 0.0 0.0 0
DAYS MIN <= 32 0 0.0 0.0 0
DAYS MIN <= 0 0 0.0 0.0 0
PRECIPITATION (INCHES)
TOTALS 2.40 4.64 -2.24 1.04
DAILY AVG. 0.08 0.15 -0.07 0.03
DAYS >= .01 4 11.7 -7.7 9
DAYS >= .10 3 7.7 -4.7 2
DAYS >= .50 2 4.0 -2.0 1
DAYS >= 1.00 2 1.8 0.2 0
GREATEST
24 HR. TOTAL 1.13 06/29 TO 06/29
DEGREE DAYS
HEATING TOTAL 6 11 -5 0
SINCE 7/1 4593 5232 -639 MM
COOLING TOTAL 206 243 -37 295
SINCE 1/1 297 351 -54 MM
................................................................
WIND (MPH)
AVERAGE WIND SPEED 6.4
HIGHEST WIND SPEED/DIRECTION 29/270 DATE 06/13
HIGHEST GUST SPEED/DIRECTION 43/270 DATE 06/29
SKY COVER
AVERAGE SKY COVER 0.25
AVERAGE RH (PERCENT) 63
WEATHER CONDITIONS. NUMBER OF DAYS WITH
THUNDERSTORM 4 MIXED PRECIP 0
HEAVY RAIN 2 RAIN 3
LIGHT RAIN 7 FREEZING RAIN 0
LT FREEZING RAIN 0 HAIL 0
HEAVY SNOW 0 SNOW 0
LIGHT SNOW 0 SLEET 0
FOG 10 FOG W/VIS <= 1/4 MILE 0
HAZE 8
- INDICATES NEGATIVE NUMBERS.
R INDICATES RECORD WAS SET OR TIED.
MM INDICATES DATA IS MISSING.
T INDICATES TRACE AMOUNT.
$$