000
CXUS51 KCAR 010700
CF6HUL
PRELIMINARY LOCAL CLIMATOLOGICAL DATA (WS FORM: F-6)
STATION: HOULTON ME
MONTH: FEBRUARY
YEAR: 2023
LATITUDE: 46 7 N
LONGITUDE: 67 48 W
TEMPERATURE IN F: :PCPN: SNOW: WIND :SUNSHINE: SKY :PK WND
================================================================================
1 2 3 4 5 6A 6B 7 8 9 10 11 12 13 14 15 16 17 18
12Z AVG MX 2MIN
DY MAX MIN AVG DEP HDD CDD WTR SNW DPTH SPD SPD DIR MIN PSBL S-S WX SPD DR
================================================================================
1 17 -24 -3 -15 68 0 0.00 M M 2.8 10 240 M M 0 13 220
2 28 -3 13 1 52 0 T M M 9.0 22 200 M M 7 8 43 210
3 28 -21 4 -8 61 0 T M M 16.1 30 280 M M 9 9 45 270
4 -1 -21 -11 -23 76 0 0.00 M M 13.9 28 280 M M 3 9 46 270
5 21 -7 7 -5 58 0 T M M 5.4 15 210 M M 10 24 190
6 26 11 19 7 46 0 T M M 8.6 18 10 M M 5 28 360
7 26 -5 11 -1 54 0 T M M 5.2 13 140 M M 1 1 19 130
8 40 21 31 18 34 0 T M M 9.4 21 280 M M 6 1 33 270
9 28 0 14 1 51 0 0.16 M M 3.7 12 110 M M 3 1 18 130
10 34 23 29 16 36 0 0.15 M M 8.3 30 260 M M 9 168 51 240
11 26 5 16 3 49 0 0.00 M M 7.1 21 330 M M 3 32 330
12 37 22 30 16 35 0 0.00 M M 5.5 15 270 M M 9 23 260
13 32 24 28 14 37 0 0.00 M M 6.7 15 60 M M 10 22 60
14 31 4 18 4 47 0 0.01 M M 6.1 15 300 M M 6 18 23 310
15 41 2 22 8 43 0 0.04 M M 6.6 16 190 M M 4 1 27 200
16 49 31 40 25 25 0 T M M 9.0 20 280 M M 6 1 34 280
17 31 8 20 5 45 0 0.22 M M 12.6 21 360 M M 10 126 30 360
18 22 -2 10 -6 55 0 0.00 M M 6.5 15 230 M M 3 21 360
19 36 20 28 12 37 0 0.00 M M 7.2 14 200 M M 4 26 180
20 44 30 37 21 28 0 0.00 M M 7.3 15 270 M M 6 27 280
21 30 6 18 2 47 0 0.00 M M 5.5 16 360 M M 1 24 340
22 30 9 20 3 45 0 T M M 8.7 20 270 M M 3 1 27 280
23 11 4 8 -9 57 0 0.02 M M 9.4 18 360 M M 8 1 23 20
24 12 -2 5 -13 60 0 0.03 M M 9.7 21 360 M M 6 1 31 330
25 11 -20 -4 -22 69 0 0.00 M M 3.8 16 250 M M 2 23 240
26 16 -22 -3 -21 68 0 T M M 1.3 9 210 M M 1 1 15 150
27 21 -15 3 -16 62 0 0.00 M M 2.6 12 30 M M 2 1 18 10
28 25 -9 8 -11 57 0 0.01 M M 5.2 17 120 M M 6 1 26 110
================================================================================
SM 752 69 1402 0 0.64 M 203.2 M 143
================================================================================
AV 26.9 2.5 7.3 FASTST M M 5 MAX(MPH)
MISC ----> # 30 280 51 240
================================================================================
NOTES:
# LAST OF SEVERAL OCCURRENCES
COLUMN 17 PEAK WIND IN M.P.H.
PRELIMINARY LOCAL CLIMATOLOGICAL DATA (WS FORM: F-6) , PAGE 2
STATION: HOULTON ME
MONTH: FEBRUARY
YEAR: 2023
LATITUDE: 46 7 N
LONGITUDE: 67 48 W
[TEMPERATURE DATA] [PRECIPITATION DATA] SYMBOLS USED IN COLUMN 16
AVERAGE MONTHLY: 14.7 TOTAL FOR MONTH: 0.64 1 = FOG OR MIST
DPTR FM NORMAL: -0.1 DPTR FM NORMAL: -1.31 2 = FOG REDUCING VISIBILITY
HIGHEST: 49 ON 16 GRTST 24HR 0.31 ON 9-10 TO 1/4 MILE OR LESS
LOWEST: -24 ON 1 3 = THUNDER
SNOW, ICE PELLETS, HAIL 4 = ICE PELLETS
TOTAL MONTH: M 5 = HAIL
GRTST 24HR M ON M 6 = FREEZING RAIN OR DRIZZLE
GRTST DEPTH: M ON M 7 = DUSTSTORM OR SANDSTORM:
VSBY 1/2 MILE OR LESS
8 = SMOKE OR HAZE
[NO. OF DAYS WITH] [WEATHER - DAYS WITH] 9 = BLOWING SNOW
X = TORNADO
MAX 32 OR BELOW: 21 0.01 INCH OR MORE: 8
MAX 90 OR ABOVE: 0 0.10 INCH OR MORE: 3
MIN 32 OR BELOW: 28 0.50 INCH OR MORE: 0
MIN 0 OR BELOW: 13 1.00 INCH OR MORE: 0
[HDD (BASE 65) ]
TOTAL THIS MO. 1402 CLEAR (SCALE 0-3) 10
DPTR FM NORMAL -5 PTCLDY (SCALE 4-7) 12
TOTAL FM JUL 1 5475 CLOUDY (SCALE 8-10) 6
DPTR FM NORMAL -934
[CDD (BASE 65) ]
TOTAL THIS MO. 0
DPTR FM NORMAL 0 [PRESSURE DATA]
TOTAL FM JAN 1 0 HIGHEST SLP 30.47 ON 25
DPTR FM NORMAL 0 LOWEST SLP 29.38 ON 3
[REMARKS]
#FINAL-02-23#