000
CXUS51 KCAR 010700
CF6HUL
PRELIMINARY LOCAL CLIMATOLOGICAL DATA (WS FORM: F-6)
STATION: HOULTON ME
MONTH: NOVEMBER
YEAR: 2021
LATITUDE: 46 7 N
LONGITUDE: 67 48 W
TEMPERATURE IN F: :PCPN: SNOW: WIND :SUNSHINE: SKY :PK WND
================================================================================
1 2 3 4 5 6A 6B 7 8 9 10 11 12 13 14 15 16 17 18
12Z AVG MX 2MIN
DY MAX MIN AVG DEP HDD CDD WTR SNW DPTH SPD SPD DIR MIN PSBL S-S WX SPD DR
================================================================================
1 56 37 47 8 18 0 0.01 M M 9.6 25 240 M M 4 36 250
2 50 31 41 3 24 0 T M M 5.1 15 260 M M 4 20 250
3 46 27 37 -1 28 0 T M M 1.9 9 270 M M 4 13 290
4 40 21 31 -7 34 0 0.00 M M 1.2 9 270 M M 4 12 10
5 41 21 31 -6 34 0 0.00 M M 1.8 13 350 M M 4 18 330
6 50 20 35 -2 30 0 0.00 M M 5.7 15 230 M M 0 20 260
7 52 26 39 2 26 0 0.00 M M 5.3 14 220 M M 0 19 230
8 56 28 42 6 23 0 0.00 M M 2.3 10 20 M M 1 13 330
9 58 28 43 7 22 0 0.00 M M 4.1 13 260 M M 0 17 270
10 44 25 35 0 30 0 T M M 1.9 10 330 M M 4 13 330
11 46 25 36 1 29 0 0.00 M M 3.0 14 360 M M 3 18 360
12 52 24 38 3 27 0 0.40 M M 9.8 18 110 M M 8 1 27 110
13 55 36 46 12 19 0 0.06 M M 3.1 20 280 M M 4 1 30 280
14 47 30 39 5 26 0 0.09 M M 5.4 17 270 M M 9 1 25 290
15 39 32 36 3 29 0 0.30 M M 5.8 14 290 M M 10 1 20 290
16 39 30 35 2 30 0 T M M 11.4 22 270 M M 8 32 260
17 36 26 31 -1 34 0 0.04 M M 6.7 14 340 M M 3 1 20 310
18 53 30 42 10 23 0 0.24 M M 7.2 15 200 M M 10 16 21 130
19 44 32 38 6 27 0 0.21 M M 7.8 18 290 M M 6 1 25 270
20 38 25 32 1 33 0 0.00 M M 5.9 13 280 M M 1 19 290
21 42 28 35 4 30 0 0.04 M M 5.7 13 120 M M 3 18 18 130
22 50 33 42 12 23 0 0.84 M M 8.1 15 220 M M 10 1 23 250
23 33 25 29 -1 36 0 0.00 M M 10.0 23 340 M M 3 30 320
24 37 25 31 1 34 0 0.00 M M 14.3 26 330 M M 4 36 330
25 45 24 35 6 30 0 0.00 M M 5.7 14 10 M M 0 19 340
26 37 23 30 1 35 0 0.12 M M 1.6 6 330 M M 8 1 8 350
27 33 24 29 1 36 0 0.03 M M 11.2 21 270 M M 9 18 33 310
28 29 11 20 -8 45 0 0.00 M M 7.1 21 260 M M 4 27 230
29 26 12 19 -8 46 0 T M M 6.2 14 360 M M 7 18 340
30 28 10 19 -8 46 0 0.00 M M 7.3 18 280 M M 3 26 260
================================================================================
SM 1302 769 907 0 2.38 M 182.2 M 138
================================================================================
AV 43.4 25.6 6.1 FASTST M M 5 MAX(MPH)
MISC ----> 26 330 # 36 250
================================================================================
NOTES:
# LAST OF SEVERAL OCCURRENCES
COLUMN 17 PEAK WIND IN M.P.H.
PRELIMINARY LOCAL CLIMATOLOGICAL DATA (WS FORM: F-6) , PAGE 2
STATION: HOULTON ME
MONTH: NOVEMBER
YEAR: 2021
LATITUDE: 46 7 N
LONGITUDE: 67 48 W
[TEMPERATURE DATA] [PRECIPITATION DATA] SYMBOLS USED IN COLUMN 16
AVERAGE MONTHLY: 34.5 TOTAL FOR MONTH: 2.38 1 = FOG OR MIST
DPTR FM NORMAL: 1.4 DPTR FM NORMAL: -1.23 2 = FOG REDUCING VISIBILITY
HIGHEST: 58 ON 9 GRTST 24HR 0.88 ON 21-22 TO 1/4 MILE OR LESS
LOWEST: 10 ON 30 3 = THUNDER
SNOW, ICE PELLETS, HAIL 4 = ICE PELLETS
TOTAL MONTH: M 5 = HAIL
GRTST 24HR M ON M 6 = FREEZING RAIN OR DRIZZLE
GRTST DEPTH: M ON M 7 = DUSTSTORM OR SANDSTORM:
VSBY 1/2 MILE OR LESS
8 = SMOKE OR HAZE
[NO. OF DAYS WITH] [WEATHER - DAYS WITH] 9 = BLOWING SNOW
X = TORNADO
MAX 32 OR BELOW: 3 0.01 INCH OR MORE: 12
MAX 90 OR ABOVE: 0 0.10 INCH OR MORE: 6
MIN 32 OR BELOW: 27 0.50 INCH OR MORE: 1
MIN 0 OR BELOW: 0 1.00 INCH OR MORE: 0
[HDD (BASE 65) ]
TOTAL THIS MO. 907 CLEAR (SCALE 0-3) 10
DPTR FM NORMAL -52 PTCLDY (SCALE 4-7) 14
TOTAL FM JUL 1 1685 CLOUDY (SCALE 8-10) 6
DPTR FM NORMAL -336
[CDD (BASE 65) ]
TOTAL THIS MO. 0
DPTR FM NORMAL 0 [PRESSURE DATA]
TOTAL FM JAN 1 329 HIGHEST SLP 30.47 ON 12
DPTR FM NORMAL 123 LOWEST SLP 29.18 ON 27
[REMARKS]
#FINAL-11-21#