000
CXUS51 KCAR 010700
CF6HUL
PRELIMINARY LOCAL CLIMATOLOGICAL DATA (WS FORM: F-6)
STATION: HOULTON ME
MONTH: JANUARY
YEAR: 2024
LATITUDE: 46 7 N
LONGITUDE: 67 48 W
TEMPERATURE IN F: :PCPN: SNOW: WIND :SUNSHINE: SKY :PK WND
================================================================================
1 2 3 4 5 6A 6B 7 8 9 10 11 12 13 14 15 16 17 18
12Z AVG MX 2MIN
DY MAX MIN AVG DEP HDD CDD WTR SNW DPTH SPD SPD DIR MIN PSBL S-S WX SPD DR
================================================================================
1 21 15 18 2 47 0 T M M 5.1 16 330 M M 9 18 21 330
2 26 9 18 2 47 0 0.00 M M 4.3 9 270 M M 5 15 270
3 32 22 27 12 38 0 0.00 M M 4.0 7 180 M M 9 12 190
4 33 14 24 9 41 0 0.02 M M 7.2 22 280 M M 10 18 37 290
5 17 7 12 -3 53 0 0.00 M M 8.4 18 330 M M 8 28 310
6 15 1 8 -6 57 0 T M M 4.3 15 350 M M 1 1 24 340
7 18 1 10 -4 55 0 T M M 6.7 13 20 M M 8 17 80
8 25 12 19 5 46 0 0.00 M M 6.2 15 290 M M 6 24 330
9 22 5 14 0 51 0 0.00 M M 4.1 13 120 M M 2 20 110
10 44 19 32 18 33 0 0.66 M M 11.5 25 130 M M 8 126 44 100
11 35 23 29 16 36 0 T M M 7.1 20 260 M M 6 29 250
12 26 2 14 1 51 0 0.00 M M 5.8 16 240 M M 3 23 270
13 44 3 24 11 41 0 0.27 M M 12.2 32 230 M M 7 16 49 230
14 34 21 28 15 37 0 0.01 M M 9.5 25 230 M M 9 1 39 250
15 26 4 15 2 50 0 0.00 M M 5.9 17 220 M M 5 27 240
16 24 -1 12 0 53 0 0.33 M M 5.3 14 340 M M 6 12 21 350
17 22 13 18 6 47 0 0.01 M M 11.4 21 280 M M 5 1 30 260
18 19 7 13 1 52 0 0.00 M M 10.6 22 270 M M 2 34 280
19 17 2 10 -2 55 0 0.00 M M 9.9 17 330 M M 1 28 270
20 19 9 14 2 51 0 T M M 8.4 15 330 M M 10 25 340
21 18 6 12 0 53 0 T M M 10.3 20 330 M M 7 29 320
22 30 -4 13 1 52 0 0.00 M M 7.3 16 210 M M 6 25 220
23 31 -8 12 0 53 0 T M M 9.4 21 260 M M 4 8 33 330
24 21 -13 4 -8 61 0 T M M 2.9 12 200 M M 5 18 18 190
25 36 13 25 13 40 0 0.15 M M 3.7 16 10 M M 8 12 20 10
26 26 9 18 6 47 0 0.27 M M 4.9 12 120 M M 7 12 19 110
27 31 24 28 16 37 0 T M M 2.3 7 360 M M 10 18 10 220
28 32 28 30 18 35 0 0.00 M M 2.0 7 270 M M 10 11 350
29 30 0 15 3 50 0 T M M 10.7 22 20 M M 9 1 29 20
30 16 -13 2 -10 63 0 0.00 M M 1.7 8 360 M M 0 10 360
31 24 -17 4 -8 61 0 0.00 M M 4.5 12 220 M M 6 17 210
================================================================================
SM 814 213 1493 0 1.72 M 207.6 M 192
================================================================================
AV 26.3 6.9 6.7 FASTST M M 6 MAX(MPH)
MISC ----> 32 230 49 230
================================================================================
NOTES:
# LAST OF SEVERAL OCCURRENCES
COLUMN 17 PEAK WIND IN M.P.H.
PRELIMINARY LOCAL CLIMATOLOGICAL DATA (WS FORM: F-6) , PAGE 2
STATION: HOULTON ME
MONTH: JANUARY
YEAR: 2024
LATITUDE: 46 7 N
LONGITUDE: 67 48 W
[TEMPERATURE DATA] [PRECIPITATION DATA] SYMBOLS USED IN COLUMN 16
AVERAGE MONTHLY: 16.6 TOTAL FOR MONTH: 1.72 1 = FOG OR MIST
DPTR FM NORMAL: 3.7 DPTR FM NORMAL: -0.93 2 = FOG REDUCING VISIBILITY
HIGHEST: 44 ON 13,10 GRTST 24HR 0.72 ON 10-10 TO 1/4 MILE OR LESS
LOWEST: -17 ON 31 3 = THUNDER
SNOW, ICE PELLETS, HAIL 4 = ICE PELLETS
TOTAL MONTH: M 5 = HAIL
GRTST 24HR M ON M 6 = FREEZING RAIN OR DRIZZLE
GRTST DEPTH: M ON M 7 = DUSTSTORM OR SANDSTORM:
VSBY 1/2 MILE OR LESS
8 = SMOKE OR HAZE
[NO. OF DAYS WITH] [WEATHER - DAYS WITH] 9 = BLOWING SNOW
X = TORNADO
MAX 32 OR BELOW: 25 0.01 INCH OR MORE: 8
MAX 90 OR ABOVE: 0 0.10 INCH OR MORE: 5
MIN 32 OR BELOW: 31 0.50 INCH OR MORE: 1
MIN 0 OR BELOW: 7 1.00 INCH OR MORE: 0
[HDD (BASE 65) ]
TOTAL THIS MO. 1493 CLEAR (SCALE 0-3) 6
DPTR FM NORMAL -122 PTCLDY (SCALE 4-7) 15
TOTAL FM JUL 1 4347 CLOUDY (SCALE 8-10) 10
DPTR FM NORMAL -656
[CDD (BASE 65) ]
TOTAL THIS MO. 0
DPTR FM NORMAL 0 [PRESSURE DATA]
TOTAL FM JAN 1 0 HIGHEST SLP 30.69 ON 24
DPTR FM NORMAL 0 LOWEST SLP 28.93 ON 10
[REMARKS]
#FINAL-01-24#