000
CXUS51 KCAR 010700
CF6HUL
PRELIMINARY LOCAL CLIMATOLOGICAL DATA (WS FORM: F-6)
STATION: HOULTON ME
MONTH: NOVEMBER
YEAR: 2023
LATITUDE: 46 7 N
LONGITUDE: 67 48 W
TEMPERATURE IN F: :PCPN: SNOW: WIND :SUNSHINE: SKY :PK WND
================================================================================
1 2 3 4 5 6A 6B 7 8 9 10 11 12 13 14 15 16 17 18
12Z AVG MX 2MIN
DY MAX MIN AVG DEP HDD CDD WTR SNW DPTH SPD SPD DIR MIN PSBL S-S WX SPD DR
================================================================================
1 37 21 29 -10 36 0 T M M 3.5 18 360 M M 6 26 10
2 40 20 30 -8 35 0 0.00 M M 5.1 16 230 M M 3 23 250
3 49 27 38 0 27 0 T M M 8.6 17 200 M M 4 31 210
4 54 26 40 2 25 0 0.01 M M 6.7 17 240 M M 5 28 180
5 50 25 38 1 27 0 0.00 M M 5.2 20 360 M M 6 28 360
6 38 22 30 -7 35 0 0.00 M M 3.9 12 130 M M 0 17 130
7 51 31 41 4 24 0 0.25 M M 9.7 16 150 M M 10 1 30 190
8 39 30 35 -1 30 0 T M M 12.8 23 330 M M 10 1 36 320
9 31 25 28 -8 37 0 0.01 M M 4.6 22 360 M M 7 1 33 350
10 41 30 36 1 29 0 T M M 6.3 14 270 M M 9 1 21 270
11 36 26 31 -4 34 0 T M M 7.8 16 300 M M 8 26 280
12 35 23 29 -6 36 0 0.00 M M 5.4 14 330 M M 6 20 350
13 29 25 27 -7 38 0 0.00 M M 4.2 10 10 M M 10 16 340
14 31 16 24 -10 41 0 0.00 M M 3.2 15 10 M M 6 19 10
15 42 15 29 -4 36 0 T M M 4.5 13 210 M M 5 22 180
16 51 24 38 5 27 0 0.00 M M 3.5 14 290 M M 2 19 300
17 54 24 39 7 26 0 T M M 8.5 15 200 M M 2 27 200
18 54 28 41 9 24 0 0.85 M M 7.9 21 10 M M 8 1 26 10
19 38 22 30 -2 35 0 0.06 M M 4.0 13 350 M M 7 1 20 10
20 30 20 25 -6 40 0 0.00 M M 6.4 17 320 M M 4 30 320
21 32 13 23 -8 42 0 0.00 M M 3.5 14 340 M M 0 20 330
22 34 26 30 0 35 0 0.66 M M 6.1 12 140 M M 9 1 19 160
23 37 31 34 4 31 0 0.03 M M 7.2 15 290 M M 9 1 23 270
24 34 12 23 -7 42 0 0.01 M M 8.7 21 290 M M 5 18 33 320
25 24 5 15 -14 50 0 0.00 M M 6.8 15 250 M M 0 22 250
26 38 17 28 -1 37 0 0.00 M M 5.0 13 230 M M 3 17 180
27 47 28 38 10 27 0 0.30 M M 8.5 21 110 M M 8 1 40 140
28 32 21 27 -1 38 0 T M M 7.1 20 270 M M 7 8 29 260
29 26 10 18 -9 47 0 0.00 M M 8.1 21 270 M M 2 29 270
30 36 17 27 0 38 0 0.00 M M 6.9 18 210 M M 3 27 210
================================================================================
SM 1170 660 1029 0 2.18 M 189.7 M 164
================================================================================
AV 39.0 22.0 6.3 FASTST M M 5 MAX(MPH)
MISC ----> 23 330 40 140
================================================================================
NOTES:
# LAST OF SEVERAL OCCURRENCES
COLUMN 17 PEAK WIND IN M.P.H.
PRELIMINARY LOCAL CLIMATOLOGICAL DATA (WS FORM: F-6) , PAGE 2
STATION: HOULTON ME
MONTH: NOVEMBER
YEAR: 2023
LATITUDE: 46 7 N
LONGITUDE: 67 48 W
[TEMPERATURE DATA] [PRECIPITATION DATA] SYMBOLS USED IN COLUMN 16
AVERAGE MONTHLY: 30.5 TOTAL FOR MONTH: 2.18 1 = FOG OR MIST
DPTR FM NORMAL: -2.6 DPTR FM NORMAL: -1.43 2 = FOG REDUCING VISIBILITY
HIGHEST: 54 ON 18,17 GRTST 24HR 0.85 ON 18-18 TO 1/4 MILE OR LESS
LOWEST: 5 ON 25 3 = THUNDER
SNOW, ICE PELLETS, HAIL 4 = ICE PELLETS
TOTAL MONTH: M 5 = HAIL
GRTST 24HR M ON M 6 = FREEZING RAIN OR DRIZZLE
GRTST DEPTH: M ON M 7 = DUSTSTORM OR SANDSTORM:
VSBY 1/2 MILE OR LESS
8 = SMOKE OR HAZE
[NO. OF DAYS WITH] [WEATHER - DAYS WITH] 9 = BLOWING SNOW
X = TORNADO
MAX 32 OR BELOW: 8 0.01 INCH OR MORE: 9
MAX 90 OR ABOVE: 0 0.10 INCH OR MORE: 4
MIN 32 OR BELOW: 30 0.50 INCH OR MORE: 2
MIN 0 OR BELOW: 0 1.00 INCH OR MORE: 0
[HDD (BASE 65) ]
TOTAL THIS MO. 1029 CLEAR (SCALE 0-3) 9
DPTR FM NORMAL 70 PTCLDY (SCALE 4-7) 13
TOTAL FM JUL 1 1717 CLOUDY (SCALE 8-10) 8
DPTR FM NORMAL -304
[CDD (BASE 65) ]
TOTAL THIS MO. 0
DPTR FM NORMAL 0 [PRESSURE DATA]
TOTAL FM JAN 1 312 HIGHEST SLP 30.57 ON 21
DPTR FM NORMAL 106 LOWEST SLP 29.40 ON 27
[REMARKS]
#FINAL-11-23#