000
CXUS56 KMTR 010900
CF6HWD
PRELIMINARY LOCAL CLIMATOLOGICAL DATA (WS FORM: F-6)
STATION: HAYWARD AIRPORT
MONTH: JUNE
YEAR: 2023
LATITUDE: 37 39 N
LONGITUDE: 122 7 W
TEMPERATURE IN F: :PCPN: SNOW: WIND :SUNSHINE: SKY :PK WND
================================================================================
1 2 3 4 5 6A 6B 7 8 9 10 11 12 13 14 15 16 17 18
12Z AVG MX 2MIN
DY MAX MIN AVG DEP HDD CDD WTR SNW DPTH SPD SPD DIR MIN PSBL S-S WX SPD DR
================================================================================
1 67 53 60 -3 5 0 0.00 M M 9.7 21 290 M M 2 28 280
2 70 52 61 -2 4 0 0.00 M M 8.6 16 280 M M 2 22 270
3 77 52 65 2 0 0 0.00 M M 6.1 15 280 M M 1 20 280
4 73 53 63 0 2 0 0.00 M M 7.5 17 290 M M 0 22 290
5 70 53 62 -1 3 0 0.00 M M 8.0 15 300 M M 4 1 21 280
6 69 57 63 -1 2 0 0.01 M M 7.6 17 260 M M 5 24 290
7 69 56 63 -1 2 0 0.00 M M 9.1 17 300 M M 5 23 320
8 69 55 62 -2 3 0 0.00 M M 9.2 20 300 M M 3 28 280
9 66 56 61 -3 4 0 0.00 M M 10.1 18 290 M M 7 26 300
10 66 54 60 -4 5 0 0.00 M M 7.9 17 290 M M 6 21 290
11 68 55 62 -2 3 0 0.00 M M 9.1 18 310 M M 6 23 290
12 70 57 64 0 1 0 0.00 M M 8.2 16 300 M M 5 23 280
13 68 57 63 -1 2 0 0.00 M M 9.4 18 310 M M 6 27 290
14 72 56 64 0 1 0 0.00 M M 7.8 17 300 M M 6 22 300
15 73 57 65 0 0 0 0.00 M M 9.1 20 300 M M 4 26 300
16 74 57 66 1 0 1 0.00 M M 8.3 18 290 M M 5 24 290
17 72 57 65 0 0 0 0.00 M M 8.6 21 290 M M 5 18 27 300
18 68 57 63 -2 2 0 0.00 M M 11.5 23 270 M M 1 33 270
19 68 54 61 -4 4 0 0.00 M M 15.1 23 280 M M 1 34 280
20 71 50 61 -4 4 0 0.00 M M 8.4 20 290 M M 0 26 270
21 68 51 60 -5 5 0 0.00 M M 8.0 18 270 M M 2 27 250
22 69 55 62 -3 3 0 0.00 M M 9.9 18 290 M M 7 25 270
23 69 58 64 -1 1 0 0.00 M M 10.8 20 280 M M 7 26 300
24 67 57 62 -4 3 0 0.00 M M 10.8 18 290 M M 7 25 270
25 66 56 61 -5 4 0 0.00 M M 10.4 17 280 M M 9 24 300
26 66 55 61 -5 4 0 0.00 M M 10.7 20 290 M M 8 29 310
27 65 55 60 -6 5 0 T M M 10.5 18 280 M M 8 26 280
28 64 54 59 -7 6 0 0.00 M M 9.9 16 270 M M 8 24 290
29 78 55 67 1 0 2 0.00 M M 7.0 15 300 M M 4 19 300
30 79 55 67 1 0 2 0.00 M M 5.9 14 280 M M 0 17 280
================================================================================
SM 2091 1649 78 5 0.01 M 273.2 M 134
================================================================================
AV 69.7 55.0 9.1 FASTST M M 4 MAX(MPH)
MISC ----> # 23 270 34 280
================================================================================
NOTES:
# LAST OF SEVERAL OCCURRENCES
COLUMN 17 PEAK WIND IN M.P.H.
PRELIMINARY LOCAL CLIMATOLOGICAL DATA (WS FORM: F-6) , PAGE 2
STATION: HAYWARD AIRPORT
MONTH: JUNE
YEAR: 2023
LATITUDE: 37 39 N
LONGITUDE: 122 7 W
[TEMPERATURE DATA] [PRECIPITATION DATA] SYMBOLS USED IN COLUMN 16
AVERAGE MONTHLY: 62.3 TOTAL FOR MONTH: 0.01 1 = FOG OR MIST
DPTR FM NORMAL: -2.3 DPTR FM NORMAL: -0.14 2 = FOG REDUCING VISIBILITY
HIGHEST: 79 ON 30 GRTST 24HR 0.01 ON 6- 6 TO 1/4 MILE OR LESS
LOWEST: 50 ON 20 3 = THUNDER
SNOW, ICE PELLETS, HAIL 4 = ICE PELLETS
TOTAL MONTH: M 5 = HAIL
GRTST 24HR M ON M 6 = FREEZING RAIN OR DRIZZLE
GRTST DEPTH: M ON M 7 = DUSTSTORM OR SANDSTORM:
VSBY 1/2 MILE OR LESS
8 = SMOKE OR HAZE
[NO. OF DAYS WITH] [WEATHER - DAYS WITH] 9 = BLOWING SNOW
X = TORNADO
MAX 32 OR BELOW: 0 0.01 INCH OR MORE: 1
MAX 90 OR ABOVE: 0 0.10 INCH OR MORE: 0
MIN 32 OR BELOW: 0 0.50 INCH OR MORE: 0
MIN 0 OR BELOW: 0 1.00 INCH OR MORE: 0
[HDD (BASE 65) ]
TOTAL THIS MO. 78 CLEAR (SCALE 0-3) 9
DPTR FM NORMAL 14 PTCLDY (SCALE 4-7) 20
TOTAL FM JUL 1 2705 CLOUDY (SCALE 8-10) 1
DPTR FM NORMAL 390
[CDD (BASE 65) ]
TOTAL THIS MO. 5
DPTR FM NORMAL -46 [PRESSURE DATA]
TOTAL FM JAN 1 15 HIGHEST SLP M ON M
DPTR FM NORMAL -68 LOWEST SLP 29.80 ON 5
[REMARKS]
#FINAL-06-23#