000
CXUS56 KMTR 011100
CF6HWD
PRELIMINARY LOCAL CLIMATOLOGICAL DATA (WS FORM: F-6)
STATION: HAYWARD AIRPORT
MONTH: NOVEMBER
YEAR: 2021
LATITUDE: 37 39 N
LONGITUDE: 122 7 W
TEMPERATURE IN F: :PCPN: SNOW: WIND :SUNSHINE: SKY :PK WND
================================================================================
1 2 3 4 5 6A 6B 7 8 9 10 11 12 13 14 15 16 17 18
12Z AVG MX 2MIN
DY MAX MIN AVG DEP HDD CDD WTR SNW DPTH SPD SPD DIR MIN PSBL S-S WX SPD DR
================================================================================
1 66 60 63 3 2 0 0.18 M M 7.2 20 150 M M 9 1 25 160
2 71 58 65 5 0 0 0.02 M M 4.4 12 280 M M 6 1 13 280
3 72 53 63 3 2 0 0.00 M M 3.4 10 270 M M 0 12 270
4 67 53 60 1 5 0 0.06 M M 6.1 16 280 M M 5 1 20 290
5 65 49 57 -2 8 0 0.00 M M 4.6 15 270 M M 1 17 290
6 65 52 59 0 6 0 0.00 M M 4.8 15 310 M M 6 22 330
7 63 44 54 -4 11 0 0.00 M M 5.8 16 290 M M 0 20 290
8 64 45 55 -3 10 0 0.26 M M 5.1 22 160 M M 3 31 140
9 67 53 60 2 5 0 0.15 M M 9.2 24 160 M M 8 1 33 160
10 66 55 61 3 4 0 0.00 M M 4.4 13 290 M M 4 14 290
11 71 52 62 5 3 0 0.00 M M 4.6 12 290 M M 0 14 280
12 73 51 62 5 3 0 0.00 M M 4.0 12 280 M M 0 15 290
13 72 51 62 5 3 0 0.00 M M 3.3 8 290 M M 1 12 10 290
14 69 52 61 5 4 0 0.00 M M 5.4 12 50 M M 0 8 13 50
15 62 52 57 1 8 0 0.00 M M 4.1 10 60 M M 1 18 15 270
16 65 52 59 3 6 0 0.00 M M 3.2 10 260 M M 4 18 12 250
17 67 47 57 1 8 0 0.00 M M 4.4 10 240 M M 0 13 250
18 62 48 55 0 10 0 T M M 3.4 12 290 M M 1 18 13 290
19 64 53 59 4 6 0 0.03 M M 4.7 14 300 M M 10 18 16 300
20 69 50 60 5 5 0 0.00 M M 4.9 12 250 M M 2 14 40
21 70 45 58 3 7 0 0.00 M M 5.4 16 70 M M 0 21 70
22 68 43 56 2 9 0 0.00 M M 3.4 10 300 M M 0 18 12 310
23 65 46 56 2 9 0 0.00 M M 3.6 14 340 M M 1 18 17 30
24 70 41 56 2 9 0 0.00 M M 3.6 16 40 M M 0 20 40
25 63 42 53 -1 12 0 0.00 M M 3.3 10 50 M M 0 8 13 20
26 65 46 56 2 9 0 0.00 M M 4.3 12 290 M M 0 18 14 280
27 69 46 58 5 7 0 0.00 M M 4.1 10 60 M M 0 12 60
28 67 49 58 5 7 0 0.00 M M 3.3 8 60 M M 0 8 10 70
29 67 48 58 5 7 0 0.00 M M 2.8 8 50 M M 0 8 11 280
30 68 48 58 5 7 0 0.00 M M 3.1 8 50 M M 0 8 10 50
================================================================================
SM 2012 1484 192 0 0.70 M 133.9 M 62
================================================================================
AV 67.1 49.5 4.5 FASTST M M 2 MAX(MPH)
MISC ----> 24 160 33 160
================================================================================
NOTES:
# LAST OF SEVERAL OCCURRENCES
COLUMN 17 PEAK WIND IN M.P.H.
PRELIMINARY LOCAL CLIMATOLOGICAL DATA (WS FORM: F-6) , PAGE 2
STATION: HAYWARD AIRPORT
MONTH: NOVEMBER
YEAR: 2021
LATITUDE: 37 39 N
LONGITUDE: 122 7 W
[TEMPERATURE DATA] [PRECIPITATION DATA] SYMBOLS USED IN COLUMN 16
AVERAGE MONTHLY: 58.3 TOTAL FOR MONTH: 0.70 1 = FOG OR MIST
DPTR FM NORMAL: 2.1 DPTR FM NORMAL: -0.81 2 = FOG REDUCING VISIBILITY
HIGHEST: 73 ON 12 GRTST 24HR 0.41 ON 8- 9 TO 1/4 MILE OR LESS
LOWEST: 41 ON 24 3 = THUNDER
SNOW, ICE PELLETS, HAIL 4 = ICE PELLETS
TOTAL MONTH: M 5 = HAIL
GRTST 24HR M ON M 6 = FREEZING RAIN OR DRIZZLE
GRTST DEPTH: M ON M 7 = DUSTSTORM OR SANDSTORM:
VSBY 1/2 MILE OR LESS
8 = SMOKE OR HAZE
[NO. OF DAYS WITH] [WEATHER - DAYS WITH] 9 = BLOWING SNOW
X = TORNADO
MAX 32 OR BELOW: 0 0.01 INCH OR MORE: 6
MAX 90 OR ABOVE: 0 0.10 INCH OR MORE: 3
MIN 32 OR BELOW: 0 0.50 INCH OR MORE: 0
MIN 0 OR BELOW: 0 1.00 INCH OR MORE: 0
[HDD (BASE 65) ]
TOTAL THIS MO. 192 CLEAR (SCALE 0-3) 21
DPTR FM NORMAL -76 PTCLDY (SCALE 4-7) 7
TOTAL FM JUL 1 330 CLOUDY (SCALE 8-10) 2
DPTR FM NORMAL -95
[CDD (BASE 65) ]
TOTAL THIS MO. 0
DPTR FM NORMAL -2 [PRESSURE DATA]
TOTAL FM JAN 1 305 HIGHEST SLP 30.41 ON 25
DPTR FM NORMAL -63 LOWEST SLP 29.97 ON 8
[REMARKS]
#FINAL-11-21#