000
CXUS54 KHGX 011410
CF6IAH
PRELIMINARY LOCAL CLIMATOLOGICAL DATA (WS FORM: F-6)
STATION: HOUSTON INTERCONTINENTAL
MONTH: APRIL
YEAR: 2021
LATITUDE: 29 58 N
LONGITUDE: 95 21 W
TEMPERATURE IN F: :PCPN: SNOW: WIND :SUNSHINE: SKY :PK WND
================================================================================
1 2 3 4 5 6A 6B 7 8 9 10 11 12 13 14 15 16 17 18
12Z AVG MX 2MIN
DY MAX MIN AVG DEP HDD CDD WTR SNW DPTH SPD SPD DIR MIN PSBL S-S WX SPD DR
================================================================================
1 72 45 59 -7 6 0 0.00 0.0 0 8.5 21 20 M M 2 28 50
2 69 43 56 -10 9 0 0.00 0.0 0 7.6 20 100 M M 5 24 100
3 67 46 57 -10 8 0 T 0.0 0 6.3 18 110 M M 7 24 130
4 76 50 63 -4 2 0 0.00 0.0 0 6.5 16 120 M M 7 1 20 110
5 78 54 66 -1 0 1 T 0.0 0 8.1 22 140 M M 5 1 26 120
6 83 65 74 7 0 9 T 0.0 0 13.1 26 150 M M 8 32 150
7 84 61 73 5 0 8 0.03 0.0 0 8.7 17 170 M M 9 1 25 160
8 88 54 71 3 0 6 0.00 0.0 0 7.2 18 130 M M 3 1 23 140
9 84 72 78 10 0 13 0.00 0.0 0 11.4 24 150 M M 8 18 30 150
10 86 59 73 5 0 8 0.00 0.0 0 10.4 23 360 M M 4 1 28 350
11 88 51 70 2 0 5 0.00 0.0 0 5.5 16 150 M M 2 18 160
12 87 53 70 1 0 5 0.00 0.0 0 8.2 17 140 M M 4 1 21 130
13 86 69 78 9 0 13 0.06 0.0 0 9.6 25 110 M M 10 18 32 120
14 79 68 74 5 0 9 0.07 0.0 0 8.2 18 60 M M 10 128 22 50
15 73 63 68 -1 0 3 T 0.0 0 11.2 22 60 M M 10 13 25 50
16 71 62 67 -3 0 2 0.17 0.0 0 10.1 16 20 M M 10 13 20 140
17 69 53 61 -9 4 0 T 0.0 0 15.3 31 360 M M 9 36 360
18 68 51 60 -10 5 0 T 0.0 0 8.5 17 30 M M 7 23 350
19 76 47 62 -8 3 0 T 0.0 0 3.9 14 90 M M 6 17 80
20 83 51 67 -3 0 2 0.00 0.0 0 5.8 21 340 M M 2 26 330
21 72 46 59 -12 6 0 0.00 0.0 0 11.9 22 360 M M 1 25 360
22 76 47 62 -9 3 0 0.02 0.0 0 11.6 20 110 M M 6 1 27 90
23 76 64 70 -1 0 5 0.29 0.0 0 11.1 24 160 M M 10 1 30 160
24 87 65 76 4 0 11 0.00 0.0 0 10.8 21 360 M M 3 1 27 360
25 82 60 71 -1 0 6 0.00 0.0 0 8.6 17 150 M M 1 20 160
26 84 57 71 -1 0 6 0.00 0.0 0 10.7 22 140 M M 7 1 28 140
27 79 73 76 4 0 11 T 0.0 0 11.4 25 130 M M 10 1 39 130
28 86 76 81 9 0 16 0.00 0.0 0 16.4 29 160 M M 8 1 35 170
29 86 72 79 6 0 14 T 0.0 0 11.5 21 140 M M 10 18 25 130
30 77 69 73 0 0 8 1.90 0.0 0 9.2 21 360 M M 10 13 32 360
================================================================================
SM 2372 1746 46 161 2.54 0.0 287.3 M 194
================================================================================
AV 79.1 58.2 9.6 FASTST M M 6 MAX(MPH)
MISC ----> 31 360 39 130
================================================================================
NOTES:
# LAST OF SEVERAL OCCURRENCES
COLUMN 17 PEAK WIND IN M.P.H.
PRELIMINARY LOCAL CLIMATOLOGICAL DATA (WS FORM: F-6) , PAGE 2
STATION: HOUSTON INTERCONTINENTAL
MONTH: APRIL
YEAR: 2021
LATITUDE: 29 58 N
LONGITUDE: 95 21 W
[TEMPERATURE DATA] [PRECIPITATION DATA] SYMBOLS USED IN COLUMN 16
AVERAGE MONTHLY: 68.6 TOTAL FOR MONTH: 2.54 1 = FOG OR MIST
DPTR FM NORMAL: -0.9 DPTR FM NORMAL: -0.77 2 = FOG REDUCING VISIBILITY
HIGHEST: 88 ON 11, 8 GRTST 24HR 1.90 ON 30-30 TO 1/4 MILE OR LESS
LOWEST: 43 ON 2 3 = THUNDER
SNOW, ICE PELLETS, HAIL 4 = ICE PELLETS
TOTAL MONTH: 0.0 INCH 5 = HAIL
GRTST 24HR 0.0 6 = FREEZING RAIN OR DRIZZLE
GRTST DEPTH: 0 7 = DUSTSTORM OR SANDSTORM:
VSBY 1/2 MILE OR LESS
8 = SMOKE OR HAZE
[NO. OF DAYS WITH] [WEATHER - DAYS WITH] 9 = BLOWING SNOW
X = TORNADO
MAX 32 OR BELOW: 0 0.01 INCH OR MORE: 7
MAX 90 OR ABOVE: 0 0.10 INCH OR MORE: 3
MIN 32 OR BELOW: 0 0.50 INCH OR MORE: 1
MIN 0 OR BELOW: 0 1.00 INCH OR MORE: 1
[HDD (BASE 65) ]
TOTAL THIS MO. 46 CLEAR (SCALE 0-3) 7
DPTR FM NORMAL 9 PTCLDY (SCALE 4-7) 10
TOTAL FM JUL 1 1265 CLOUDY (SCALE 8-10) 13
DPTR FM NORMAL -99
[CDD (BASE 65) ]
TOTAL THIS MO. 161
DPTR FM NORMAL -11 [PRESSURE DATA]
TOTAL FM JAN 1 303 HIGHEST SLP 30.52 ON 1
DPTR FM NORMAL 22 LOWEST SLP 29.60 ON 9
[REMARKS]
#FINAL-04-21#