000
CXUS55 KVEF 010910
CF6IGM
PRELIMINARY LOCAL CLIMATOLOGICAL DATA (WS FORM: F-6)
STATION: KINGMAN AZ
MONTH: JULY
YEAR: 2021
LATITUDE: 35 16 N
LONGITUDE: 113 57 W
TEMPERATURE IN F: :PCPN: SNOW: WIND :SUNSHINE: SKY :PK WND
================================================================================
1 2 3 4 5 6A 6B 7 8 9 10 11 12 13 14 15 16 17 18
12Z AVG MX 2MIN
DY MAX MIN AVG DEP HDD CDD WTR SNW DPTH SPD SPD DIR MIN PSBL S-S WX SPD DR
================================================================================
1 100 75 88 5 0 23 0.00 M M 10.8 22 250 M M 1 3 28 240
2 100 78 89 6 0 24 0.00 M M 10.2 33 140 M M 0 38 40 130
3 101 78 90 7 0 25 T M M 11.6 37 150 M M 1 8 45 160
4 99 76 88 5 0 23 0.00 M M 11.0 21 120 M M 1 27 240
5 104 78 91 7 0 26 0.00 M M 10.0 22 240 M M 2 26 250
6 107 75 91 7 0 26 0.00 M M 10.2 22 250 M M 0 35 260
7 107 76 92 8 0 27 0.00 M M 12.9 23 260 M M 0 32 260
8 105 80 93 9 0 28 T M M 13.2 24 250 M M 0 3 32 230
9 111 80 96 12 0 31 0.40 M M 10.3 28 180 M M 1 38 48 180
10 111 76 94 10 0 29 T M M 11.1 41 130 M M 1 38 55 130
11 106 81 94 10 0 29 0.00 M 0 12.8 30 140 M M 0 8 36 340
12 102 80 91 7 0 26 0.00 M M 14.2 30 220 M M 0 8 37 210
13 96 72 84 0 0 19 0.19 M M 13.9 58 140 M M 2 3 84 140
14 98 74 86 1 0 21 T M M 16.1 32 140 M M 1 8 39 140
15 95 63 79 -6 0 14 1.14 M M 11.7 44 350 M M 2 138 54 350
16 98 74 86 1 0 21 0.00 M M 12.1 25 240 M M 0 3 32 250
17 96 76 86 1 0 21 T M M 9.9 26 190 M M 1 38 31 130
18 96 70 83 -2 0 18 0.12 M M 9.5 28 180 M M 3 3 35 190
19 93 73 83 -2 0 18 T M M 6.2 28 140 M M 3 38 34 140
20 99 71 85 0 0 20 0.28 M M 7.3 28 340 M M 3 138 38 340
21 93 69 81 -4 0 16 T M M 7.1 25 250 M M 0 3 32 150
22 96 73 85 0 0 20 T M M 10.6 26 140 M M 1 38 33 140
23 94 69 82 -3 0 17 0.07 M M 13.5 36 70 M M 0 38 45 70
24 88 69 79 -6 0 14 0.04 M M 9.1 25 130 M M 3 3 30 120
25 91 64 78 -7 0 13 0.91 M M 7.5 48 100 M M 3 138 69 110
26 85 68 77 -8 0 12 0.55 M M 5.5 17 240 M M 6 13 23 120
27 95 68 82 -3 0 17 0.00 M M 3.3 13 200 M M 0 17 190
28 94 73 84 -1 0 19 0.00 M M 9.1 23 210 M M 1 3 28 210
29 99 71 85 0 0 20 T M M 5.9 36 160 M M 1 38 43 160
30 90 72 81 -4 0 16 T M M 7.1 22 150 M M 3 3 26 150
31 90 70 80 -5 0 15 T M M 7.9 29 350 M M 2 3 36 330
================================================================================
SM 3039 2272 0 648 3.70 M 311.6 M 42
================================================================================
AV 98.0 73.3 10.1 FASTST M M 1 MAX(MPH)
MISC ----> 58 140 84 140
================================================================================
NOTES:
# LAST OF SEVERAL OCCURRENCES
COLUMN 17 PEAK WIND IN M.P.H.
PRELIMINARY LOCAL CLIMATOLOGICAL DATA (WS FORM: F-6) , PAGE 2
STATION: KINGMAN AZ
MONTH: JULY
YEAR: 2021
LATITUDE: 35 16 N
LONGITUDE: 113 57 W
[TEMPERATURE DATA] [PRECIPITATION DATA] SYMBOLS USED IN COLUMN 16
AVERAGE MONTHLY: 85.7 TOTAL FOR MONTH: 3.70 1 = FOG OR MIST
DPTR FM NORMAL: 1.4 DPTR FM NORMAL: 2.84 2 = FOG REDUCING VISIBILITY
HIGHEST: 111 ON 10, 9 GRTST 24HR 1.46 ON 25-26 TO 1/4 MILE OR LESS
LOWEST: 63 ON 15 3 = THUNDER
SNOW, ICE PELLETS, HAIL 4 = ICE PELLETS
TOTAL MONTH: M 5 = HAIL
GRTST 24HR M ON M 6 = FREEZING RAIN OR DRIZZLE
GRTST DEPTH: 0 7 = DUSTSTORM OR SANDSTORM:
VSBY 1/2 MILE OR LESS
8 = SMOKE OR HAZE
[NO. OF DAYS WITH] [WEATHER - DAYS WITH] 9 = BLOWING SNOW
X = TORNADO
MAX 32 OR BELOW: 0 0.01 INCH OR MORE: 9
MAX 90 OR ABOVE: 29 0.10 INCH OR MORE: 7
MIN 32 OR BELOW: 0 0.50 INCH OR MORE: 3
MIN 0 OR BELOW: 0 1.00 INCH OR MORE: 1
[HDD (BASE 65) ]
TOTAL THIS MO. 0 CLEAR (SCALE 0-3) 27
DPTR FM NORMAL 0 PTCLDY (SCALE 4-7) 4
TOTAL FM JUL 1 0 CLOUDY (SCALE 8-10) 0
DPTR FM NORMAL 0
[CDD (BASE 65) ]
TOTAL THIS MO. 648
DPTR FM NORMAL 48 [PRESSURE DATA]
TOTAL FM JAN 1 1488 HIGHEST SLP 30.03 ON 15
DPTR FM NORMAL 276 LOWEST SLP 29.60 ON 7
[REMARKS]
#FINAL-07-21#