000
CXUS54 KFWD 010731
CF6ILE
PRELIMINARY LOCAL CLIMATOLOGICAL DATA (WS FORM: F-6)
STATION: KILLEEN SKYLARK
MONTH: AUGUST
YEAR: 2020
LATITUDE: 31 4 N
LONGITUDE: 97 41 W
TEMPERATURE IN F: :PCPN: SNOW: WIND :SUNSHINE: SKY :PK WND
================================================================================
1 2 3 4 5 6A 6B 7 8 9 10 11 12 13 14 15 16 17 18
12Z AVG MX 2MIN
DY MAX MIN AVG DEP HDD CDD WTR SNW DPTH SPD SPD DIR MIN PSBL S-S WX SPD DR
================================================================================
1 96 73 85 1 0 20 0.00 0.0 0 6.0 12 30 M M 0 20 20
2 99 69 84 0 0 19 0.00 0.0 0 6.4 16 30 M M 0 23 20
3 99 71 85 1 0 20 0.02 0.0 0 2.9 9 340 M M 0 3 M M
4 M 72 M M M M 0.00 0.0 0 M M M M M M M M
5 101 76 89 5 0 24 0.00 0.0 0 9.9 13 170 M M 0 20 130
6 100 75 88 4 0 23 0.00 0.0 0 11.7 17 160 M M 0 25 160
7 99 75 87 3 0 22 0.00 0.0 0 11.0 17 180 M M 0 30 160
8 100 74 87 3 0 22 0.00 0.0 0 10.0 16 170 M M 0 22 200
9 100 77 89 5 0 24 0.00 0.0 0 11.7 18 170 M M 0 22 190
10 100 77 89 5 0 24 0.00 0.0 0 13.0 21 170 M M 0 28 180
11 101 77 89 5 0 24 0.00 0.0 0 11.5 17 160 M M 0 25 170
12 103 78 91 7 0 26 0.00 0.0 0 11.0 14 140 M M 0 20 140
13 103 78 91 7 0 26 0.00 0.0 0 10.2 16 150 M M 0 22 180
14 106 78 92 8 0 27 0.00 0.0 0 10.5 15 170 M M 0 28 220
15 106 78 92 8 0 27 0.00 0.0 0 8.7 12 140 M M 0 18 190
16 103 78 91 7 0 26 0.00 0.0 0 7.1 16 10 M M 0 32 40
17 98 73 86 2 0 21 0.00 0.0 0 6.4 18 30 M M 0 M M
18 99 73 86 2 0 21 0.00 0.0 0 5.7 13 70 M M 1 8 21 40
19 98 69 84 0 0 19 0.00 0.0 0 6.3 13 20 M M 0 21 360
20 97 66 82 -2 0 17 0.00 0.0 0 4.6 9 60 M M 0 M M
21 99 71 85 1 0 20 0.00 0.0 0 7.0 12 90 M M 2 17 90
22 94 69 82 -2 0 17 0.01 0.0 0 6.7 9 130 M M 0 3 M M
23 98 67 83 -1 0 18 0.00 0.0 0 5.4 14 70 M M 2 21 100
24 98 73 86 3 0 21 0.00 0.0 0 5.9 14 90 M M 2 17 80
25 97 71 84 1 0 19 0.00 0.0 0 6.2 13 50 M M 2 17 60
26 93 72 83 0 0 18 0.00 0.0 0 6.3 12 80 M M 2 21 90
27 99 73 86 3 0 21 0.00 0.0 0 5.8 9 140 M M 2 M M
28 106 79 93 10 0 28 0.00 0.0 0 9.5 18 160 M M 1 3 24 160
29 104 79 92 10 0 27 0.00 0.0 0 9.1 14 160 M M 0 18 140
30 101 78 90 8 0 25 0.00 0.0 0 7.9 13 160 M M 1 20 170
31 101 80 91 9 0 26 0.00 0.0 0 13.6 18 190 M M 2 24 180
================================================================================
SM 2998 2299 0 672 0.03 0.0 248.0 M 17
================================================================================
AV 99.9 74.2 8.3 FASTST M M 1 MAX(MPH)
MISC ----> # 21 170 # 32 40
================================================================================
NOTES:
# LAST OF SEVERAL OCCURRENCES
COLUMN 17 PEAK WIND IN M.P.H.
PRELIMINARY LOCAL CLIMATOLOGICAL DATA (WS FORM: F-6) , PAGE 2
STATION: KILLEEN SKYLARK
MONTH: AUGUST
YEAR: 2020
LATITUDE: 31 4 N
LONGITUDE: 97 41 W
[TEMPERATURE DATA] [PRECIPITATION DATA] SYMBOLS USED IN COLUMN 16
AVERAGE MONTHLY: 87.1 TOTAL FOR MONTH: 0.03 1 = FOG OR MIST
DPTR FM NORMAL: 3.2 DPTR FM NORMAL: -1.84 2 = FOG REDUCING VISIBILITY
HIGHEST: 106 ON 28,15 GRTST 24HR 0.02 ON 3- 3 TO 1/4 MILE OR LESS
LOWEST: 66 ON 20 3 = THUNDER
SNOW, ICE PELLETS, HAIL 4 = ICE PELLETS
TOTAL MONTH: 0.0 INCH 5 = HAIL
GRTST 24HR 0.0 6 = FREEZING RAIN OR DRIZZLE
GRTST DEPTH: 0 7 = DUSTSTORM OR SANDSTORM:
VSBY 1/2 MILE OR LESS
8 = SMOKE OR HAZE
[NO. OF DAYS WITH] [WEATHER - DAYS WITH] 9 = BLOWING SNOW
X = TORNADO
MAX 32 OR BELOW: 0 0.01 INCH OR MORE: 2
MAX 90 OR ABOVE: 30 0.10 INCH OR MORE: 0
MIN 32 OR BELOW: 0 0.50 INCH OR MORE: 0
MIN 0 OR BELOW: 0 1.00 INCH OR MORE: 0
[HDD (BASE 65) ]
TOTAL THIS MO. 0 CLEAR (SCALE 0-3) 30
DPTR FM NORMAL 0 PTCLDY (SCALE 4-7) 0
TOTAL FM JUL 1 0 CLOUDY (SCALE 8-10) 0
DPTR FM NORMAL 0
[CDD (BASE 65) ]
TOTAL THIS MO. 672
DPTR FM NORMAL 88 [PRESSURE DATA]
TOTAL FM JAN 1 2397 HIGHEST SLP M ON M
DPTR FM NORMAL 413 LOWEST SLP M ON M
[REMARKS]
#FINAL-08-20#