000
CXUS52 KILM 031134
CF6ILM
PRELIMINARY LOCAL CLIMATOLOGICAL DATA (WS FORM: F-6)
STATION: WILMINGTON NORTH CAROLINA
MONTH: OCTOBER
YEAR: 2021
LATITUDE: 34 16 N
LONGITUDE: 77 55 W
TEMPERATURE IN F: :PCPN: SNOW: WIND :SUNSHINE: SKY :PK WND
================================================================================
1 2 3 4 5 6A 6B 7 8 9 10 11 12 13 14 15 16 17 18
12Z AVG MX 2MIN
DY MAX MIN AVG DEP HDD CDD WTR SNW DPTH SPD SPD DIR MIN PSBL S-S WX SPD DR
================================================================================
1 82 61 72 1 0 7 0.00 0.0 0 4.9 16 60 M M 1 20 60
2 83 58 71 0 0 6 0.00 0.0 0 2.2 12 120 M M 1 17 170
3 83 61 72 2 0 7 0.00 0.0 0 3.4 12 150 M M 3 1 15 170
4 85 66 76 6 0 11 0.03 0.0 0 3.0 14 160 M M 3 1 18 160
5 86 65 76 6 0 11 T 0.0 0 4.7 13 120 M M 2 1 18 100
6 83 71 77 8 0 12 0.02 0.0 0 8.9 20 60 M M 2 1 24 60
7 82 69 76 7 0 11 0.08 0.0 0 7.8 14 10 M M 7 1 19 50
8 80 70 75 6 0 10 T 0.0 0 7.9 13 30 M M 7 1 16 50
9 79 70 75 7 0 10 0.49 0.0 0 9.2 17 80 M M 9 1 23 360
10 79 69 74 6 0 9 T 0.0 0 11.5 23 350 M M 10 1 28 340
11 75 69 72 4 0 7 0.00 0.0 0 7.0 15 360 M M 10 18 20 360
12 75 67 71 4 0 6 0.00 0.0 0 5.3 14 320 M M 10 17 330
13 82 65 74 7 0 9 0.00 0.0 0 4.0 14 40 M M 6 1 17 40
14 86 62 74 7 0 9 0.00 0.0 0 2.9 12 130 M M 1 1 16 300
15 86 62 74 8 0 9 0.00 0.0 0 2.6 10 130 M M 0 1 13 110
16 87 60 74 8 0 9 0.01 0.0 0 8.2 24 340 M M 2 1 31 350
17 72 50 61 -5 4 0 0.00 0.0 0 8.2 18 330 M M 0 24 330
18 76 46 61 -4 4 0 0.00 0.0 0 5.1 18 270 M M 0 22 290
19 75 47 61 -4 4 0 0.00 0.0 0 2.6 9 130 M M 0 13 60
20 81 53 67 3 0 2 0.00 0.0 0 4.9 14 310 M M 0 16 300
21 82 58 70 6 0 5 0.00 0.0 0 6.9 16 260 M M 0 20 240
22 84 68 76 12 0 11 0.00 0.0 0 9.7 21 200 M M 2 27 230
23 80 56 68 5 0 3 0.00 0.0 0 3.6 13 330 M M 1 12 16 330
24 79 53 66 3 0 1 0.00 0.0 0 3.8 13 100 M M 1 1 18 90
25 80 65 73 10 0 8 0.04 0.0 0 4.3 17 170 M M 4 24 170
26 76 54 65 3 0 0 0.11 0.0 0 13.8 29 270 M M 3 1 38 270
27 71 49 60 -2 5 0 0.00 0.0 0 7.1 16 340 M M 0 23 330
28 75 49 62 0 3 0 0.14 0.0 0 6.5 21 130 M M 4 1 29 130
29 76 54 65 4 0 0 0.22 0.0 0 10.5 30 200 M M 5 1 36 190
30 71 50 61 0 4 0 0.00 0.0 0 7.9 20 260 M M 1 24 270
31 75 53 64 3 1 0 0.00 0.0 0 7.9 16 280 M M 3 22 260
================================================================================
SM 2466 1850 25 173 1.14 0.0 196.3 M 98
================================================================================
AV 79.5 59.7 6.3 FASTST M M 3 MAX(MPH)
MISC ----> 30 200 38 270
================================================================================
NOTES:
# LAST OF SEVERAL OCCURRENCES
COLUMN 17 PEAK WIND IN M.P.H.
PRELIMINARY LOCAL CLIMATOLOGICAL DATA (WS FORM: F-6) , PAGE 2
STATION: WILMINGTON NORTH CAROLINA
MONTH: OCTOBER
YEAR: 2021
LATITUDE: 34 16 N
LONGITUDE: 77 55 W
[TEMPERATURE DATA] [PRECIPITATION DATA] SYMBOLS USED IN COLUMN 16
AVERAGE MONTHLY: 69.6 TOTAL FOR MONTH: 1.14 1 = FOG OR MIST
DPTR FM NORMAL: 3.7 DPTR FM NORMAL: -3.52 2 = FOG REDUCING VISIBILITY
HIGHEST: 87 ON 16 GRTST 24HR 0.49 ON 9- 9 TO 1/4 MILE OR LESS
LOWEST: 46 ON 18 3 = THUNDER
SNOW, ICE PELLETS, HAIL 4 = ICE PELLETS
TOTAL MONTH: 0.0 INCH 5 = HAIL
GRTST 24HR 0.0 6 = FREEZING RAIN OR DRIZZLE
GRTST DEPTH: 0 7 = DUSTSTORM OR SANDSTORM:
VSBY 1/2 MILE OR LESS
8 = SMOKE OR HAZE
[NO. OF DAYS WITH] [WEATHER - DAYS WITH] 9 = BLOWING SNOW
X = TORNADO
MAX 32 OR BELOW: 0 0.01 INCH OR MORE: 9
MAX 90 OR ABOVE: 0 0.10 INCH OR MORE: 4
MIN 32 OR BELOW: 0 0.50 INCH OR MORE: 0
MIN 0 OR BELOW: 0 1.00 INCH OR MORE: 0
[HDD (BASE 65) ]
TOTAL THIS MO. 25 CLEAR (SCALE 0-3) 20
DPTR FM NORMAL -57 PTCLDY (SCALE 4-7) 7
TOTAL FM JUL 1 25 CLOUDY (SCALE 8-10) 4
DPTR FM NORMAL -62
[CDD (BASE 65) ]
TOTAL THIS MO. 173
DPTR FM NORMAL 65 [PRESSURE DATA]
TOTAL FM JAN 1 2312 HIGHEST SLP 30.26 ON 20
DPTR FM NORMAL 207 LOWEST SLP 29.50 ON 29
[REMARKS]
#FINAL-10-21#