000
CXUS55 KLBF 101228
CF6IML
PRELIMINARY LOCAL CLIMATOLOGICAL DATA (WS FORM: F-6)
STATION: IMPERIAL
MONTH: JULY
YEAR: 2022
LATITUDE: 40 31 N
LONGITUDE: 101 37 W
TEMPERATURE IN F: :PCPN: SNOW: WIND :SUNSHINE: SKY :PK WND
================================================================================
1 2 3 4 5 6A 6B 7 8 9 10 11 12 13 14 15 16 17 18
12Z AVG MX 2MIN
DY MAX MIN AVG DEP HDD CDD WTR SNW DPTH SPD SPD DIR MIN PSBL S-S WX SPD DR
================================================================================
1 86 60 73 -2 0 8 T M M 11.0 23 40 M M 4 37 60
2 90 63 77 2 0 12 0.00 M M 9.9 20 50 M M 3 32 70
3 98 66 82 7 0 17 0.00 M M 15.5 22 170 M M 2 46 150
4 101 67 84 9 0 19 0.00 M M 7.1 16 110 M M 0 30 130
5 102 68 85 9 0 20 0.44 M M 11.4 31 10 M M 3 13 47 70
6 85 67 76 0 0 11 0.06 M M 9.8 17 190 M M 6 31 70
7 89 66 78 2 0 13 T M M 8.4 17 40 M M 2 29 270
8 94 63 79 3 0 14 0.00 M M 6.3 14 130 M M 0 27 280
9 101 67 84 8 0 19 0.00 M M 13.2 25 200 M M 0 37 200
10 107 68 88 12 0 23 0.45 M M 13.2 48 330 M M 1 13 65 330
11 87 61 74 -2 0 9 0.02 M M 11.0 46 200 M M 0 68 200
12 94 59 77 0 0 12 0.00 M M 12.4 21 180 M M 1 34 140
13 102 64 83 6 0 18 T M M 9.8 20 200 M M 0 34 230
14 106 68 87 10 0 22 0.00 M M 7.1 14 60 M M 0 28 260
15 101 69 85 8 0 20 0.00 M M 11.6 21 120 M M 1 40 280
16 99 70 85 8 0 20 T M M 9.9 16 250 M M 1 30 260
17 98 64 81 4 0 16 0.00 M M 9.6 15 100 M M 0 31 280
18 106 68 87 10 0 22 0.01 M M 16.0 25 200 M M 1 3 58 210
19 100 67 84 7 0 19 0.00 M M 12.0 18 340 M M 0 32 320
20 97 58 78 1 0 13 0.00 M M 7.6 14 170 M M 0 24 110
21 103 63 83 6 0 18 0.61 M M 10.4 37 300 M M 0 13 58 290
22 99 69 84 7 0 19 0.00 M M 8.6 13 200 M M 0 27 150
23 102 72 87 10 0 22 0.00 M M 13.2 26 10 M M 0 42 10
24 89 64 77 0 0 12 0.05 M M 11.9 21 140 M M 1 38 120
25 82 62 72 -5 0 7 0.00 M M 10.7 20 130 M M 7 1 30 120
26 84 63 74 -3 0 9 0.00 M M 9.3 17 140 M M 7 1 30 170
27 88 61 75 -2 0 10 1.00 M M 10.2 58 30 M M 5 13 81 20
28 79 64 72 -5 0 7 0.01 M M M 20 80 M M 4 27 260
29 77 61 69 -8 0 4 0.38 M M 11.2 21 170 M M 4 13 32 180
30 82 62 72 -5 0 7 0.00 M M 12.3 20 190 M M 4 35 250
31 96 65 81 4 0 16 0.01 M M 9.3 30 340 M M 3 1 49 320
================================================================================
SM 2924 2009 0 458 3.04 M 319.9 M 60
================================================================================
AV 94.3 64.8 10.7 FASTST M M 2 MAX(MPH)
MISC ----> 58 30 81 20
================================================================================
NOTES:
# LAST OF SEVERAL OCCURRENCES
COLUMN 17 PEAK WIND IN M.P.H.
PRELIMINARY LOCAL CLIMATOLOGICAL DATA (WS FORM: F-6) , PAGE 2
STATION: IMPERIAL
MONTH: JULY
YEAR: 2022
LATITUDE: 40 31 N
LONGITUDE: 101 37 W
[TEMPERATURE DATA] [PRECIPITATION DATA] SYMBOLS USED IN COLUMN 16
AVERAGE MONTHLY: 79.6 TOTAL FOR MONTH: 3.04 1 = FOG OR MIST
DPTR FM NORMAL: 3.1 DPTR FM NORMAL: 0.20 2 = FOG REDUCING VISIBILITY
HIGHEST: 107 ON 10 GRTST 24HR 1.01 ON 27-28 TO 1/4 MILE OR LESS
LOWEST: 58 ON 20 3 = THUNDER
SNOW, ICE PELLETS, HAIL 4 = ICE PELLETS
TOTAL MONTH: M 5 = HAIL
GRTST 24HR M ON M 6 = FREEZING RAIN OR DRIZZLE
GRTST DEPTH: M ON M 7 = DUSTSTORM OR SANDSTORM:
VSBY 1/2 MILE OR LESS
8 = SMOKE OR HAZE
[NO. OF DAYS WITH] [WEATHER - DAYS WITH] 9 = BLOWING SNOW
X = TORNADO
MAX 32 OR BELOW: 0 0.01 INCH OR MORE: 11
MAX 90 OR ABOVE: 20 0.10 INCH OR MORE: 5
MIN 32 OR BELOW: 0 0.50 INCH OR MORE: 2
MIN 0 OR BELOW: 0 1.00 INCH OR MORE: 1
[HDD (BASE 65) ]
TOTAL THIS MO. 0 CLEAR (SCALE 0-3) 23
DPTR FM NORMAL -2 PTCLDY (SCALE 4-7) 8
TOTAL FM JUL 1 0 CLOUDY (SCALE 8-10) 0
DPTR FM NORMAL 0
[CDD (BASE 65) ]
TOTAL THIS MO. 458
DPTR FM NORMAL 98 [PRESSURE DATA]
TOTAL FM JAN 1 814 HIGHEST SLP 30.15 ON 29
DPTR FM NORMAL 203 LOWEST SLP 29.67 ON 18
[REMARKS]
#FINAL-07-22#