000
CXUS54 KMAF 011613
CF6INK
PRELIMINARY LOCAL CLIMATOLOGICAL DATA (WS FORM: F-6)
STATION: WINK
MONTH: OCTOBER
YEAR: 2022
LATITUDE: 31 46 N
LONGITUDE: 103 12 W
TEMPERATURE IN F: :PCPN: SNOW: WIND :SUNSHINE: SKY :PK WND
================================================================================
1 2 3 4 5 6A 6B 7 8 9 10 11 12 13 14 15 16 17 18
12Z AVG MX 2MIN
DY MAX MIN AVG DEP HDD CDD WTR SNW DPTH SPD SPD DIR MIN PSBL S-S WX SPD DR
================================================================================
1 88 58 73 2 0 8 0.00 M M 11.2 23 140 M M 0 29 140
2 85 60 73 2 0 8 0.00 M M 10.0 20 130 M M 0 25 140
3 83 56 70 -1 0 5 0.00 M M 9.6 17 130 M M 0 23 140
4 85 55 70 0 0 5 T M M 7.7 21 180 M M 1 3 28 180
5 84 61 73 3 0 8 0.24 M M 6.9 24 40 M M 5 13 34 50
6 79 58 69 -1 0 4 0.00 M M 5.0 14 120 M M 4 1 17 110
7 81 61 71 2 0 6 0.02 M M 9.3 23 60 M M 5 32 60
8 75 57 66 -3 0 1 0.01 M M 9.8 18 70 M M 5 24 70
9 76 57 67 -2 0 2 T M M 5.6 17 160 M M 5 22 150
10 76 56 66 -2 0 1 0.01 M M 6.1 20 170 M M 4 27 180
11 84 54 69 1 0 4 0.00 M M 6.4 15 210 M M 2 23 190
12 86 54 70 2 0 5 0.00 M M 5.8 14 20 M M 0 19 10
13 81 50 66 -1 0 1 0.00 M M 7.0 17 110 M M 0 24 110
14 84 51 68 1 0 3 0.00 M M 7.7 12 160 M M 0 M M
15 91 63 77 11 0 12 0.21 M M 8.8 33 200 M M 2 3 46 200
16 72 58 65 -1 0 0 0.10 M M 11.6 25 40 M M 8 13 33 50
17 59 52 56 -10 9 0 0.40 M M 8.6 23 50 M M 10 13 30 50
18 62 47 55 -10 10 0 T M M 5.6 13 160 M M 7 1 19 180
19 70 42 56 -9 9 0 0.00 M M 3.6 8 170 M M 0 12 270
20 81 42 62 -2 3 0 0.00 M M 5.2 13 260 M M 0 1 17 270
21 86 45 66 2 0 1 0.00 M M 6.6 18 290 M M 0 24 290
22 87 54 71 7 0 6 0.00 M M 9.9 22 250 M M 0 29 250
23 91 58 75 12 0 10 0.00 M M 13.8 26 220 M M 0 42 220
24 76 45 61 -2 4 0 0.03 M M 16.4 38 310 M M 4 1 51 300
25 69 34 52 -10 13 0 0.00 M M 4.2 10 130 M M 0 15 240
26 78 36 57 -5 8 0 0.00 M M 6.4 14 150 M M 0 19 140
27 81 48 65 4 0 0 0.00 M M 12.7 31 350 M M 1 47 350
28 65 45 55 -6 10 0 T M M 14.7 33 320 M M 4 45 310
29 69 41 55 -6 10 0 T M M 4.7 10 320 M M 1 18 13 350
30 74 38 56 -4 9 0 0.00 M M 5.8 12 160 M M 0 16 200
31 73 46 60 0 5 0 0.00 M M 9.2 18 150 M M 0 27 170
================================================================================
SM 2431 1582 90 90 1.02 M 255.9 M 68
================================================================================
AV 78.4 51.0 8.3 FASTST M M 2 MAX(MPH)
MISC ----> 38 310 51 300
================================================================================
NOTES:
# LAST OF SEVERAL OCCURRENCES
COLUMN 17 PEAK WIND IN M.P.H.
PRELIMINARY LOCAL CLIMATOLOGICAL DATA (WS FORM: F-6) , PAGE 2
STATION: WINK
MONTH: OCTOBER
YEAR: 2022
LATITUDE: 31 46 N
LONGITUDE: 103 12 W
[TEMPERATURE DATA] [PRECIPITATION DATA] SYMBOLS USED IN COLUMN 16
AVERAGE MONTHLY: 64.7 TOTAL FOR MONTH: 1.02 1 = FOG OR MIST
DPTR FM NORMAL: -1.1 DPTR FM NORMAL: -0.16 2 = FOG REDUCING VISIBILITY
HIGHEST: 91 ON 23,15 GRTST 24HR 0.42 ON 16-17 TO 1/4 MILE OR LESS
LOWEST: 34 ON 25 3 = THUNDER
SNOW, ICE PELLETS, HAIL 4 = ICE PELLETS
TOTAL MONTH: M 5 = HAIL
GRTST 24HR M ON M 6 = FREEZING RAIN OR DRIZZLE
GRTST DEPTH: M ON M 7 = DUSTSTORM OR SANDSTORM:
VSBY 1/2 MILE OR LESS
8 = SMOKE OR HAZE
[NO. OF DAYS WITH] [WEATHER - DAYS WITH] 9 = BLOWING SNOW
X = TORNADO
MAX 32 OR BELOW: 0 0.01 INCH OR MORE: 8
MAX 90 OR ABOVE: 2 0.10 INCH OR MORE: 4
MIN 32 OR BELOW: 0 0.50 INCH OR MORE: 0
MIN 0 OR BELOW: 0 1.00 INCH OR MORE: 0
[HDD (BASE 65) ]
TOTAL THIS MO. 90 CLEAR (SCALE 0-3) 20
DPTR FM NORMAL 2 PTCLDY (SCALE 4-7) 10
TOTAL FM JUL 1 90 CLOUDY (SCALE 8-10) 1
DPTR FM NORMAL -6
[CDD (BASE 65) ]
TOTAL THIS MO. 90
DPTR FM NORMAL -24 [PRESSURE DATA]
TOTAL FM JAN 1 2860 HIGHEST SLP 30.32 ON 19
DPTR FM NORMAL 204 LOWEST SLP 29.49 ON 23
[REMARKS]
#FINAL-10-22#