000
CXUS53 KDLH 010820
CF6INL
PRELIMINARY LOCAL CLIMATOLOGICAL DATA (WS FORM: F-6)
STATION: INTERNATIONAL FALLS
MONTH: AUGUST
YEAR: 2021
LATITUDE: 48 34 N
LONGITUDE: 93 23 W
TEMPERATURE IN F: :PCPN: SNOW: WIND :SUNSHINE: SKY :PK WND
================================================================================
1 2 3 4 5 6A 6B 7 8 9 10 11 12 13 14 15 16 17 18
12Z AVG MX 2MIN
DY MAX MIN AVG DEP HDD CDD WTR SNW DPTH SPD SPD DIR MIN PSBL S-S WX SPD DR
================================================================================
1 78 50 64 -1 1 0 0.00 0.0 0 5.3 14 310 M M 6 8 18 320
2 83 55 69 4 0 4 0.00 0.0 0 4.8 17 310 M M 5 18 24 320
3 90 53 72 7 0 7 0.00 0.0 0 2.0 8 250 M M 6 18 13 240
4 85 58 72 7 0 7 T 0.0 0 6.4 16 250 M M 1 18 24 200
5 77 64 71 7 0 6 0.22 0.0 0 7.1 16 320 M M 7 138 23 310
6 72 58 65 1 0 0 0.00 0.0 0 6.5 14 340 M M 5 8 20 350
7 74 56 65 1 0 0 0.00 0.0 0 9.5 15 120 M M 5 1 21 120
8 80 55 68 4 0 3 0.00 0.0 0 4.7 12 140 M M 7 16 140
9 92 63 78 14 0 13 0.00 0.0 0 4.8 23 360 M M 1 1 33 340
10 81 64 73 9 0 8 0.17 0.0 0 8.6 23 240 M M 3 138 38 270
11 78 58 68 4 0 3 0.02 0.0 0 9.9 23 270 M M 5 38 280
12 67 54 61 -3 4 0 0.00 0.0 0 10.6 25 290 M M 5 37 260
13 70 42 56 -8 9 0 0.04 0.0 0 6.5 18 310 M M 3 27 320
14 88 38 63 -1 2 0 0.00 0.0 0 3.3 14 250 M M 0 22 170
15 90 60 75 12 0 10 0.01 0.0 0 7.3 20 210 M M 1 8 33 230
16 91 69 80 17 0 15 0.00 0.0 0 7.5 17 200 M M 1 31 210
17 92 71 82 19 0 17 T 0.0 0 5.4 13 210 M M 0 22 170
18 92 67 80 17 0 15 0.00 0.0 0 5.9 14 210 M M 0 23 220
19 93 69 81 18 0 16 0.00 0.0 0 5.9 15 220 M M 1 24 220
20 91 69 80 18 0 15 0.30 0.0 0 8.5 20 140 M M 4 13 31 160
21 69 46 58 -4 7 0 0.01 0.0 0 9.7 22 230 M M 7 42 260
22 78 42 60 -2 5 0 0.03 M M 6.6 20 140 M M 3 3 29 130
23 69 49 59 -3 6 0 0.00 0.0 0 7.4 16 250 M M 7 28 250
24 77 45 61 -1 4 0 0.00 0.0 0 4.9 13 80 M M 6 18 18 100
25 73 50 62 1 3 0 0.00 0.0 0 10.2 18 320 M M 3 27 260
26 62 44 53 -8 12 0 0.00 0.0 0 4.8 12 100 M M 5 8 18 100
27 65 54 60 -1 5 0 0.63 0.0 0 10.5 20 100 M M 8 138 26 110
28 75 61 68 7 0 3 T 0.0 0 3.3 13 110 M M 7 12 16 110
29 72 57 65 5 0 0 1.37 0.0 0 8.3 20 290 M M 7 138 29 290
30 73 50 62 2 3 0 0.00 0.0 0 3.5 9 310 M M 7 12 12 270
31 75 44 60 0 5 0 0.00 0.0 0 2.8 10 30 M M 2 12 15 350
================================================================================
SM 2452 1715 66 142 2.80 0.0 202.5 M 128
================================================================================
AV 79.1 55.3 6.5 FASTST M M 4 MAX(MPH)
MISC ----> 25 290 42 260
================================================================================
NOTES:
# LAST OF SEVERAL OCCURRENCES
COLUMN 17 PEAK WIND IN M.P.H.
PRELIMINARY LOCAL CLIMATOLOGICAL DATA (WS FORM: F-6) , PAGE 2
STATION: INTERNATIONAL FALLS
MONTH: AUGUST
YEAR: 2021
LATITUDE: 48 34 N
LONGITUDE: 93 23 W
[TEMPERATURE DATA] [PRECIPITATION DATA] SYMBOLS USED IN COLUMN 16
AVERAGE MONTHLY: 67.2 TOTAL FOR MONTH: 2.80 1 = FOG OR MIST
DPTR FM NORMAL: 4.4 DPTR FM NORMAL: -0.02 2 = FOG REDUCING VISIBILITY
HIGHEST: 93 ON 19 GRTST 24HR 1.37 ON 29-29 TO 1/4 MILE OR LESS
LOWEST: 38 ON 14 3 = THUNDER
SNOW, ICE PELLETS, HAIL 4 = ICE PELLETS
TOTAL MONTH: 0.0 INCH 5 = HAIL
GRTST 24HR 0.0 6 = FREEZING RAIN OR DRIZZLE
GRTST DEPTH: 0 7 = DUSTSTORM OR SANDSTORM:
VSBY 1/2 MILE OR LESS
8 = SMOKE OR HAZE
[NO. OF DAYS WITH] [WEATHER - DAYS WITH] 9 = BLOWING SNOW
X = TORNADO
MAX 32 OR BELOW: 0 0.01 INCH OR MORE: 10
MAX 90 OR ABOVE: 8 0.10 INCH OR MORE: 5
MIN 32 OR BELOW: 0 0.50 INCH OR MORE: 2
MIN 0 OR BELOW: 0 1.00 INCH OR MORE: 1
[HDD (BASE 65) ]
TOTAL THIS MO. 66 CLEAR (SCALE 0-3) 11
DPTR FM NORMAL -49 PTCLDY (SCALE 4-7) 19
TOTAL FM JUL 1 91 CLOUDY (SCALE 8-10) 1
DPTR FM NORMAL -98
[CDD (BASE 65) ]
TOTAL THIS MO. 142
DPTR FM NORMAL 93 [PRESSURE DATA]
TOTAL FM JAN 1 387 HIGHEST SLP 30.30 ON 26
DPTR FM NORMAL 225 LOWEST SLP 29.47 ON 21
[REMARKS]
#FINAL-08-21#