000
CXUS55 KFGZ 020409
CLMINW
CLIMATE REPORT
NATIONAL WEATHER SERVICE FLAGSTAFF AZ
909 PM MST THU FEB 01 2024
...................................
...THE WINSLOW AZ AIRPORT CLIMATE SUMMARY FOR THE MONTH OF JANUARY 2024...
CLIMATE NORMAL PERIOD 1991 TO 2020
CLIMATE RECORD PERIOD 1915 TO 2024
WEATHER OBSERVED NORMAL DEPART LAST YEAR`S
VALUE DATE(S) VALUE FROM VALUE DATE(S)
NORMAL
................................................................
TEMPERATURE (F)
RECORD
HIGH 75 01/20/1971
LOW -18 01/23/1937
01/22/1937
HIGHEST 65 65 01/10
LOWEST 8 14 01/26
01/27
AVG. MAXIMUM 52.1 49.8 2.3 49.1
AVG. MINIMUM 24.2 22.0 2.2 23.5
MEAN 38.2 35.9 2.3 36.3
DAYS MAX >= 90 0 0.0 0.0 0
DAYS MAX <= 32 0 1.3 -1.3 0
DAYS MIN <= 32 24 28.0 -4.0 26
DAYS MIN <= 0 0 0.1 -0.1 0
PRECIPITATION (INCHES)
RECORD
MAXIMUM 2.22 2010
MINIMUM 0.00 1972
TOTALS 0.87 0.51 0.36 0.49
DAILY AVG. 0.03 0.02 0.01 0.02
DAYS >= .01 6 4.3 1.7 7
DAYS >= .10 2 1.8 0.2 2
DAYS >= .50 1 0.2 0.8 0
DAYS >= 1.00 0 0.0 0.0 0
GREATEST
24 HR. TOTAL 0.66 01/23 TO 01/23 0.20
DEGREE DAYS
HEATING TOTAL 825 902 -77 881
SINCE 7/1 2418 2716 -298 MM
COOLING TOTAL 0 0 0 0
SINCE 1/1 0 0 0 MM
................................................................
WIND (MPH)
AVERAGE WIND SPEED 6.8
HIGHEST WIND SPEED/DIRECTION 37/220 DATE 01/07
HIGHEST GUST SPEED/DIRECTION 52/220 DATE 01/07
SKY COVER
POSSIBLE SUNSHINE (PERCENT) MM
AVERAGE SKY COVER 0.24
NUMBER OF DAYS FAIR 23
NUMBER OF DAYS PC 3
NUMBER OF DAYS CLOUDY 5
AVERAGE RH (PERCENT) 57
WEATHER CONDITIONS. NUMBER OF DAYS WITH
THUNDERSTORM 0 MIXED PRECIP 0
HEAVY RAIN 2 RAIN 2
LIGHT RAIN 6 FREEZING RAIN 0
LT FREEZING RAIN 0 HAIL 0
HEAVY SNOW 0 SNOW 1
LIGHT SNOW 3 SLEET 0
FOG 4 FOG W/VIS <= 1/4 MILE 2
HAZE 2
- INDICATES NEGATIVE NUMBERS.
R INDICATES RECORD WAS SET OR TIED.
MM INDICATES DATA IS MISSING.
T INDICATES TRACE AMOUNT.
$$