000
CXUS55 KDVN 011000
CF6IOW
PRELIMINARY LOCAL CLIMATOLOGICAL DATA (WS FORM: F-6)
STATION: IOWA CITY IA
MONTH: OCTOBER
YEAR: 2022
LATITUDE: 41 37 N
LONGITUDE: 91 33 W
TEMPERATURE IN F: :PCPN: SNOW: WIND :SUNSHINE: SKY :PK WND
================================================================================
1 2 3 4 5 6A 6B 7 8 9 10 11 12 13 14 15 16 17 18
12Z AVG MX 2MIN
DY MAX MIN AVG DEP HDD CDD WTR SNW DPTH SPD SPD DIR MIN PSBL S-S WX SPD DR
================================================================================
1 74 43 59 -1 6 0 0.00 M M 4.1 10 50 M M 0 16 40
2 76 50 63 4 2 0 0.00 M M 4.4 13 70 M M 1 17 80
3 75 48 62 3 3 0 0.00 M M 3.9 13 140 M M 0 20 130
4 77 41 59 1 6 0 0.00 M M 2.9 13 180 M M 0 17 180
5 74 41 58 0 7 0 T M M 2.0 14 180 M M 4 17 170
6 73 47 60 2 5 0 0.00 M M 8.7 22 350 M M 1 32 360
7 58 36 47 -10 18 0 0.00 M M 8.1 16 30 M M 2 22 350
8 61 31 46 -11 19 0 0.00 M M 5.6 20 260 M M 0 29 240
9 74 34 54 -2 11 0 0.00 M M 3.4 16 270 M M 1 22 270
10 77 39 58 2 7 0 0.00 M M 2.5 10 220 M M 0 13 220
11 67 46 57 2 8 0 0.06 M M 8.2 20 180 M M 5 1 26 180
12 70 42 56 1 9 0 0.13 M M 11.9 33 300 M M 5 13 50 290
13 53 32 43 -11 22 0 0.00 M M 9.3 28 300 M M 4 39 300
14 60 31 46 -8 19 0 0.01 M M 8.7 31 260 M M 3 48 230
15 61 28 45 -9 20 0 0.00 M M 7.8 18 210 M M 1 28 220
16 58 36 47 -6 18 0 0.00 M M 12.4 24 310 M M 4 36 310
17 45 29 37 -16 28 0 0.00 M M 15.0 25 320 M M 3 40 350
18 49 26 38 -14 27 0 0.00 M M 13.5 24 300 M M 0 8 38 10
19 50 19 35 -17 30 0 0.00 M M 7.3 21 270 M M 1 26 320
20 69 28 49 -2 16 0 0.00 M M 3.9 16 280 M M 0 8 23 260
21 85 34 60 9 5 0 0.00 M M 5.2 20 200 M M 0 29 200
22 85 42 64 14 1 0 0.00 M M 9.1 24 160 M M 0 35 170
23 79 58 69 19 0 4 0.04 M M 14.5 26 150 M M 1 3 38 170
24 76 47 62 12 3 0 0.58 M M 11.9 24 160 M M 6 13 36 180
25 48 41 45 -4 20 0 T M M 9.8 22 360 M M 5 34 360
26 57 32 45 -4 20 0 0.00 M M 5.1 14 280 M M 0 20 310
27 59 38 49 1 16 0 0.00 M M 7.1 17 120 M M 0 24 110
28 63 33 48 0 17 0 0.00 M M 2.3 8 150 M M 0 18 12 70
29 66 32 49 2 16 0 0.00 M M 1.3 8 130 M M 0 1 11 90
30 65 43 54 7 11 0 0.00 M M 1.9 13 10 M M 2 15 10
31 68 39 54 8 11 0 0.00 M M 2.7 13 270 M M 1 1 16 270
================================================================================
SM 2052 1166 401 4 0.82 M 214.5 M 50
================================================================================
AV 66.2 37.6 6.9 FASTST M M 2 MAX(MPH)
MISC ----> 33 300 50 290
================================================================================
NOTES:
# LAST OF SEVERAL OCCURRENCES
COLUMN 17 PEAK WIND IN M.P.H.
PRELIMINARY LOCAL CLIMATOLOGICAL DATA (WS FORM: F-6) , PAGE 2
STATION: IOWA CITY IA
MONTH: OCTOBER
YEAR: 2022
LATITUDE: 41 37 N
LONGITUDE: 91 33 W
[TEMPERATURE DATA] [PRECIPITATION DATA] SYMBOLS USED IN COLUMN 16
AVERAGE MONTHLY: 51.9 TOTAL FOR MONTH: 0.82 1 = FOG OR MIST
DPTR FM NORMAL: -1.2 DPTR FM NORMAL: -2.16 2 = FOG REDUCING VISIBILITY
HIGHEST: 85 ON 22,21 GRTST 24HR 0.58 ON 24-24 TO 1/4 MILE OR LESS
LOWEST: 19 ON 19 3 = THUNDER
SNOW, ICE PELLETS, HAIL 4 = ICE PELLETS
TOTAL MONTH: M 5 = HAIL
GRTST 24HR M ON M 6 = FREEZING RAIN OR DRIZZLE
GRTST DEPTH: M ON M 7 = DUSTSTORM OR SANDSTORM:
VSBY 1/2 MILE OR LESS
8 = SMOKE OR HAZE
[NO. OF DAYS WITH] [WEATHER - DAYS WITH] 9 = BLOWING SNOW
X = TORNADO
MAX 32 OR BELOW: 0 0.01 INCH OR MORE: 5
MAX 90 OR ABOVE: 0 0.10 INCH OR MORE: 2
MIN 32 OR BELOW: 10 0.50 INCH OR MORE: 1
MIN 0 OR BELOW: 0 1.00 INCH OR MORE: 0
[HDD (BASE 65) ]
TOTAL THIS MO. 401 CLEAR (SCALE 0-3) 23
DPTR FM NORMAL 17 PTCLDY (SCALE 4-7) 8
TOTAL FM JUL 1 468 CLOUDY (SCALE 8-10) 0
DPTR FM NORMAL -7
[CDD (BASE 65) ]
TOTAL THIS MO. 4
DPTR FM NORMAL -11 [PRESSURE DATA]
TOTAL FM JAN 1 1192 HIGHEST SLP 30.51 ON 7
DPTR FM NORMAL 148 LOWEST SLP 29.57 ON 14
[REMARKS]
#FINAL-10-22#