000
CXUS53 KDVN 011350
CLMIOW
CLIMATE REPORT
NATIONAL WEATHER SERVICE QUAD CITIES IA IL
855 AM CDT MON APR 01 2024
...................................
...THE IOWA CITY IA CLIMATE SUMMARY FOR THE MONTH OF MARCH 2024...
CLIMATE NORMAL PERIOD 1991 TO 2020
CLIMATE RECORD PERIOD 9999 TO 9999
WEATHER OBSERVED NORMAL DEPART LAST YEAR`S
VALUE DATE(S) VALUE FROM VALUE
NORMAL
..............................................................
TEMPERATURE (F)
HIGHEST 80 03/03 56 24
LOWEST 20 03/18 23 -3
AVG. MAXIMUM 55.3 49.5 5.8
AVG. MINIMUM 33.5 29.5 4.0
MEAN 44.4 39.5 4.9
DAYS MAX >= 90 0
DAYS MAX <= 32 0
DAYS MIN <= 32 16
DAYS MIN <= 0 0
PRECIPITATION (INCHES)
TOTALS 2.48 2.21 0.27
DAILY AVG. 0.08 0.07 0.01
DAYS >= .01 10
DAYS >= .10 7
DAYS >= .50 1
DAYS >= 1.00 0
GREATEST
24 HR. TOTAL 0.72 03/14 TO 03/14
DEGREE DAYS
HEATING TOTAL 632 792 -160
SINCE 7/1 4664 5538 -874
COOLING TOTAL 0 2 -2
SINCE 1/1 0 2 -2
..............................................................
WIND (MPH)
AVERAGE WIND SPEED 10.3
HIGHEST WIND SPEED/DIRECTION 39/180 DATE 03/03
HIGHEST GUST SPEED/DIRECTION 57/180 DATE 03/03
SKY COVER
POSSIBLE SUNSHINE (PERCENT) MM
AVERAGE SKY COVER 0.40
NUMBER OF DAYS FAIR 16
NUMBER OF DAYS PC 8
NUMBER OF DAYS CLOUDY 7
AVERAGE RH (PERCENT) 60
WEATHER CONDITIONS. NUMBER OF DAYS WITH
THUNDERSTORM 4 HAIL 0
SLEET 0 FOG 10
FOG W/VIS <= 1/4 MILE 1 HAZE 1
- INDICATES NEGATIVE NUMBERS.
R INDICATES RECORD WAS SET OR TIED.
MM INDICATES DATA IS MISSING.
T INDICATES TRACE AMOUNT.
$$