000
CXUS51 KCTP 011050
CLSIPT
CLIMATE REPORT
NATIONAL WEATHER SERVICE STATE COLLEGE PA
550 AM EST THU DEC 01 2022
...................................
...THE WILLIAMSPORT PA CLIMATE SUMMARY FOR THE SEASON, FROM
9/1/2022 TO 11/30/2022...
CLIMATE NORMAL PERIOD 1991 TO 2020
CLIMATE RECORD PERIOD 1895 TO 2022
WEATHER OBSERVED NORMAL DEPART LAST YEAR`S
VALUE DATE(S) VALUE FROM VALUE DATE(S)
NORMAL
................................................................
TEMPERATURE (F)
RECORD
HIGH 102 09/03/1953
LOW 3 11/27/1938
HIGHEST 85 09/18 86 09/18
LOWEST 17 11/21 22 11/24
AVG. MAXIMUM 64.0 63.0 1.0 64.7
AVG. MINIMUM 43.9 43.4 0.5 46.2
MEAN 54.0 53.2 0.8 55.4
DAYS MAX >= 90 0 1.3 -1.3 0
DAYS MAX <= 32 0 0.4 -0.4 0
DAYS MIN <= 32 20 18.0 2.0 18
DAYS MIN <= 0 0 0.0 0.0 0
PRECIPITATION (INCHES)
RECORD
MAXIMUM 24.67 2011
MINIMUM 3.10 1930
TOTALS 12.19 11.71 0.48 16.05
DAILY AVG. 0.13 0.13 0.00 0.18
DAYS >= .01 28 30.7 -2.7 37
DAYS >= .10 20 18.2 1.8 19
DAYS >= .50 8 7.4 0.6 10
DAYS >= 1.00 3 2.8 0.2 6
GREATEST
24 HR. TOTAL 2.70 3.75 09/22 TO 09/23
STORM TOTAL 1.71 MM
(MM/DD(HH)) MM
SNOWFALL (INCHES)
RECORDS
TOTAL 13.8 1995
24 HR TOTAL 1.1 11/27/2021 TO 11/28/2021
SNOW DEPTH 1 11/28/2021
TOTALS 1.8 1.8 0.0 1.1
LIQUID EQUIV 0.20 0.00 0.20 0.10
SINCE 7/1 1.8 1.8 -0.0 MM
LIQUID 7/1 0.18 0.10 0.08 MM
SNOWDEPTH AVG. 0 0
DAYS >= TRACE 4 1.6 2.4 6
DAYS >= 1.0 1 0.6 0.4 0
GREATEST
SNOW DEPTH 1R 11/16 1 11/28
24 HR TOTAL MM 1.1 11/27 TO 11/28
STORM TOTAL 1.8 MM
(MM/DD(HH)) MM
DEGREE DAYS
HEATING TOTAL 1083 1165 -82 967
SINCE 7/1 1083 1172 -89 MM
COOLING TOTAL 99 88 11 121
SINCE 1/1 1005 798 207 MM
FREEZE DATES
RECORD
EARLIEST 09/22/1904
LATEST 05/25/1956
EARLIEST 03/01
LATEST 05/14
................................................................
WIND (MPH)
AVERAGE WIND SPEED 5.3
RESULTANT WIND SPEED/DIRECTION 2/260
HIGHEST WIND SPEED/DIRECTION 40/250 DATE 11/12
HIGHEST GUST SPEED/DIRECTION 51/270 DATE 11/12
SKY COVER
POSSIBLE SUNSHINE (PERCENT) MM
AVERAGE SKY COVER 0.46
NUMBER OF DAYS FAIR 38
NUMBER OF DAYS PC 32
NUMBER OF DAYS CLOUDY 21
WEATHER CONDITIONS. NUMBER OF DAYS WITH
THUNDERSTORM 5 MIXED PRECIP 0
HEAVY RAIN 14 RAIN 19
LIGHT RAIN 32 FREEZING RAIN 0
LT FREEZING RAIN 0 HAIL 0
HEAVY SNOW 0 SNOW 1
LIGHT SNOW 4 SLEET 0
FOG 49 FOG W/VIS <= 1/4 MILE 11
HAZE 2
- INDICATES NEGATIVE NUMBERS.
R INDICATES RECORD WAS SET OR TIED.
MM INDICATES DATA IS MISSING.
T INDICATES TRACE AMOUNT.
$$