000
CXUS52 TJSJ 011310
CF6ISX
PRELIMINARY LOCAL CLIMATOLOGICAL DATA (WS FORM: F-6)
STATION: HENRY E. ROHLSEN AP/ST CROIX
MONTH: NOVEMBER
YEAR: 2020
LATITUDE: 17 42 N
LONGITUDE: 64 48 W
TEMPERATURE IN F: :PCPN: SNOW: WIND :SUNSHINE: SKY :PK WND
================================================================================
1 2 3 4 5 6A 6B 7 8 9 10 11 12 13 14 15 16 17 18
12Z AVG MX 2MIN
DY MAX MIN AVG DEP HDD CDD WTR SNW DPTH SPD SPD DIR MIN PSBL S-S WX SPD DR
================================================================================
1 90 78 84 2 0 19 0.04 0.0 0 15.0 25 100 M M 4 1 32 110
2 89 78 84 3 0 19 T 0.0 0 13.4 21 100 M M 5 28 130
3 89 77 83 2 0 18 0.01 0.0 0 12.1 20 90 M M 5 25 100
4 90 76 83 2 0 18 0.10 0.0 0 12.3 22 80 M M 4 27 90
5 89 76 83 2 0 18 0.03 0.0 0 10.7 24 10 M M 4 31 90
6 88 75 82 1 0 17 T 0.0 0 8.8 17 110 M M 4 22 130
7 88 76 82 1 0 17 T 0.0 0 8.4 15 100 M M 4 20 110
8 89 76 83 2 0 18 T 0.0 0 9.7 18 90 M M 5 23 100
9 89 76 83 2 0 18 0.29 0.0 0 11.1 25 90 M M 6 1 32 100
10 81 75 78 -3 0 13 1.40 0.0 0 8.5 16 130 M M 9 1 21 130
11 85 75 80 -1 0 15 0.97 0.0 0 11.5 21 140 M M 8 1 27 140
12 88 74 81 0 0 16 0.17 0.0 0 12.4 23 80 M M 7 1 29 110
13 89 78 84 3 0 19 0.00 0.0 0 11.9 23 100 M M 3 37 90
14 88 75 82 1 0 17 T 0.0 0 9.7 21 90 M M 3 25 90
15 87 76 82 1 0 17 T 0.0 0 9.9 21 70 M M 3 27 70
16 88 73 81 0 0 16 0.12 0.0 M 9.6 22 100 M M 3 8 26 80
17 87 75 81 0 0 16 0.04 M M 10.0 22 90 M M 3 18 25 100
18 88 78 83 3 0 18 0.00 M M 9.0 15 100 M M 4 M M
19 M M M M M M M M M M M M M M M M M
20 84 81 83 3 0 18 0.00 M M 13.6 18 90 M M 4 28 90
21 84 79 82 2 0 17 0.00 M M 11.8 15 100 M M 4 18 90
22 86 81 84 4 0 19 0.00 M M 15.2 18 90 M M 5 24 100
23 86 81 84 4 0 19 0.00 M M 12.3 17 110 M M 4 23 110
24 86 79 83 3 0 18 0.00 M M 7.9 12 120 M M 3 M M
25 86 77 82 2 0 17 0.00 M M 7.5 12 120 M M 4 M M
26 84 73 79 -1 0 14 0.00 M M 7.7 10 50 M M 4 M M
27 86 73 80 0 0 15 0.00 M M 6.6 9 50 M M 3 M M
28 86 72 79 -1 0 14 0.00 M M 6.3 9 120 M M 2 M M
29 86 73 80 0 0 15 0.00 0.0 0 10.4 17 100 M M 3 17 70
30 86 72 79 -1 0 14 0.00 M M 10.1 15 40 M M 3 22 70
================================================================================
SM 2522 2208 0 489 3.17 0.0 303.3 M 123
================================================================================
AV 87.0 76.1 10.5 FASTST M M 4 MAX(MPH)
MISC ----> # 25 100 37 90
================================================================================
NOTES:
# LAST OF SEVERAL OCCURRENCES
COLUMN 17 PEAK WIND IN M.P.H.
PRELIMINARY LOCAL CLIMATOLOGICAL DATA (WS FORM: F-6) , PAGE 2
STATION: HENRY E. ROHLSEN AP/ST CROIX
MONTH: NOVEMBER
YEAR: 2020
LATITUDE: 17 42 N
LONGITUDE: 64 48 W
[TEMPERATURE DATA] [PRECIPITATION DATA] SYMBOLS USED IN COLUMN 16
AVERAGE MONTHLY: 81.6 TOTAL FOR MONTH: 3.17 1 = FOG OR MIST
DPTR FM NORMAL: 0.9 DPTR FM NORMAL: -2.29 2 = FOG REDUCING VISIBILITY
HIGHEST: 90 ON 4, 1 GRTST 24HR 1.45 ON 10-11 TO 1/4 MILE OR LESS
LOWEST: 72 ON 30,28 3 = THUNDER
SNOW, ICE PELLETS, HAIL 4 = ICE PELLETS
TOTAL MONTH: 0.0 INCH 5 = HAIL
GRTST 24HR 0.0 6 = FREEZING RAIN OR DRIZZLE
GRTST DEPTH: 0 7 = DUSTSTORM OR SANDSTORM:
VSBY 1/2 MILE OR LESS
8 = SMOKE OR HAZE
[NO. OF DAYS WITH] [WEATHER - DAYS WITH] 9 = BLOWING SNOW
X = TORNADO
MAX 32 OR BELOW: 0 0.01 INCH OR MORE: 10
MAX 90 OR ABOVE: 2 0.10 INCH OR MORE: 6
MIN 32 OR BELOW: 0 0.50 INCH OR MORE: 2
MIN 0 OR BELOW: 0 1.00 INCH OR MORE: 1
[HDD (BASE 65) ]
TOTAL THIS MO. 0 CLEAR (SCALE 0-3) 8
DPTR FM NORMAL 0 PTCLDY (SCALE 4-7) 20
TOTAL FM JUL 1 0 CLOUDY (SCALE 8-10) 2
DPTR FM NORMAL 0
[CDD (BASE 65) ]
TOTAL THIS MO. 489
DPTR FM NORMAL 19 [PRESSURE DATA]
TOTAL FM JAN 1 5816 HIGHEST SLP M ON M
DPTR FM NORMAL 419 LOWEST SLP 29.81 ON 6
[REMARKS]
#FINAL-11-20#