000
CXHW53 PHFO 011250
CF6ITO
PRELIMINARY LOCAL CLIMATOLOGICAL DATA (WS FORM: F-6)
STATION: HILO HI
MONTH: NOVEMBER
YEAR: 2023
LATITUDE: 19 43 N
LONGITUDE: 155 4 W
TEMPERATURE IN F: :PCPN: SNOW: WIND :SUNSHINE: SKY :PK WND
================================================================================
1 2 3 4 5 6A 6B 7 8 9 10 11 12 13 14 15 16 17 18
12Z AVG MX 2MIN
DY MAX MIN AVG DEP HDD CDD WTR SNW DPTH SPD SPD DIR MIN PSBL S-S WX SPD DR
================================================================================
1 86 67 77 2 0 12 0.01 M M 7.0 15 90 M M 5 22 100
2 87 67 77 2 0 12 0.00 M M 5.9 15 110 M M 4 22 70
3 87 68 78 3 0 13 T M M 6.6 13 40 M M 2 19 60
4 87 70 79 4 0 14 0.00 M M 5.8 15 90 M M 6 22 30
5 83 71 77 2 0 12 0.11 M M 5.8 14 70 M M 10 18 19 40
6 85 70 78 3 0 13 0.16 M M 5.3 18 90 M M 8 18 26 80
7 86 69 78 4 0 13 0.07 M M 5.4 17 110 M M 6 18 23 120
8 82 66 74 0 0 9 0.04 M M 6.0 13 130 M M 6 1 18 140
9 85 69 77 3 0 12 0.03 M M 7.6 17 110 M M 6 1 25 100
10 84 69 77 3 0 12 0.01 M M 6.0 21 110 M M 8 1 26 110
11 82 66 74 0 0 9 0.28 M M 6.4 17 90 M M 9 1 22 80
12 82 68 75 1 0 10 0.29 M M 6.1 22 80 M M 8 18 26 80
13 83 67 75 1 0 10 0.48 M M 5.8 16 90 M M 7 1 23 40
14 77 69 73 -1 0 8 0.58 M M 10.0 15 20 M M 10 1 30 40
15 81 68 75 1 0 10 0.35 M M 7.4 20 60 M M 9 1 27 50
16 79 65 72 -2 0 7 0.63 M M 6.6 16 40 M M 7 1 20 40
17 82 66 74 0 0 9 0.09 M M 6.7 14 10 M M 7 1 19 20
18 82 64 73 -1 0 8 T M M 7.4 18 120 M M 3 24 110
19 85 63 74 0 0 9 0.00 M M 6.8 14 10 M M 1 18 10
20 83 65 74 0 0 9 0.00 M M 6.3 12 40 M M 2 15 10
21 77 67 72 -2 0 7 0.08 M M 5.2 12 130 M M 8 1 14 120
22 83 70 77 3 0 12 0.02 M M 4.5 13 100 M M 8 1 18 110
23 83 68 76 2 0 11 0.14 M M 5.4 13 90 M M 4 1 17 30
24 83 69 76 3 0 11 0.02 M M 6.6 16 100 M M 7 1 23 90
25 80 70 75 2 0 10 0.04 M M 4.9 12 90 M M 9 18 16 50
26 81 66 74 1 0 9 0.02 M M 5.1 15 50 M M 6 19 10
27 81 67 74 1 0 9 0.05 M M 5.5 17 100 M M 5 1 21 110
28 83 67 75 2 0 10 0.16 M M 7.0 17 130 M M 8 1 22 120
29 81 71 76 3 0 11 1.27 M M 6.5 17 90 M M 9 1 23 100
30 75 70 73 0 0 8 6.24 M M 8.3 22 100 M M 9 1 32 90
================================================================================
SM 2475 2032 0 309 11.17 M 189.9 M 197
================================================================================
AV 82.5 67.7 6.3 FASTST M M 7 MAX(MPH)
MISC ----> # 22 80 32 90
================================================================================
NOTES:
# LAST OF SEVERAL OCCURRENCES
COLUMN 17 PEAK WIND IN M.P.H.
PRELIMINARY LOCAL CLIMATOLOGICAL DATA (WS FORM: F-6) , PAGE 2
STATION: HILO HI
MONTH: NOVEMBER
YEAR: 2023
LATITUDE: 19 43 N
LONGITUDE: 155 4 W
[TEMPERATURE DATA] [PRECIPITATION DATA] SYMBOLS USED IN COLUMN 16
AVERAGE MONTHLY: 75.1 TOTAL FOR MONTH: 11.17 1 = FOG OR MIST
DPTR FM NORMAL: 1.1 DPTR FM NORMAL: -3.22 2 = FOG REDUCING VISIBILITY
HIGHEST: 87 ON 4, 3 GRTST 24HR 6.25 ON 29-30 TO 1/4 MILE OR LESS
LOWEST: 63 ON 19 3 = THUNDER
SNOW, ICE PELLETS, HAIL 4 = ICE PELLETS
TOTAL MONTH: M 5 = HAIL
GRTST 24HR M ON M 6 = FREEZING RAIN OR DRIZZLE
GRTST DEPTH: M ON M 7 = DUSTSTORM OR SANDSTORM:
VSBY 1/2 MILE OR LESS
8 = SMOKE OR HAZE
[NO. OF DAYS WITH] [WEATHER - DAYS WITH] 9 = BLOWING SNOW
X = TORNADO
MAX 32 OR BELOW: 0 0.01 INCH OR MORE: 24
MAX 90 OR ABOVE: 0 0.10 INCH OR MORE: 12
MIN 32 OR BELOW: 0 0.50 INCH OR MORE: 4
MIN 0 OR BELOW: 0 1.00 INCH OR MORE: 2
[HDD (BASE 65) ]
TOTAL THIS MO. 0 CLEAR (SCALE 0-3) 3
DPTR FM NORMAL 0 PTCLDY (SCALE 4-7) 19
TOTAL FM JUL 1 0 CLOUDY (SCALE 8-10) 8
DPTR FM NORMAL 0
[CDD (BASE 65) ]
TOTAL THIS MO. 309
DPTR FM NORMAL 41 [PRESSURE DATA]
TOTAL FM JAN 1 3491 HIGHEST SLP 30.14 ON 16
DPTR FM NORMAL 434 LOWEST SLP 29.78 ON 29
[REMARKS]
#FINAL-11-23#