000
CXUS53 KGLD 040909
CLMITR
CLIMATE REPORT
NATIONAL WEATHER SERVICE
309 AM MDT WED OCT 04 2023
...................................
...THE BURLINGTON CO CLIMATE SUMMARY FOR THE MONTH OF SEPTEMBER 2023...
CLIMATE NORMAL PERIOD: 1991 TO 2020
CLIMATE RECORD PERIOD: 1896 TO 2023
WEATHER OBSERVED NORMAL DEPART LAST YEAR`S
VALUE DATE(S) VALUE FROM VALUE DATE(S)
NORMAL
................................................................
TEMPERATURE (F)
RECORD
HIGH 102 09/02/1960
LOW 20 09/30/1985
HIGHEST 99 09/01 95 4 101 09/06
09/02
LOWEST 40 09/24 35 5 36 09/11
AVG. MAXIMUM 84.9 79.6 5.3 86.0
AVG. MINIMUM 50.5 50.0 0.5 51.7
MEAN 67.7 64.8 2.9 68.9
DAYS MAX >= 90 10 7.0 3.0 13
DAYS MAX <= 32 0 0.0 0.0 0
DAYS MIN <= 32 0 0.2 -0.2 0
DAYS MIN <= 0 0 0.0 0.0 0
PRECIPITATION (INCHES)
RECORD
MAXIMUM 5.45 2013
MINIMUM 0.00 1974
TOTALS 0.21 1.21 -1.00 0.60
DAILY AVG. 0.01 0.04 -0.03 0.02
DAYS >= .01 4 5.6 -1.6 2
DAYS >= .10 0 2.7 -2.7 1
DAYS >= .50 0 0.7 -0.7 1
DAYS >= 1.00 0 0.1 -0.1 0
GREATEST
24 HR. TOTAL 0.11 09/10 TO 09/11 0.53
STORM TOTAL 0.09
(MM/DD(HH))
................................................................
- INDICATES NEGATIVE NUMBERS.
R INDICATES RECORD WAS SET OR TIED.
MM INDICATES DATA IS MISSING.
T INDICATES TRACE AMOUNT.
$$