000
CXUS53 KIWX 010910
CF6IWX
PRELIMINARY LOCAL CLIMATOLOGICAL DATA (WS FORM: F-6)
STATION: NORTH WEBSTER WFO
MONTH: DECEMBER
YEAR: 2021
LATITUDE: 41 21 N
LONGITUDE: 85 42 W
TEMPERATURE IN F: :PCPN: SNOW: WIND :SUNSHINE: SKY :PK WND
================================================================================
1 2 3 4 5 6A 6B 7 8 9 10 11 12 13 14 15 16 17 18
12Z AVG MX 2MIN
DY MAX MIN AVG DEP HDD CDD WTR SNW DPTH SPD SPD DIR MIN PSBL S-S WX SPD DR
================================================================================
1 46 28 37 3 28 0 T 0.0 0 M M M M M M M M
2 58 35 47 13 18 0 T 0.0 0 M M M M M M M M
3 44 31 38 4 27 0 T 0.0 0 M M M M M M 1 M M
4 47 25 36 3 29 0 0.00 0.0 0 M M M M M M 12 M M
5 52 31 42 9 23 0 0.64 0.0 0 M M M M M M 1 M M
6 47 19 33 0 32 0 T T 0 M M M M M M M M
7 23 14 19 -13 46 0 0.00 0.0 0 M M M M M M M M
8 30 21 26 -6 39 0 T T 0 M M M M M M M M
9 46 24 35 3 30 0 T T 0 M M M M M M M M
10 57 35 46 15 19 0 0.26 0.0 0 M M M M M M 123 M M
11 59 31 45 14 20 0 0.78 0.0 0 M M M M M 0 3 M M
12 46 29 38 7 27 0 0.00 0.0 0 M M M M M M M M
13 48 31 40 10 25 0 0.00 0.0 0 M M M M M M M M
14 52 32 42 12 23 0 0.00 0.0 0 M M M M M M M M
15 61 45 53 23 12 0 0.13 0.0 0 M M M M M M M M
16 59 33 46 16 19 0 T 0.0 0 M M M M M M M M
17 39 25 32 3 33 0 0.02 0.0 0 M M M M M M M M
18 36 29 33 4 32 0 0.37 T 0 M M M M M M M M
19 35 28 32 3 33 0 T T 0 M M M M M M M M
20 40 26 33 5 32 0 0.00 0.0 0 M M M M M M M M
21 41 25 33 5 32 0 0.00 0.0 0 M M M M M M 18 M M
22 30 21 26 -2 39 0 T T 0 M M M M M M M M
23 40 21 31 3 34 0 0.00 0.0 0 M M M M M M M M
24 56 37 47 19 18 0 T 0.0 0 M M M M M M M M
25 57 30 44 17 21 0 0.05 0.0 0 M M M M M M M M
26 38 26 32 5 33 0 T T 0 M M M M M M M M
27 45 33 39 12 26 0 0.41 0.0 0 M M M M M M 12 M M
28 38 30 34 7 31 0 0.52 2.8 2 M M M M M M 12 M M
29 35 31 33 7 32 0 T 0.0 1 M M M M M M 1 M M
30 37 29 33 7 32 0 T T 1 M M M M M M 1 M M
31 47 36 42 16 23 0 T 0.0 0 M M M M M M 18 M M
================================================================================
SM 1389 891 868 0 3.18 2.8 M M 0
================================================================================
AV 44.8 28.7 M FASTST M M 0 MAX(MPH)
MISC ----> M M M M
================================================================================
NOTES:
# LAST OF SEVERAL OCCURRENCES
COLUMN 17 PEAK WIND IN M.P.H.
PRELIMINARY LOCAL CLIMATOLOGICAL DATA (WS FORM: F-6) , PAGE 2
STATION: NORTH WEBSTER WFO
MONTH: DECEMBER
YEAR: 2021
LATITUDE: 41 21 N
LONGITUDE: 85 42 W
[TEMPERATURE DATA] [PRECIPITATION DATA] SYMBOLS USED IN COLUMN 16
AVERAGE MONTHLY: 36.8 TOTAL FOR MONTH: 3.18 1 = FOG OR MIST
DPTR FM NORMAL: 7.0 DPTR FM NORMAL: 0.61 2 = FOG REDUCING VISIBILITY
HIGHEST: 61 ON 15 GRTST 24HR 0.78 ON 11-11 TO 1/4 MILE OR LESS
LOWEST: 14 ON 7 3 = THUNDER
SNOW, ICE PELLETS, HAIL 4 = ICE PELLETS
TOTAL MONTH: 2.8 INCHES 5 = HAIL
GRTST 24HR 2.8 ON 28-28 6 = FREEZING RAIN OR DRIZZLE
GRTST DEPTH: 2 ON 28 7 = DUSTSTORM OR SANDSTORM:
VSBY 1/2 MILE OR LESS
8 = SMOKE OR HAZE
[NO. OF DAYS WITH] [WEATHER - DAYS WITH] 9 = BLOWING SNOW
X = TORNADO
MAX 32 OR BELOW: 3 0.01 INCH OR MORE: 9
MAX 90 OR ABOVE: 0 0.10 INCH OR MORE: 7
MIN 32 OR BELOW: 24 0.50 INCH OR MORE: 3
MIN 0 OR BELOW: 0 1.00 INCH OR MORE: 0
[HDD (BASE 65) ]
TOTAL THIS MO. 868 CLEAR (SCALE 0-3) 1
DPTR FM NORMAL -223 PTCLDY (SCALE 4-7) 0
TOTAL FM JUL 1 1900 CLOUDY (SCALE 8-10) 30
DPTR FM NORMAL -424
[CDD (BASE 65) ]
TOTAL THIS MO. 0
DPTR FM NORMAL 0 [PRESSURE DATA]
TOTAL FM JAN 1 927 HIGHEST SLP M ON M
DPTR FM NORMAL 183 LOWEST SLP M ON M
[REMARKS]
#FINAL-12-21#