000
CXUS54 KJAN 011444
CLMJAN
CLIMATE REPORT
NATIONAL WEATHER SERVICE JACKSON MS
944 AM CDT FRI SEP 01 2023
...................................
...THE JACKSON CLIMATE SUMMARY FOR THE MONTH OF AUGUST 2023...
CLIMATE NORMAL PERIOD: 1991 TO 2020
CLIMATE RECORD PERIOD: 1896 TO 2023
WEATHER OBSERVED NORMAL DEPART LAST YEAR`S
VALUE DATE(S) VALUE FROM VALUE DATE(S)
NORMAL
................................................................
TEMPERATURE (F)
RECORD
HIGH 107 08/30/2000
LOW 54 08/15/2004
08/14/2004
08/23/1956
HIGHEST 106 08/24 99 7 98 08/16
LOWEST 64 08/17 63 1 70 08/19
08/24
AVG. MAXIMUM 100.3 92.2 8.1 89.1
AVG. MINIMUM 75.3 71.5 3.8 72.1
MEAN 87.8 81.8 6.0 80.6
DAYS MAX >= 90 31 23.4 7.6 18
DAYS MAX <= 32 0 0.0 0.0 0
DAYS MIN <= 32 0 0.0 0.0 0
DAYS MIN <= 0 0 0.0 0.0 0
PRECIPITATION (INCHES)
RECORD
MAXIMUM 12.75 2022
MINIMUM 0.23 1946
TOTALS 0.07R 4.69 -4.62 12.75
DAILY AVG. 0.00 0.15 -0.15 0.41
DAYS >= .01 1 10.6 -9.6 16
DAYS >= .10 0 6.4 -6.4 11
DAYS >= .50 0 2.7 -2.7 4
DAYS >= 1.00 0 1.4 -1.4 3
GREATEST
24 HR. TOTAL 0.07 08/24 TO 08/24 6.78
SNOWFALL (INCHES)
RECORDS
TOTAL T 2001
TOTALS 0.0 0.0 0.0 0.0
SINCE 7/1 0.0 0.0 0.0 MM
DAYS >= TRACE 0
DAYS >= 1.0 0 0.0 0.0 0
GREATEST
24 HR TOTAL MM
DEGREE DAYS
HEATING TOTAL 0 0 0 0
SINCE 7/1 0 0 0 MM
COOLING TOTAL 714 522 192 489
SINCE 1/1 2354 1888 466 MM
................................................................
WIND (MPH)
AVERAGE WIND SPEED 5.7
HIGHEST WIND SPEED/DIRECTION 33/100 DATE 08/24
HIGHEST GUST SPEED/DIRECTION 47/110 DATE 08/24
SKY COVER
POSSIBLE SUNSHINE (PERCENT) MM
AVERAGE SKY COVER 0.17
NUMBER OF DAYS FAIR 26
NUMBER OF DAYS PC 5
NUMBER OF DAYS CLOUDY 0
AVERAGE RH (PERCENT) 59
WEATHER CONDITIONS. NUMBER OF DAYS WITH
THUNDERSTORM 3 MIXED PRECIP 0
HEAVY RAIN 0 RAIN 0
LIGHT RAIN 3 FREEZING RAIN 0
LT FREEZING RAIN 0 HAIL 0
HEAVY SNOW 0 SNOW 0
LIGHT SNOW 0 SLEET 0
FOG 1 FOG W/VIS <= 1/4 MILE 0
HAZE 1
- INDICATES NEGATIVE NUMBERS.
R INDICATES RECORD WAS SET OR TIED.
MM INDICATES DATA IS MISSING.
T INDICATES TRACE AMOUNT.
$$