000
CXUS54 KSJT 011000
CF6JCT
PRELIMINARY LOCAL CLIMATOLOGICAL DATA (WS FORM: F-6)
STATION: JUNCTION
MONTH: MARCH
YEAR: 2022
LATITUDE: 30 18 N
LONGITUDE: 99 28 W
TEMPERATURE IN F: :PCPN: SNOW: WIND :SUNSHINE: SKY :PK WND
================================================================================
1 2 3 4 5 6A 6B 7 8 9 10 11 12 13 14 15 16 17 18
12Z AVG MX 2MIN
DY MAX MIN AVG DEP HDD CDD WTR SNW DPTH SPD SPD DIR MIN PSBL S-S WX SPD DR
================================================================================
1 76 29 53 -2 12 0 0.00 0.0 0 3.7 12 150 M M 0 17 150
2 77 36 57 1 8 0 0.00 0.0 0 3.5 12 120 M M 0 8 21 140
3 79 39 59 3 6 0 0.00 0.0 0 5.1 15 150 M M 0 8 23 150
4 80 58 69 13 0 4 0.00 0.0 0 11.5 23 170 M M 6 38 170
5 82 62 72 16 0 7 0.00 0.0 0 9.1 22 170 M M 6 31 170
6 77 45 61 4 4 0 0.05 0.0 0 11.6 25 10 M M 8 18 34 350
7 58 36 47 -10 18 0 T 0.0 0 10.8 20 30 M M 6 29 50
8 61 37 49 -8 16 0 0.00 0.0 0 7.1 15 70 M M 5 21 70
9 68 27 48 -9 17 0 0.00 0.0 0 6.0 15 140 M M 0 8 20 110
10 77 30 54 -4 11 0 0.00 0.0 0 5.2 15 170 M M 0 22 180
11 58 32 45 -13 20 0 T 0.0 0 13.5 23 360 M M 7 8 35 340
12 60 19 40 -18 25 0 0.00 0.0 0 4.9 14 200 M M 0 8 19 190
13 66 20 43 -15 22 0 0.00 0.0 0 8.3 22 160 M M 0 8 32 150
14 82 52 67 8 0 2 0.00 0.0 0 13.6 25 320 M M 4 8 40 280
15 77 41 59 0 6 0 0.00 0.0 0 8.2 21 320 M M 0 30 320
16 85 30 58 -1 7 0 0.00 0.0 0 7.4 21 160 M M 0 8 30 170
17 88 53 71 11 0 6 0.00 0.0 0 10.5 21 260 M M 1 8 41 250
18 71 43 57 -3 8 0 0.00 0.0 0 10.2 23 330 M M 1 8 33 320
19 80 33 57 -3 8 0 0.00 0.0 0 5.1 15 160 M M 0 20 180
20 80 38 59 -1 6 0 0.00 0.0 0 12.0 26 130 M M 0 8 37 140
21 83 61 72 11 0 7 T 0.0 0 13.5 28 180 M M 5 8 41 160
22 65 42 54 -7 11 0 0.00 0.0 0 14.0 25 310 M M 2 36 320
23 69 36 53 -8 12 0 0.00 0.0 0 9.1 24 310 M M 0 8 35 300
24 79 31 55 -7 10 0 0.00 0.0 0 8.3 25 320 M M 0 8 38 330
25 90 33 62 0 3 0 0.00 0.0 0 4.4 15 170 M M 0 8 19 170
26 92 42 67 5 0 2 0.00 0.0 0 7.8 21 200 M M 0 8 30 210
27 92 59 76 14 0 11 0.00 0.0 0 8.3 20 190 M M 0 8 29 180
28 91 57 74 11 0 9 0.00 0.0 0 9.3 21 160 M M 0 30 180
29 82 63 73 10 0 8 0.00 0.0 0 12.4 22 170 M M 1 8 34 170
30 76 47 62 -1 3 0 0.07 0.0 0 12.2 29 310 M M 3 8 45 290
31 78 40 59 -5 6 0 0.00 0.0 0 4.3 20 340 M M 0 25 320
================================================================================
SM 2379 1271 239 56 0.12 0.0 270.9 M 55
================================================================================
AV 76.7 41.0 8.7 FASTST M M 2 MAX(MPH)
MISC ----> 29 310 45 290
================================================================================
NOTES:
# LAST OF SEVERAL OCCURRENCES
COLUMN 17 PEAK WIND IN M.P.H.
PRELIMINARY LOCAL CLIMATOLOGICAL DATA (WS FORM: F-6) , PAGE 2
STATION: JUNCTION
MONTH: MARCH
YEAR: 2022
LATITUDE: 30 18 N
LONGITUDE: 99 28 W
[TEMPERATURE DATA] [PRECIPITATION DATA] SYMBOLS USED IN COLUMN 16
AVERAGE MONTHLY: 58.9 TOTAL FOR MONTH: 0.12 1 = FOG OR MIST
DPTR FM NORMAL: -0.5 DPTR FM NORMAL: -1.90 2 = FOG REDUCING VISIBILITY
HIGHEST: 92 ON 27,26 GRTST 24HR 0.07 ON 30-30 TO 1/4 MILE OR LESS
LOWEST: 19 ON 12 3 = THUNDER
SNOW, ICE PELLETS, HAIL 4 = ICE PELLETS
TOTAL MONTH: 0.0 INCH 5 = HAIL
GRTST 24HR 0.0 6 = FREEZING RAIN OR DRIZZLE
GRTST DEPTH: 0 7 = DUSTSTORM OR SANDSTORM:
VSBY 1/2 MILE OR LESS
8 = SMOKE OR HAZE
[NO. OF DAYS WITH] [WEATHER - DAYS WITH] 9 = BLOWING SNOW
X = TORNADO
MAX 32 OR BELOW: 0 0.01 INCH OR MORE: 2
MAX 90 OR ABOVE: 4 0.10 INCH OR MORE: 0
MIN 32 OR BELOW: 8 0.50 INCH OR MORE: 0
MIN 0 OR BELOW: 0 1.00 INCH OR MORE: 0
[HDD (BASE 65) ]
TOTAL THIS MO. 239 CLEAR (SCALE 0-3) 23
DPTR FM NORMAL 23 PTCLDY (SCALE 4-7) 8
TOTAL FM JUL 1 1772 CLOUDY (SCALE 8-10) 0
DPTR FM NORMAL -210
[CDD (BASE 65) ]
TOTAL THIS MO. 56
DPTR FM NORMAL 15 [PRESSURE DATA]
TOTAL FM JAN 1 63 HIGHEST SLP 30.54 ON 12
DPTR FM NORMAL 12 LOWEST SLP 29.41 ON 29
[REMARKS]
#FINAL-03-22#