000
CXUS55 KBOI 011002
CF6JER
PRELIMINARY LOCAL CLIMATOLOGICAL DATA (WS FORM: F-6)
STATION: JEROME ID
MONTH: JUNE
YEAR: 2022
LATITUDE: 42 43 N
LONGITUDE: 114 27 W
TEMPERATURE IN F: :PCPN: SNOW: WIND :SUNSHINE: SKY :PK WND
================================================================================
1 2 3 4 5 6A 6B 7 8 9 10 11 12 13 14 15 16 17 18
12Z AVG MX 2MIN
DY MAX MIN AVG DEP HDD CDD WTR SNW DPTH SPD SPD DIR MIN PSBL S-S WX SPD DR
================================================================================
1 75 42 59 -2 6 0 0.00 M M 7.4 15 110 M M 0 19 90
2 81 50 66 5 0 1 0.00 M M 10.9 20 70 M M 1 26 70
3 81 56 69 7 0 4 0.00 M M 8.5 20 90 M M 1 26 90
4 68 52 60 -2 5 0 T M M 8.9 21 290 M M 5 30 280
5 70 51 61 -1 4 0 0.62 M M 7.7 25 210 M M 7 13 33 220
6 70 48 59 -3 6 0 0.00 M M 10.9 21 280 M M 1 1 27 270
7 74 51 63 0 2 0 0.00 M M 6.4 13 290 M M 2 19 290
8 79 49 64 1 1 0 T M M 11.6 22 80 M M 2 29 60
9 83 55 69 6 0 4 0.00 0.0 0 5.3 10 290 M M 0 14 290
10 87 57 72 9 0 7 0.00 0.0 0 6.2 16 120 M M 0 19 120
11 88 62 75 11 0 10 0.00 0.0 0 8.1 18 270 M M 0 25 270
12 65 53 59 -5 6 0 0.19 M M 9.4 22 270 M M 7 1 30 280
13 59 44 52 -12 13 0 0.01 M M 19.7 32 280 M M 3 46 280
14 63 40 52 -13 13 0 T M M 14.9 28 290 M M 2 8 45 280
15 75 39 57 -8 8 0 0.00 M M 7.0 17 80 M M 0 23 70
16 96 50 73 8 0 8 0.00 M M 14.5 25 70 M M 0 35 60
17 92 54 73 7 0 8 0.00 M M 16.1 31 270 M M 0 40 260
18 76 51 64 -2 1 0 0.00 M M 12.0 23 280 M M 0 32 300
19 68 47 58 -8 7 0 0.00 M M 19.5 33 270 M M 1 44 270
20 72 46 59 -8 6 0 0.00 M M 12.5 23 280 M M 0 31 280
21 81 44 63 -4 2 0 0.00 M M 5.1 14 110 M M 0 17 120
22 90 48 69 2 0 4 0.00 M M 5.4 14 110 M M 0 18 120
23 88 54 71 3 0 6 T M M 10.7 35 180 M M 0 8 48 180
24 81 55 68 0 0 3 0.00 M M 14.1 25 290 M M 0 35 280
25 84 51 68 0 0 3 0.00 M M 9.4 20 120 M M 0 27 110
26 89 55 72 3 0 7 0.00 M M 10.4 20 90 M M 0 26 80
27 96 57 77 8 0 12 0.00 M M 8.1 16 70 M M 0 20 70
28 96 64 80 10 0 15 T M M 8.7 18 50 M M 0 8 25 40
29 85 61 73 3 0 8 0.00 M M 12.6 21 300 M M 0 30 270
30 89 55 72 2 0 7 0.00 M M 5.2 13 160 M M 0 17 160
================================================================================
SM 2401 1541 80 107 0.82 0.0 307.2 M 32
================================================================================
AV 80.0 51.4 10.2 FASTST M M 1 MAX(MPH)
MISC ----> 35 180 48 180
================================================================================
NOTES:
# LAST OF SEVERAL OCCURRENCES
COLUMN 17 PEAK WIND IN M.P.H.
PRELIMINARY LOCAL CLIMATOLOGICAL DATA (WS FORM: F-6) , PAGE 2
STATION: JEROME ID
MONTH: JUNE
YEAR: 2022
LATITUDE: 42 43 N
LONGITUDE: 114 27 W
[TEMPERATURE DATA] [PRECIPITATION DATA] SYMBOLS USED IN COLUMN 16
AVERAGE MONTHLY: 65.7 TOTAL FOR MONTH: 0.82 1 = FOG OR MIST
DPTR FM NORMAL: 0.4 DPTR FM NORMAL: 0.20 2 = FOG REDUCING VISIBILITY
HIGHEST: 96 ON 28,27 GRTST 24HR 0.62 ON 5- 5 TO 1/4 MILE OR LESS
LOWEST: 39 ON 15 3 = THUNDER
SNOW, ICE PELLETS, HAIL 4 = ICE PELLETS
TOTAL MONTH: 0.0 INCH 5 = HAIL
GRTST 24HR 0.0 6 = FREEZING RAIN OR DRIZZLE
GRTST DEPTH: 0 7 = DUSTSTORM OR SANDSTORM:
VSBY 1/2 MILE OR LESS
8 = SMOKE OR HAZE
[NO. OF DAYS WITH] [WEATHER - DAYS WITH] 9 = BLOWING SNOW
X = TORNADO
MAX 32 OR BELOW: 0 0.01 INCH OR MORE: 3
MAX 90 OR ABOVE: 5 0.10 INCH OR MORE: 2
MIN 32 OR BELOW: 0 0.50 INCH OR MORE: 1
MIN 0 OR BELOW: 0 1.00 INCH OR MORE: 0
[HDD (BASE 65) ]
TOTAL THIS MO. 80 CLEAR (SCALE 0-3) 26
DPTR FM NORMAL -9 PTCLDY (SCALE 4-7) 4
TOTAL FM JUL 1 6396 CLOUDY (SCALE 8-10) 0
DPTR FM NORMAL 324
[CDD (BASE 65) ]
TOTAL THIS MO. 107
DPTR FM NORMAL 9 [PRESSURE DATA]
TOTAL FM JAN 1 118 HIGHEST SLP 30.30 ON 21
DPTR FM NORMAL -1 LOWEST SLP 29.46 ON 17
[REMARKS]
#FINAL-06-22#