000
CXUS51 KOKX 010910
CF6JFK
PRELIMINARY LOCAL CLIMATOLOGICAL DATA (WS FORM: F-6)
STATION: KENNEDY NY
MONTH: OCTOBER
YEAR: 2022
LATITUDE: 40 39 N
LONGITUDE: 73 47 W
TEMPERATURE IN F: :PCPN: SNOW: WIND :SUNSHINE: SKY :PK WND
================================================================================
1 2 3 4 5 6A 6B 7 8 9 10 11 12 13 14 15 16 17 18
12Z AVG MX 2MIN
DY MAX MIN AVG DEP HDD CDD WTR SNW DPTH SPD SPD DIR MIN PSBL S-S WX SPD DR
================================================================================
1 60 53 57 -6 8 0 0.89 0.0 0 17.0 25 50 M M 10 1 32 20
2 60 50 55 -7 10 0 0.19 0.0 0 20.6 31 50 M M 10 18 38 50
3 52 49 51 -11 14 0 0.78 0.0 0 17.6 26 30 M M 10 1 34 30
4 56 47 52 -10 13 0 1.38 0.0 0 18.4 25 30 M M 10 13 32 40
5 60 55 58 -3 7 0 0.55 0.0 0 12.4 21 30 M M 9 13 30 20
6 76 52 64 3 1 0 0.00 0.0 0 6.5 14 340 M M 5 17 340
7 76 56 66 5 0 1 T 0.0 0 11.0 23 330 M M 4 26 330
8 61 46 54 -6 11 0 0.04 0.0 0 10.8 22 310 M M 6 28 350
9 64 45 55 -5 10 0 0.00 0.0 0 11.4 21 270 M M 1 24 270
10 68 48 58 -1 7 0 0.00 0.0 0 9.5 17 230 M M 3 21 210
11 73 51 62 3 3 0 0.00 0.0 0 8.3 17 180 M M 0 20 190
12 68 52 60 1 5 0 0.00 0.0 0 9.6 20 170 M M 5 1 25 170
13 68 55 62 4 3 0 1.11 0.0 0 14.4 22 330 M M 9 13 28 150
14 69 51 60 2 5 0 0.11 0.0 0 8.5 24 340 M M 5 1 29 340
15 68 47 58 0 7 0 0.00 0.0 0 8.9 23 170 M M 1 26 170
16 66 52 59 2 6 0 0.00 0.0 0 6.6 13 220 M M 5 16 230
17 67 54 61 4 4 0 0.08 0.0 0 9.6 20 300 M M 9 1 25 290
18 58 48 53 -3 12 0 T 0.0 0 12.0 20 270 M M 6 24 270
19 56 43 50 -6 15 0 0.00 0.0 0 14.9 24 260 M M 2 29 260
20 61 44 53 -3 12 0 0.00 0.0 0 16.8 25 260 M M 1 30 260
21 64 43 54 -1 11 0 0.00 0.0 0 6.3 16 200 M M 1 19 190
22 65 43 54 -1 11 0 0.00 0.0 0 4.2 10 160 M M 4 13 160
23 61 55 58 3 7 0 0.03 0.0 0 10.7 21 30 M M 10 27 40
24 64 55 60 6 5 0 0.37 0.0 0 9.2 16 40 M M 10 1 19 30
25 73 62 68 14 0 3 T 0.0 0 5.8 13 100 M M 9 12 15 140
26 71 60 66 12 0 1 0.00 0.0 0 6.2 17 250 M M 8 128 20 270
27 67 51 59 6 6 0 0.00 0.0 0 15.2 25 340 M M 1 32 360
28 59 46 53 0 12 0 0.00 0.0 0 10.0 22 360 M M 5 26 360
29 61 42 52 0 13 0 0.00 0.0 0 6.1 15 20 M M 3 20 360
30 62 38 50 -2 15 0 0.00 0.0 0 3.0 9 160 M M 4 1 11 210
31 64 49 57 5 8 0 0.08 0.0 0 5.8 13 190 M M 8 1 15 190
================================================================================
SM 1998 1542 241 5 5.61 0.0 327.3 M 174
================================================================================
AV 64.5 49.7 10.6 FASTST M M 6 MAX(MPH)
MISC ----> 31 50 38 50
================================================================================
NOTES:
# LAST OF SEVERAL OCCURRENCES
COLUMN 17 PEAK WIND IN M.P.H.
PRELIMINARY LOCAL CLIMATOLOGICAL DATA (WS FORM: F-6) , PAGE 2
STATION: KENNEDY NY
MONTH: OCTOBER
YEAR: 2022
LATITUDE: 40 39 N
LONGITUDE: 73 47 W
[TEMPERATURE DATA] [PRECIPITATION DATA] SYMBOLS USED IN COLUMN 16
AVERAGE MONTHLY: 57.1 TOTAL FOR MONTH: 5.61 1 = FOG OR MIST
DPTR FM NORMAL: -0.1 DPTR FM NORMAL: 1.89 2 = FOG REDUCING VISIBILITY
HIGHEST: 76 ON 7, 6 GRTST 24HR 2.06 ON 3- 4 TO 1/4 MILE OR LESS
LOWEST: 38 ON 30 3 = THUNDER
SNOW, ICE PELLETS, HAIL 4 = ICE PELLETS
TOTAL MONTH: 0.0 INCH 5 = HAIL
GRTST 24HR 0.0 6 = FREEZING RAIN OR DRIZZLE
GRTST DEPTH: 0 7 = DUSTSTORM OR SANDSTORM:
VSBY 1/2 MILE OR LESS
8 = SMOKE OR HAZE
[NO. OF DAYS WITH] [WEATHER - DAYS WITH] 9 = BLOWING SNOW
X = TORNADO
MAX 32 OR BELOW: 0 0.01 INCH OR MORE: 12
MAX 90 OR ABOVE: 0 0.10 INCH OR MORE: 8
MIN 32 OR BELOW: 0 0.50 INCH OR MORE: 5
MIN 0 OR BELOW: 0 1.00 INCH OR MORE: 2
[HDD (BASE 65) ]
TOTAL THIS MO. 241 CLEAR (SCALE 0-3) 8
DPTR FM NORMAL -14 PTCLDY (SCALE 4-7) 11
TOTAL FM JUL 1 261 CLOUDY (SCALE 8-10) 12
DPTR FM NORMAL -28
[CDD (BASE 65) ]
TOTAL THIS MO. 5
DPTR FM NORMAL -10 [PRESSURE DATA]
TOTAL FM JAN 1 1297 HIGHEST SLP M ON M
DPTR FM NORMAL 281 LOWEST SLP 29.59 ON 17
[REMARKS]
#FINAL-10-22#